000
CXUS55 KPSR 011005
CF6DVT
PRELIMINARY LOCAL CLIMATOLOGICAL DATA (WS FORM: F-6)
STATION: DEER VLY/PHOENIX AZ
MONTH: DECEMBER
YEAR: 2022
LATITUDE: 33 41 N
LONGITUDE: 112 4 W
TEMPERATURE IN F: :PCPN: SNOW: WIND :SUNSHINE: SKY :PK WND
================================================================================
1 2 3 4 5 6A 6B 7 8 9 10 11 12 13 14 15 16 17 18
12Z AVG MX 2MIN
DY MAX MIN AVG DEP HDD CDD WTR SNW DPTH SPD SPD DIR MIN PSBL S-S WX SPD DR
================================================================================
1 70 43 57 1 8 0 0.00 M M 3.1 10 180 M M 0 15 160
2 67 50 59 3 6 0 0.00 M M 2.9 9 100 M M 0 12 90
3 59 48 54 -1 11 0 0.40 M M 2.6 12 30 M M 5 1 14 120
4 65 57 61 6 4 0 0.26 M M 2.0 8 90 M M 9 1 12 90
5 67 55 61 6 4 0 0.00 M M 3.8 12 250 M M 7 12 17 240
6 66 54 60 6 5 0 0.00 M M 2.6 10 220 M M 4 13 220
7 63 47 55 1 10 0 0.00 M M 3.5 10 250 M M 5 19 240
8 65 44 55 1 10 0 0.00 M M 4.0 13 40 M M 0 17 40
9 63 42 53 -1 12 0 0.00 M M 2.2 8 50 M M 0 12 220
10 64 39 52 -1 13 0 0.00 M M 1.4 9 50 M M 0 12 50
11 65 40 53 0 12 0 0.00 M M 4.8 13 150 M M 0 17 180
12 56 43 50 -3 15 0 0.19 M M 6.1 23 290 M M 8 1 29 290
13 51 37 44 -9 21 0 0.01 M M 3.0 14 290 M M 6 19 290
14 52 33 43 -10 22 0 0.00 M M 2.8 10 60 M M 0 14 60
15 55 34 45 -8 20 0 0.00 M M 2.2 12 40 M M 0 14 50
16 60 37 49 -4 16 0 0.00 M M 4.7 10 30 M M 0 16 70
17 62 34 48 -4 17 0 0.00 M M 5.0 12 40 M M 0 14 40
18 57 39 48 -4 17 0 0.00 M M 3.0 10 240 M M 3 13 210
19 60 36 48 -4 17 0 0.00 M M 3.2 8 40 M M 0 11 50
20 62 40 51 -1 14 0 0.00 M M 2.4 12 40 M M 0 15 50
21 63 36 50 -2 15 0 0.00 M M 2.6 12 50 M M 0 14 50
22 62 38 50 -2 15 0 0.00 M M 2.6 10 50 M M 0 14 50
23 66 43 55 3 10 0 0.00 M M 2.2 10 40 M M 0 13 40
24 68 41 55 2 10 0 0.00 M M 2.6 9 60 M M 0 12 100
25 72 45 59 6 6 0 0.00 M M 3.2 12 120 M M 0 14 120
26 73 47 60 7 5 0 0.00 M M 4.5 13 40 M M 0 17 40
27 70 46 58 5 7 0 0.00 M M 3.5 10 180 M M 0 14 190
28 60 48 54 1 11 0 0.57 M M 4.4 15 360 M M 8 1 22 360
29 60 47 54 1 11 0 0.09 M M 3.1 12 290 M M 5 1 16 150
30 58 50 54 1 11 0 0.01 M M 3.4 8 180 M M 9 1 11 160
31 63 49 56 3 9 0 0.00 M M 3.8 12 150 M M 6 15 150
================================================================================
SM 1944 1342 364 0 1.53 M 101.2 M 75
================================================================================
AV 62.7 43.3 3.3 FASTST M M 2 MAX(MPH)
MISC ----> 23 290 29 290
================================================================================
NOTES:
# LAST OF SEVERAL OCCURRENCES
COLUMN 17 PEAK WIND IN M.P.H.
PRELIMINARY LOCAL CLIMATOLOGICAL DATA (WS FORM: F-6) , PAGE 2
STATION: DEER VLY/PHOENIX AZ
MONTH: DECEMBER
YEAR: 2022
LATITUDE: 33 41 N
LONGITUDE: 112 4 W
[TEMPERATURE DATA] [PRECIPITATION DATA] SYMBOLS USED IN COLUMN 16
AVERAGE MONTHLY: 53.0 TOTAL FOR MONTH: 1.53 1 = FOG OR MIST
DPTR FM NORMAL: -0.3 DPTR FM NORMAL: 0.72 2 = FOG REDUCING VISIBILITY
HIGHEST: 73 ON 26 GRTST 24HR 0.66 ON 3- 4 TO 1/4 MILE OR LESS
LOWEST: 33 ON 14 3 = THUNDER
SNOW, ICE PELLETS, HAIL 4 = ICE PELLETS
TOTAL MONTH: M 5 = HAIL
GRTST 24HR M ON M 6 = FREEZING RAIN OR DRIZZLE
GRTST DEPTH: M ON M 7 = DUSTSTORM OR SANDSTORM:
VSBY 1/2 MILE OR LESS
8 = SMOKE OR HAZE
[NO. OF DAYS WITH] [WEATHER - DAYS WITH] 9 = BLOWING SNOW
X = TORNADO
MAX 32 OR BELOW: 0 0.01 INCH OR MORE: 7
MAX 90 OR ABOVE: 0 0.10 INCH OR MORE: 4
MIN 32 OR BELOW: 0 0.50 INCH OR MORE: 1
MIN 0 OR BELOW: 0 1.00 INCH OR MORE: 0
[HDD (BASE 65) ]
TOTAL THIS MO. 364 CLEAR (SCALE 0-3) 19
DPTR FM NORMAL 1 PTCLDY (SCALE 4-7) 9
TOTAL FM JUL 1 597 CLOUDY (SCALE 8-10) 3
DPTR FM NORMAL 95
[CDD (BASE 65) ]
TOTAL THIS MO. 0
DPTR FM NORMAL -1 [PRESSURE DATA]
TOTAL FM JAN 1 4163 HIGHEST SLP 30.29 ON 24
DPTR FM NORMAL 200 LOWEST SLP 29.72 ON 12
[REMARKS]
#FINAL-12-22#