000
CXUS55 KPSR 011005
CF6DVT
PRELIMINARY LOCAL CLIMATOLOGICAL DATA (WS FORM: F-6)
STATION: DEER VLY/PHOENIX AZ
MONTH: AUGUST
YEAR: 2022
LATITUDE: 33 41 N
LONGITUDE: 112 4 W
TEMPERATURE IN F: :PCPN: SNOW: WIND :SUNSHINE: SKY :PK WND
================================================================================
1 2 3 4 5 6A 6B 7 8 9 10 11 12 13 14 15 16 17 18
12Z AVG MX 2MIN
DY MAX MIN AVG DEP HDD CDD WTR SNW DPTH SPD SPD DIR MIN PSBL S-S WX SPD DR
================================================================================
1 101 83 92 0 0 27 0.00 M M 6.1 14 250 M M 0 21 250
2 104 85 95 3 0 30 0.00 M M 7.6 16 270 M M 0 26 250
3 98 87 93 1 0 28 0.00 M M 6.2 16 140 M M 0 24 150
4 91 73 82 -10 0 17 0.29 M M 6.6 23 180 M M 2 13 34 160
5 100 78 89 -3 0 24 0.00 M M 3.8 14 260 M M 0 18 270
6 106 82 94 2 0 29 0.00 M M 3.7 14 280 M M 0 19 250
7 102 85 94 2 0 29 T M M 8.2 28 350 M M 2 8 38 360
8 101 84 93 1 0 28 0.00 M M 6.8 15 260 M M 0 23 240
9 97 73 85 -7 0 20 0.04 M M 6.7 35 160 M M 2 38 52 150
10 100 83 92 0 0 27 0.00 M M 7.9 26 310 M M 0 33 310
11 102 82 92 0 0 27 0.00 M M 5.3 16 140 M M 0 26 130
12 103 76 90 -2 0 25 0.03 M M 8.9 39 140 M M 2 38 53 140
13 103 76 90 -2 0 25 0.00 M M 5.8 26 120 M M 1 3 38 130
14 99 78 89 -3 0 24 0.04 M M 6.1 29 30 M M 1 40 40
15 99 77 88 -4 0 23 0.00 M M 5.3 14 270 M M 0 20 320
16 103 82 93 1 0 28 0.00 M M 6.6 17 240 M M 0 22 260
17 104 84 94 2 0 29 0.00 M M 6.6 30 350 M M 0 38 42 350
18 102 72 87 -5 0 22 0.38 M M 5.7 35 30 M M 1 13 48 30
19 94 74 84 -7 0 19 0.08 M M 4.2 24 150 M M 2 13 38 70
20 95 76 86 -5 0 21 0.00 M M 4.9 25 360 M M 1 3 33 10
21 95 76 86 -5 0 21 0.08 M M 6.0 29 360 M M 1 3 41 50
22 97 75 86 -5 0 21 0.00 M M 4.3 10 300 M M 0 16 260
23 102 81 92 1 0 27 0.12 M M 3.5 21 100 M M 0 3 32 120
24 99 79 89 -2 0 24 0.00 M M 5.5 16 100 M M 1 3 25 90
25 100 83 92 1 0 27 0.00 M M 5.2 13 270 M M 1 3 18 260
26 103 84 94 3 0 29 0.00 M M 5.9 20 20 M M 1 27 30
27 101 81 91 0 0 26 0.00 M M 5.3 25 300 M M 0 8 33 300
28 102 80 91 0 0 26 0.00 M M 5.0 14 310 M M 0 20 230
29 106 81 94 3 0 29 0.00 M M 5.9 15 270 M M 0 23 310
30 109 81 95 5 0 30 0.00 M M 5.7 18 160 M M 0 27 170
31 106 84 95 5 0 30 0.00 M M 5.2 16 150 M M 0 23 150
================================================================================
SM 3124 2475 0 792 1.06 M 180.5 M 18
================================================================================
AV100.8 79.8 5.8 FASTST M M 1 MAX(MPH)
MISC ----> 39 140 53 140
================================================================================
NOTES:
# LAST OF SEVERAL OCCURRENCES
COLUMN 17 PEAK WIND IN M.P.H.
PRELIMINARY LOCAL CLIMATOLOGICAL DATA (WS FORM: F-6) , PAGE 2
STATION: DEER VLY/PHOENIX AZ
MONTH: AUGUST
YEAR: 2022
LATITUDE: 33 41 N
LONGITUDE: 112 4 W
[TEMPERATURE DATA] [PRECIPITATION DATA] SYMBOLS USED IN COLUMN 16
AVERAGE MONTHLY: 90.3 TOTAL FOR MONTH: 1.06 1 = FOG OR MIST
DPTR FM NORMAL: -1.2 DPTR FM NORMAL: 0.10 2 = FOG REDUCING VISIBILITY
HIGHEST: 109 ON 30 GRTST 24HR 0.39 ON 18-19 TO 1/4 MILE OR LESS
LOWEST: 72 ON 18 3 = THUNDER
SNOW, ICE PELLETS, HAIL 4 = ICE PELLETS
TOTAL MONTH: M 5 = HAIL
GRTST 24HR M ON M 6 = FREEZING RAIN OR DRIZZLE
GRTST DEPTH: M ON M 7 = DUSTSTORM OR SANDSTORM:
VSBY 1/2 MILE OR LESS
8 = SMOKE OR HAZE
[NO. OF DAYS WITH] [WEATHER - DAYS WITH] 9 = BLOWING SNOW
X = TORNADO
MAX 32 OR BELOW: 0 0.01 INCH OR MORE: 8
MAX 90 OR ABOVE: 31 0.10 INCH OR MORE: 3
MIN 32 OR BELOW: 0 0.50 INCH OR MORE: 0
MIN 0 OR BELOW: 0 1.00 INCH OR MORE: 0
[HDD (BASE 65) ]
TOTAL THIS MO. 0 CLEAR (SCALE 0-3) 31
DPTR FM NORMAL 0 PTCLDY (SCALE 4-7) 0
TOTAL FM JUL 1 0 CLOUDY (SCALE 8-10) 0
DPTR FM NORMAL 0
[CDD (BASE 65) ]
TOTAL THIS MO. 792
DPTR FM NORMAL -29 [PRESSURE DATA]
TOTAL FM JAN 1 3187 HIGHEST SLP 29.97 ON 21
DPTR FM NORMAL 220 LOWEST SLP 29.62 ON 28
[REMARKS]
#FINAL-08-22#