000
CXUS55 KPSR 011005
CF6DVT
PRELIMINARY LOCAL CLIMATOLOGICAL DATA (WS FORM: F-6)
STATION: DEER VLY/PHOENIX AZ
MONTH: DECEMBER
YEAR: 2023
LATITUDE: 33 41 N
LONGITUDE: 112 4 W
TEMPERATURE IN F: :PCPN: SNOW: WIND :SUNSHINE: SKY :PK WND
================================================================================
1 2 3 4 5 6A 6B 7 8 9 10 11 12 13 14 15 16 17 18
12Z AVG MX 2MIN
DY MAX MIN AVG DEP HDD CDD WTR SNW DPTH SPD SPD DIR MIN PSBL S-S WX SPD DR
================================================================================
1 61 45 53 -3 12 0 0.03 M M 4.6 13 150 M M 4 1 17 270
2 63 42 53 -3 12 0 0.00 M M 2.9 10 50 M M 0 13 50
3 64 44 54 -1 11 0 0.00 M M 4.5 12 40 M M 0 16 50
4 64 43 54 -1 11 0 0.00 M M 2.8 9 120 M M 0 12 50
5 81 47 64 9 1 0 0.00 M M 2.9 10 40 M M 0 13 60
6 81 53 67 13 0 2 0.00 M M 4.7 10 140 M M 0 16 120
7 72 48 60 6 5 0 0.00 0.0 0 2.8 9 240 M M 0 14 160
8 68 44 56 2 9 0 0.00 0.0 0 4.2 13 40 M M 0 16 40
9 65 47 56 2 9 0 0.00 0.0 0 9.8 20 40 M M 0 29 20
10 70 42 56 3 9 0 0.00 M M 5.6 15 120 M M 0 24 90
11 69 42 56 3 9 0 0.00 M M 2.8 9 40 M M 0 11 40
12 69 43 56 3 9 0 0.00 M M 1.9 10 100 M M 0 14 90
13 65 40 53 0 12 0 0.00 M M 2.6 10 40 M M 0 14 230
14 66 38 52 -1 13 0 0.00 M M 3.0 10 50 M M 0 14 50
15 74 44 59 6 6 0 0.00 M M 3.8 10 50 M M 0 13 50
16 77 46 62 9 3 0 0.00 M M 5.8 15 90 M M 0 26 110
17 M 52 M M M M 0.00 M M 4.5 14 40 M M 0 18 40
18 M 54 M M M M 0.00 M M 2.6 12 260 M M 0 14 100
19 73 56 65 13 0 0 T M M 3.8 12 230 M M 3 17 90
20 74 57 66 14 0 1 0.06 M M 7.6 20 100 M M 5 3 31 90
21 75 52 64 12 1 0 0.00 M M 4.2 10 130 M M 1 23 130
22 60 50 55 3 10 0 0.66 M M 6.7 24 120 M M 6 18 34 130
23 55 49 52 0 13 0 0.07 M M 3.8 10 250 M M 9 14 260
24 59 44 52 -1 13 0 0.00 M M 1.8 9 220 M M 4 1 12 220
25 60 43 52 -1 13 0 0.00 M M 3.2 12 40 M M 0 1 14 40
26 61 39 50 -3 15 0 0.00 M M 2.7 9 40 M M 0 13 40
27 62 38 50 -3 15 0 0.00 M M 2.6 9 30 M M 0 12 40
28 65 41 53 0 12 0 0.00 M M 2.7 9 40 M M 0 12 50
29 70 43 57 4 8 0 0.00 M M 3.9 13 50 M M 0 15 60
30 70 46 58 5 7 0 0.00 M M 6.0 16 150 M M 0 23 170
31 60 42 51 -2 14 0 0.00 M M 3.8 12 50 M M 1 14 50
================================================================================
SM 1953 1414 252 3 0.82 0.0 124.6 M 33
================================================================================
AV 67.3 45.6 4.0 FASTST M M 1 MAX(MPH)
MISC ----> 24 120 34 130
================================================================================
NOTES:
# LAST OF SEVERAL OCCURRENCES
COLUMN 17 PEAK WIND IN M.P.H.
PRELIMINARY LOCAL CLIMATOLOGICAL DATA (WS FORM: F-6) , PAGE 2
STATION: DEER VLY/PHOENIX AZ
MONTH: DECEMBER
YEAR: 2023
LATITUDE: 33 41 N
LONGITUDE: 112 4 W
[TEMPERATURE DATA] [PRECIPITATION DATA] SYMBOLS USED IN COLUMN 16
AVERAGE MONTHLY: 56.5 TOTAL FOR MONTH: 0.82 1 = FOG OR MIST
DPTR FM NORMAL: 3.2 DPTR FM NORMAL: 0.01 2 = FOG REDUCING VISIBILITY
HIGHEST: 81 ON 6, 5 GRTST 24HR 0.73 ON 22-23 TO 1/4 MILE OR LESS
LOWEST: 38 ON 27,14 3 = THUNDER
SNOW, ICE PELLETS, HAIL 4 = ICE PELLETS
TOTAL MONTH: 0.0 INCH 5 = HAIL
GRTST 24HR 0.0 6 = FREEZING RAIN OR DRIZZLE
GRTST DEPTH: 0 7 = DUSTSTORM OR SANDSTORM:
VSBY 1/2 MILE OR LESS
8 = SMOKE OR HAZE
[NO. OF DAYS WITH] [WEATHER - DAYS WITH] 9 = BLOWING SNOW
X = TORNADO
MAX 32 OR BELOW: 0 0.01 INCH OR MORE: 4
MAX 90 OR ABOVE: 0 0.10 INCH OR MORE: 1
MIN 32 OR BELOW: 0 0.50 INCH OR MORE: 1
MIN 0 OR BELOW: 0 1.00 INCH OR MORE: 0
[HDD (BASE 65) ]
TOTAL THIS MO. 252 CLEAR (SCALE 0-3) 25
DPTR FM NORMAL -111 PTCLDY (SCALE 4-7) 5
TOTAL FM JUL 1 314 CLOUDY (SCALE 8-10) 1
DPTR FM NORMAL -188
[CDD (BASE 65) ]
TOTAL THIS MO. 3
DPTR FM NORMAL 2 [PRESSURE DATA]
TOTAL FM JAN 1 4146 HIGHEST SLP 30.30 ON 10
DPTR FM NORMAL 183 LOWEST SLP 29.75 ON 22
[REMARKS]
#FINAL-12-23#