000
CXUS54 KHGX 020713
CF6DWH
PRELIMINARY LOCAL CLIMATOLOGICAL DATA (WS FORM: F-6)
STATION: HOUSTON/D.W._HOOKS
MONTH: MAY
YEAR: 2022
LATITUDE: 30 4 N
LONGITUDE: 95 33 W
TEMPERATURE IN F: :PCPN: SNOW: WIND :SUNSHINE: SKY :PK WND
================================================================================
1 2 3 4 5 6A 6B 7 8 9 10 11 12 13 14 15 16 17 18
12Z AVG MX 2MIN
DY MAX MIN AVG DEP HDD CDD WTR SNW DPTH SPD SPD DIR MIN PSBL S-S WX SPD DR
================================================================================
1 89 72 81 8 0 16 T 0.0 0 5.9 18 130 M M 5 13 27 130
2 89 74 82 9 0 17 0.00 0.0 0 8.7 18 190 M M 4 30 140
3 88 75 82 9 0 17 0.00 0.0 0 6.9 14 140 M M 6 22 150
4 89 74 82 8 0 17 0.00 0.0 0 8.0 18 130 M M 7 18 28 130
5 89 66 78 4 0 13 0.91 0.0 0 7.5 22 200 M M 7 13 34 170
6 90 60 75 1 0 10 0.00 0.0 0 4.0 10 200 M M 2 12 20 130
7 93 72 83 9 0 18 0.00 0.0 0 4.9 13 170 M M 4 1 23 170
8 94 77 86 11 0 21 0.00 0.0 0 8.0 15 140 M M 4 18 26 140
9 93 78 86 11 0 21 0.00 0.0 0 8.6 17 140 M M 3 29 140
10 93 77 85 10 0 20 0.00 0.0 0 8.9 18 120 M M 3 26 130
11 91 71 81 5 0 16 0.00 0.0 0 6.6 17 120 M M 1 1 23 120
12 92 66 79 3 0 14 0.00 0.0 M 4.8 14 120 M M 2 12 24 100
13 91 65 78 2 0 13 0.00 0.0 0 4.2 13 180 M M 1 12 20 200
14 92 68 80 4 0 15 0.00 0.0 0 4.7 13 200 M M 3 21 210
15 92 70 81 4 0 16 0.00 0.0 0 5.2 14 200 M M 2 22 200
16 93 71 82 5 0 17 0.00 0.0 0 6.1 21 210 M M 2 29 210
17 94 70 82 5 0 17 0.00 0.0 0 5.2 13 180 M M 1 23 180
18 95 74 85 8 0 20 0.00 0.0 0 8.7 17 210 M M 3 29 180
19 92 75 84 6 0 19 0.00 0.0 0 9.0 17 200 M M 2 30 200
20 93 77 85 7 0 20 0.00 0.0 0 10.2 21 190 M M 4 34 130
21 95 80 88 10 0 23 T 0.0 0 8.0 20 110 M M 6 29 120
22 83 69 76 -2 0 11 1.40 0.0 0 3.6 28 300 M M 6 13 41 290
23 83 68 76 -3 0 11 0.00 0.0 0 6.4 14 80 M M 5 22 70
24 81 70 76 -3 0 11 0.24 0.0 0 6.1 21 180 M M 5 138 37 170
25 82 62 72 -7 0 7 0.19 0.0 0 6.0 32 330 M M 3 13 46 330
26 92 58 75 -5 0 10 0.00 0.0 0 4.6 15 250 M M 0 22 280
27 94 68 81 1 0 16 0.00 0.0 0 5.1 13 310 M M 1 19 250
28 94 62 78 -2 0 13 0.00 0.0 0 4.6 13 130 M M 1 19 130
29 92 77 85 5 0 20 0.00 0.0 0 7.9 17 190 M M 5 29 160
30 92 77 85 5 0 20 0.00 0.0 0 9.6 18 130 M M 5 35 160
31 93 79 86 6 0 21 0.00 0.0 0 8.3 20 120 M M 5 27 140
================================================================================
SM 2813 2202 0 500 2.74 0.0 206.3 M 108
================================================================================
AV 90.7 71.0 6.7 FASTST M M 3 MAX(MPH)
MISC ----> 32 330 46 330
================================================================================
NOTES:
# LAST OF SEVERAL OCCURRENCES
COLUMN 17 PEAK WIND IN M.P.H.
PRELIMINARY LOCAL CLIMATOLOGICAL DATA (WS FORM: F-6) , PAGE 2
STATION: HOUSTON/D.W._HOOKS
MONTH: MAY
YEAR: 2022
LATITUDE: 30 4 N
LONGITUDE: 95 33 W
[TEMPERATURE DATA] [PRECIPITATION DATA] SYMBOLS USED IN COLUMN 16
AVERAGE MONTHLY: 80.9 TOTAL FOR MONTH: 2.74 1 = FOG OR MIST
DPTR FM NORMAL: 4.1 DPTR FM NORMAL: -2.20 2 = FOG REDUCING VISIBILITY
HIGHEST: 95 ON 21,18 GRTST 24HR 1.40 ON 22-22 TO 1/4 MILE OR LESS
LOWEST: 58 ON 26 3 = THUNDER
SNOW, ICE PELLETS, HAIL 4 = ICE PELLETS
TOTAL MONTH: 0.0 INCH 5 = HAIL
GRTST 24HR 0.0 6 = FREEZING RAIN OR DRIZZLE
GRTST DEPTH: 0 7 = DUSTSTORM OR SANDSTORM:
VSBY 1/2 MILE OR LESS
8 = SMOKE OR HAZE
[NO. OF DAYS WITH] [WEATHER - DAYS WITH] 9 = BLOWING SNOW
X = TORNADO
MAX 32 OR BELOW: 0 0.01 INCH OR MORE: 4
MAX 90 OR ABOVE: 22 0.10 INCH OR MORE: 4
MIN 32 OR BELOW: 0 0.50 INCH OR MORE: 2
MIN 0 OR BELOW: 0 1.00 INCH OR MORE: 1
[HDD (BASE 65) ]
TOTAL THIS MO. 0 CLEAR (SCALE 0-3) 15
DPTR FM NORMAL -2 PTCLDY (SCALE 4-7) 16
TOTAL FM JUL 1 1220 CLOUDY (SCALE 8-10) 0
DPTR FM NORMAL -147
[CDD (BASE 65) ]
TOTAL THIS MO. 500
DPTR FM NORMAL 132 [PRESSURE DATA]
TOTAL FM JAN 1 847 HIGHEST SLP 30.16 ON 22
DPTR FM NORMAL 182 LOWEST SLP 29.66 ON 24
[REMARKS]
#FINAL-05-22#