000
CXUS54 KHGX 011510
CF6DWH
PRELIMINARY LOCAL CLIMATOLOGICAL DATA (WS FORM: F-6)
STATION: HOUSTON/D.W._HOOKS
MONTH: FEBRUARY
YEAR: 2021
LATITUDE: 30 4 N
LONGITUDE: 95 33 W
TEMPERATURE IN F: :PCPN: SNOW: WIND :SUNSHINE: SKY :PK WND
================================================================================
1 2 3 4 5 6A 6B 7 8 9 10 11 12 13 14 15 16 17 18
12Z AVG MX 2MIN
DY MAX MIN AVG DEP HDD CDD WTR SNW DPTH SPD SPD DIR MIN PSBL S-S WX SPD DR
================================================================================
1 64 40 52 -1 13 0 0.00 0.0 0 6.7 15 360 M M 0 20 320
2 66 38 52 -1 13 0 0.00 0.0 0 3.2 12 120 M M 0 15 120
3 71 42 57 4 8 0 0.00 0.0 0 6.1 17 120 M M 2 1 23 190
4 79 57 68 15 0 3 0.00 0.0 0 9.5 23 200 M M 6 36 210
5 57 45 51 -2 14 0 0.21 0.0 0 9.7 16 50 M M 8 13 23 50
6 67 48 58 4 7 0 T 0.0 0 6.8 16 270 M M 7 8 22 280
7 66 40 53 -1 12 0 0.00 0.0 0 7.5 15 130 M M 1 19 130
8 68 48 58 4 7 0 0.00 0.0 0 7.6 16 120 M M 8 1 21 130
9 75 58 67 13 0 2 0.00 0.0 0 4.1 9 20 M M 10 128 13 360
10 59 43 51 -3 14 0 0.01 0.0 0 7.4 14 350 M M 10 18 19 340
11 43 36 40 -14 25 0 0.53 0.0 0 11.9 18 360 M M 10 13 24 20
12 37 33 35 -20 30 0 T 0.0 0 11.6 20 360 M M 10 18 27 360
13 39 33 36 -19 29 0 T 0.0 0 9.8 17 360 M M 10 18 24 360
14 34 23 29 -26 36 0 0.16 0.0 0 10.4 18 360 M M 10 168 26 10
15 23 14 19 -36 46 0 0.18 M M 13.8 18 310 M M 9 16 31 330
16 33 14 24 -31 41 0 0.00 M M 11.4 23 320 M M 9 1 31 310
17 36 31 34 -22 31 0 0.51 0.0 0 9.7 16 360 M M 10 16 22 20
18 35 29 32 -24 33 0 0.00 0.0 M 10.9 20 360 M M 9 1 27 330
19 50 23 37 -19 28 0 0.00 0.0 M 5.1 10 340 M M 0 15 330
20 62 26 44 -12 21 0 0.00 0.0 M 5.4 15 120 M M 0 1 20 110
21 71 38 55 -1 10 0 0.00 0.0 M 5.0 20 200 M M 5 1 26 190
22 75 43 59 3 6 0 0.01 0.0 0 3.8 12 320 M M 2 1 16 310
23 80 39 60 3 5 0 0.00 0.0 0 5.7 18 190 M M 0 1 24 190
24 80 56 68 11 0 3 0.00 0.0 0 5.8 16 210 M M 7 2 22 210
25 73 59 66 9 0 1 0.02 0.0 0 4.7 14 160 M M 10 12 21 160
26 82 57 70 13 0 5 0.01 0.0 0 6.8 24 150 M M 8 1 32 150
27 81 68 75 17 0 10 T 0.0 0 8.1 17 170 M M 9 1 25 160
28 84 70 77 19 0 12 T 0.0 0 7.4 18 190 M M 8 1 24 200
================================================================================
SM 1690 1151 429 36 1.64 0.0 215.9 M 178
================================================================================
AV 60.4 41.1 7.7 FASTST M M 6 MAX(MPH)
MISC ----> 24 150 36 210
================================================================================
NOTES:
# LAST OF SEVERAL OCCURRENCES
COLUMN 17 PEAK WIND IN M.P.H.
PRELIMINARY LOCAL CLIMATOLOGICAL DATA (WS FORM: F-6) , PAGE 2
STATION: HOUSTON/D.W._HOOKS
MONTH: FEBRUARY
YEAR: 2021
LATITUDE: 30 4 N
LONGITUDE: 95 33 W
[TEMPERATURE DATA] [PRECIPITATION DATA] SYMBOLS USED IN COLUMN 16
AVERAGE MONTHLY: 50.7 TOTAL FOR MONTH: 1.64 1 = FOG OR MIST
DPTR FM NORMAL: -4.4 DPTR FM NORMAL: -1.39 2 = FOG REDUCING VISIBILITY
HIGHEST: 84 ON 28 GRTST 24HR 0.53 ON 11-11 TO 1/4 MILE OR LESS
LOWEST: 14 ON 16,15 3 = THUNDER
SNOW, ICE PELLETS, HAIL 4 = ICE PELLETS
TOTAL MONTH: 0.0 INCH 5 = HAIL
GRTST 24HR 0.0 6 = FREEZING RAIN OR DRIZZLE
GRTST DEPTH: 0 7 = DUSTSTORM OR SANDSTORM:
VSBY 1/2 MILE OR LESS
8 = SMOKE OR HAZE
[NO. OF DAYS WITH] [WEATHER - DAYS WITH] 9 = BLOWING SNOW
X = TORNADO
MAX 32 OR BELOW: 1 0.01 INCH OR MORE: 9
MAX 90 OR ABOVE: 0 0.10 INCH OR MORE: 5
MIN 32 OR BELOW: 7 0.50 INCH OR MORE: 2
MIN 0 OR BELOW: 0 1.00 INCH OR MORE: 0
[HDD (BASE 65) ]
TOTAL THIS MO. 429 CLEAR (SCALE 0-3) 8
DPTR FM NORMAL 134 PTCLDY (SCALE 4-7) 4
TOTAL FM JUL 1 1261 CLOUDY (SCALE 8-10) 16
DPTR FM NORMAL -85
[CDD (BASE 65) ]
TOTAL THIS MO. 36
DPTR FM NORMAL 17 [PRESSURE DATA]
TOTAL FM JAN 1 48 HIGHEST SLP 30.56 ON 19
DPTR FM NORMAL 17 LOWEST SLP 29.75 ON 4
[REMARKS]
#FINAL-02-21#