000
CXUS54 KMAF 011110
CF6E38
PRELIMINARY LOCAL CLIMATOLOGICAL DATA (WS FORM: F-6)
STATION: ALPINE-CASPARIS MUNICIPAL
MONTH: MAY
YEAR: 2023
LATITUDE: 30 23 N
LONGITUDE: 103 41 W
TEMPERATURE IN F: :PCPN: SNOW: WIND :SUNSHINE: SKY :PK WND
================================================================================
1 2 3 4 5 6A 6B 7 8 9 10 11 12 13 14 15 16 17 18
12Z AVG MX 2MIN
DY MAX MIN AVG DEP HDD CDD WTR SNW DPTH SPD SPD DIR MIN PSBL S-S WX SPD DR
================================================================================
1 79 54 67 M 0 2 M M M 6.8 14 260 M M 0 M M
2 84 59 72 M 0 7 M M M 6.7 18 120 M M 2 25 120
3 82 48 65 M 0 0 M M M 8.0 16 150 M M 1 22 160
4 83 61 72 M 0 7 M M M 14.3 28 240 M M 1 38 230
5 88 58 73 M 0 8 M M M 8.1 16 240 M M 0 21 240
6 91 51 71 M 0 6 M M M 7.1 16 230 M M 0 22 0
7 91 50 71 M 0 6 M M M 6.2 13 290 M M 0 17 110
8 91 51 71 M 0 6 M M M 6.8 22 150 M M 0 31 150
9 91 60 76 M 0 11 M M M 8.8 21 120 M M 0 28 120
10 92 61 77 M 0 12 M M M 11.0 21 230 M M 0 26 150
11 86 49 68 M 0 3 M M M 7.9 16 250 M M 0 25 240
12 85 49 67 M 0 2 0.55 M M 7.3 18 20 M M 2 3 29 40
13 71 51 61 M 4 0 M M M 8.3 18 50 M M 3 25 50
14 76 53 65 M 0 0 M M M 6.3 13 50 M M 4 20 60
15 71 58 65 M 0 0 M M M 6.6 16 50 M M 4 21 50
16 78 52 65 M 0 0 M M M 5.4 10 90 M M 3 17 50
17 84 55 70 M 0 5 M M M 5.8 9 130 M M 2 17 170
18 85 65 75 M 0 10 M M M 8.8 17 200 M M 2 23 210
19 84 56 70 M 0 5 0.10 M M 10.5 23 230 M M 1 3 39 250
20 69 58 64 M 1 0 M M M 8.2 20 360 M M 10 26 360
21 80 57 69 M 0 4 M M M 6.3 12 30 M M 4 21 30
22 86 58 72 M 0 7 0.16 M M 7.5 17 290 M M 2 23 290
23 91 60 76 M 0 11 M M M 10.1 15 250 M M 1 22 210
24 89 64 77 M 0 12 M M M 8.2 17 110 M M 2 3 23 110
25 80 60 70 M 0 5 M M M 8.1 14 120 M M 2 21 100
26 88 59 74 M 0 9 0.27 M M 9.3 22 130 M M 2 3 32 130
27 83 59 71 M 0 6 0.26 M M 11.8 37 220 M M 4 3 43 220
28 78 59 69 M 0 4 M M M 11.9 24 230 M M 2 32 250
29 87 56 72 M 0 7 M M M 9.0 17 240 M M 1 33 240
30 91 62 77 M 0 12 M M M 8.2 15 150 M M 0 21 190
31 89 68 79 M 0 14 M M M 13.2 20 160 M M 0 28 160
================================================================================
SM 2603 1761 5 181 1.34 M 262.4 M 55
================================================================================
AV 84.0 56.8 8.5 FASTST M M 2 MAX(MPH)
MISC ----> 37 220 43 220
================================================================================
NOTES:
# LAST OF SEVERAL OCCURRENCES
COLUMN 17 PEAK WIND IN M.P.H.
PRELIMINARY LOCAL CLIMATOLOGICAL DATA (WS FORM: F-6) , PAGE 2
STATION: ALPINE-CASPARIS MUNICIPAL
MONTH: MAY
YEAR: 2023
LATITUDE: 30 23 N
LONGITUDE: 103 41 W
[TEMPERATURE DATA] [PRECIPITATION DATA] SYMBOLS USED IN COLUMN 16
AVERAGE MONTHLY: 70.4 TOTAL FOR MONTH: 1.34 1 = FOG OR MIST
DPTR FM NORMAL: 0.0 DPTR FM NORMAL: M 2 = FOG REDUCING VISIBILITY
HIGHEST: 92 ON 10 GRTST 24HR 0.55 ON 12-12 TO 1/4 MILE OR LESS
LOWEST: 48 ON 3 3 = THUNDER
SNOW, ICE PELLETS, HAIL 4 = ICE PELLETS
TOTAL MONTH: M 5 = HAIL
GRTST 24HR M ON M 6 = FREEZING RAIN OR DRIZZLE
GRTST DEPTH: M ON M 7 = DUSTSTORM OR SANDSTORM:
VSBY 1/2 MILE OR LESS
8 = SMOKE OR HAZE
[NO. OF DAYS WITH] [WEATHER - DAYS WITH] 9 = BLOWING SNOW
X = TORNADO
MAX 32 OR BELOW: 0 0.01 INCH OR MORE: 5
MAX 90 OR ABOVE: 7 0.10 INCH OR MORE: 5
MIN 32 OR BELOW: 0 0.50 INCH OR MORE: 1
MIN 0 OR BELOW: 0 1.00 INCH OR MORE: 0
[HDD (BASE 65) ]
TOTAL THIS MO. 5 CLEAR (SCALE 0-3) 25
DPTR FM NORMAL M PTCLDY (SCALE 4-7) 5
TOTAL FM JUL 1 2367 CLOUDY (SCALE 8-10) 1
DPTR FM NORMAL M
[CDD (BASE 65) ]
TOTAL THIS MO. 181
DPTR FM NORMAL M [PRESSURE DATA]
TOTAL FM JAN 1 228 HIGHEST SLP M ON M
DPTR FM NORMAL M LOWEST SLP M ON M
[REMARKS]
#FINAL-05-23#