000
CXUS53 KMPX 012212
CF6EAU
PRELIMINARY LOCAL CLIMATOLOGICAL DATA (WS FORM: F-6)
STATION: EAU CLAIRE WI
MONTH: OCTOBER
YEAR: 2022
LATITUDE: 44 52 N
LONGITUDE: 91 29 W
TEMPERATURE IN F: :PCPN: SNOW: WIND :SUNSHINE: SKY :PK WND
================================================================================
1 2 3 4 5 6A 6B 7 8 9 10 11 12 13 14 15 16 17 18
12Z AVG MX 2MIN
DY MAX MIN AVG DEP HDD CDD WTR SNW DPTH SPD SPD DIR MIN PSBL S-S WX SPD DR
================================================================================
1 61 46 54 0 11 0 T 0.0 0 3.1 8 60 M M 6 1 10 340
2 69 48 59 5 6 0 0.00 0.0 0 4.6 13 150 M M 4 18 120
3 68 47 58 5 7 0 T 0.0 0 5.3 13 170 M M 2 17 150
4 74 50 62 9 3 0 T 0.0 0 5.1 13 190 M M 2 16 180
5 70 48 59 7 6 0 T 0.0 0 3.1 14 210 M M 3 19 210
6 59 39 49 -3 16 0 T 0.0 0 9.7 23 340 M M 5 1 33 350
7 49 30 40 -11 25 0 0.00 0.0 0 4.7 13 310 M M 5 17 330
8 60 30 45 -6 20 0 0.00 0.0 0 8.9 22 250 M M 1 31 260
9 65 33 49 -1 16 0 0.00 0.0 0 2.1 8 10 M M 1 1 12 70
10 69 36 53 3 12 0 0.00 0.0 0 6.4 16 170 M M 1 1 21 170
11 77 50 64 14 1 0 T 0.0 0 12.3 25 170 M M 3 34 160
12 66 40 53 4 12 0 0.13 0.0 0 10.0 23 300 M M 7 13 32 280
13 45 33 39 -10 26 0 0.01 T 0 9.3 23 300 M M 10 31 310
14 40 32 36 -12 29 0 0.08 0.3 0 4.6 10 210 M M 9 1 14 210
15 54 32 43 -5 22 0 0.00 0.0 0 8.8 18 200 M M 10 25 210
16 47 36 42 -5 23 0 T T 0 12.1 26 310 M M 10 35 320
17 39 33 36 -11 29 0 T T 0 12.7 23 350 M M 10 8 34 330
18 45 24 35 -12 30 0 0.00 0.0 0 8.8 18 330 M M 2 28 320
19 46 22 34 -12 31 0 0.00 0.0 0 6.6 16 280 M M 1 23 280
20 60 31 46 0 19 0 0.00 0.0 0 4.1 12 250 M M 2 8 18 270
21 68 32 50 5 15 0 0.00 0.0 0 4.3 14 270 M M 0 18 19 240
22 77 36 57 12 8 0 0.00 0.0 0 7.1 15 160 M M 0 18 21 150
23 77 53 65 21 0 0 T 0.0 0 12.5 29 170 M M 1 3 46 120
24 72 45 59 15 6 0 0.56 0.0 0 12.2 25 200 M M 7 1 35 170
25 45 31 38 -6 27 0 0.00 0.0 0 5.8 15 300 M M 4 1 21 320
26 49 29 39 -4 26 0 0.00 0.0 0 4.9 15 300 M M 3 1 20 310
27 54 28 41 -2 24 0 0.00 0.0 0 4.1 15 180 M M 7 1 19 170
28 60 37 49 7 16 0 0.00 0.0 0 6.4 13 190 M M 2 8 16 210
29 66 31 49 7 16 0 0.00 0.0 0 4.5 14 200 M M 0 1 20 200
30 60 31 46 5 19 0 0.00 0.0 0 1.3 7 270 M M 0 18 8 260
31 64 30 47 6 18 0 0.00 0.0 0 2.3 10 270 M M 3 128 14 270
================================================================================
SM 1855 1123 519 0 0.78 0.3 207.7 M 121
================================================================================
AV 59.8 36.2 6.7 FASTST M M 4 MAX(MPH)
MISC ----> 29 170 46 120
================================================================================
NOTES:
# LAST OF SEVERAL OCCURRENCES
COLUMN 17 PEAK WIND IN M.P.H.
PRELIMINARY LOCAL CLIMATOLOGICAL DATA (WS FORM: F-6) , PAGE 2
STATION: EAU CLAIRE WI
MONTH: OCTOBER
YEAR: 2022
LATITUDE: 44 52 N
LONGITUDE: 91 29 W
[TEMPERATURE DATA] [PRECIPITATION DATA] SYMBOLS USED IN COLUMN 16
AVERAGE MONTHLY: 48.0 TOTAL FOR MONTH: 0.78 1 = FOG OR MIST
DPTR FM NORMAL: 0.5 DPTR FM NORMAL: -1.71 2 = FOG REDUCING VISIBILITY
HIGHEST: 77 ON 23,22 GRTST 24HR 0.56 ON 24-24 TO 1/4 MILE OR LESS
LOWEST: 22 ON 19 3 = THUNDER
SNOW, ICE PELLETS, HAIL 4 = ICE PELLETS
TOTAL MONTH: 0.3 INCH 5 = HAIL
GRTST 24HR 0.3 ON 14-14 6 = FREEZING RAIN OR DRIZZLE
GRTST DEPTH: 0 7 = DUSTSTORM OR SANDSTORM:
VSBY 1/2 MILE OR LESS
8 = SMOKE OR HAZE
[NO. OF DAYS WITH] [WEATHER - DAYS WITH] 9 = BLOWING SNOW
X = TORNADO
MAX 32 OR BELOW: 0 0.01 INCH OR MORE: 4
MAX 90 OR ABOVE: 0 0.10 INCH OR MORE: 2
MIN 32 OR BELOW: 14 0.50 INCH OR MORE: 1
MIN 0 OR BELOW: 0 1.00 INCH OR MORE: 0
[HDD (BASE 65) ]
TOTAL THIS MO. 519 CLEAR (SCALE 0-3) 17
DPTR FM NORMAL -29 PTCLDY (SCALE 4-7) 9
TOTAL FM JUL 1 677 CLOUDY (SCALE 8-10) 5
DPTR FM NORMAL -88
[CDD (BASE 65) ]
TOTAL THIS MO. 0
DPTR FM NORMAL -4 [PRESSURE DATA]
TOTAL FM JAN 1 636 HIGHEST SLP 30.54 ON 7
DPTR FM NORMAL 69 LOWEST SLP 29.47 ON 12
[REMARKS]
#FINAL-10-22#
THE PRECIPITATION VALUE ON OCTOBER 17TH IS FROM
THE 8 INCH DIAMETER RAIN GAUGE AT THE SNOW
OBSERVING SITE.