806
CXUS54 KEWX 011010
CF6ECU
PRELIMINARY LOCAL CLIMATOLOGICAL DATA (WS FORM: F-6)
STATION: EDWARDS COUNTY AIRPORT
MONTH: MARCH
YEAR: 2021
LATITUDE: 29 57 N
LONGITUDE: 100 10 W
TEMPERATURE IN F: :PCPN: SNOW: WIND :SUNSHINE: SKY :PK WND
================================================================================
1 2 3 4 5 6A 6B 7 8 9 10 11 12 13 14 15 16 17 18
12Z AVG MX 2MIN
DY MAX MIN AVG DEP HDD CDD WTR SNW DPTH SPD SPD DIR MIN PSBL S-S WX SPD DR
================================================================================
1 54 43 49 M 16 0 0.00 M M 14.8 24 40 M M 10 38 40
2 61 34 48 M 17 0 0.00 M M 5.9 10 40 M M 1 13 99
3 72 41 57 M 8 0 0.00 M M 10.0 16 170 M M 2 22 170
4 72 48 60 M 5 0 0.00 M M 14.8 22 160 M M 2 1 29 170
5 70 48 59 M 6 0 0.00 M M 13.1 23 310 M M 4 12 31 310
6 64 43 54 M 11 0 0.00 M M 7.7 13 350 M M 5 20 350
7 64 41 53 M 12 0 0.00 M M 9.0 16 150 M M 4 24 150
8 66 48 57 M 8 0 0.00 M M 13.4 18 150 M M 8 30 150
9 68 55 62 M 3 0 0.00 M M 18.2 24 160 M M 9 1 35 160
10 70 57 64 M 1 0 0.00 M M 15.5 28 150 M M 6 12 35 160
11 75 61 68 M 0 3 0.00 M M 16.8 25 150 M M 7 35 150
12 75 63 69 M 0 4 0.01 M M 17.3 24 160 M M 8 1 31 140
13 77 50 64 M 1 0 0.00 M M 21.0 30 150 M M 8 1 43 140
14 70 46 58 M 7 0 0.04 M M 11.8 24 300 M M 5 26 320
15 77 48 63 M 2 0 0.00 M M 6.8 10 260 M M 3 24 240
16 72 59 66 M 0 1 0.00 M M 12.4 17 160 M M 6 1 24 170
17 68 48 58 M 7 0 0.06 M M 18.6 32 310 M M 5 18 46 320
18 66 39 53 M 12 0 0.00 M M 8.8 17 10 M M 0 23 10
19 66 39 53 M 12 0 0.00 M M 8.0 17 30 M M 1 21 40
20 70 41 56 M 9 0 0.00 M M 8.1 13 150 M M 1 18 180
21 72 43 58 M 7 0 0.00 M M 15.1 23 150 M M 2 38 150
22 66 54 60 M 5 0 0.10 M M 15.0 25 150 M M 9 12 31 150
23 77 41 59 M 6 0 0.00 M M 7.0 14 230 M M 3 16 250
24 79 50 65 M 0 0 0.63 M M 13.3 32 320 M M 6 18 47 320
25 70 46 58 M 7 0 0.11 M M 9.6 20 330 M M 2 28 330
26 79 52 66 M 0 1 0.00 M M 14.6 24 170 M M 2 31 170
27 82 59 71 M 0 6 0.00 M M 10.2 16 160 M M 4 1 23 140
28 70 54 62 M 3 0 0.00 M M 12.9 21 40 M M 5 36 30
29 73 48 61 M 4 0 0.00 M M 11.3 20 160 M M 3 25 170
30 77 55 66 M 0 1 0.00 M M 11.9 18 160 M M 4 1 24 160
31 68 52 60 M 5 0 0.00 M M 11.4 17 40 M M 5 30 10
================================================================================
SM 2190 1506 174 16 0.95 M 384.3 M 140
================================================================================
AV 70.6 48.6 12.4 FASTST M M 5 MAX(MPH)
MISC ----> 32 310 47 320
================================================================================
NOTES:
# LAST OF SEVERAL OCCURRENCES
COLUMN 17 PEAK WIND IN M.P.H.
PRELIMINARY LOCAL CLIMATOLOGICAL DATA (WS FORM: F-6) , PAGE 2
STATION: EDWARDS COUNTY AIRPORT
MONTH: MARCH
YEAR: 2021
LATITUDE: 29 57 N
LONGITUDE: 100 10 W
[TEMPERATURE DATA] [PRECIPITATION DATA] SYMBOLS USED IN COLUMN 16
AVERAGE MONTHLY: 59.6 TOTAL FOR MONTH: 0.95 1 = FOG OR MIST
DPTR FM NORMAL: 0.0 DPTR FM NORMAL: M 2 = FOG REDUCING VISIBILITY
HIGHEST: 82 ON 27 GRTST 24HR 0.63 ON 24-24 TO 1/4 MILE OR LESS
LOWEST: 34 ON 2 3 = THUNDER
SNOW, ICE PELLETS, HAIL 4 = ICE PELLETS
TOTAL MONTH: M 5 = HAIL
GRTST 24HR M ON M 6 = FREEZING RAIN OR DRIZZLE
GRTST DEPTH: M ON M 7 = DUSTSTORM OR SANDSTORM:
VSBY 1/2 MILE OR LESS
8 = SMOKE OR HAZE
[NO. OF DAYS WITH] [WEATHER - DAYS WITH] 9 = BLOWING SNOW
X = TORNADO
MAX 32 OR BELOW: 0 0.01 INCH OR MORE: 6
MAX 90 OR ABOVE: 0 0.10 INCH OR MORE: 2
MIN 32 OR BELOW: 0 0.50 INCH OR MORE: 1
MIN 0 OR BELOW: 0 1.00 INCH OR MORE: 0
[HDD (BASE 65) ]
TOTAL THIS MO. 174 CLEAR (SCALE 0-3) 9
DPTR FM NORMAL M PTCLDY (SCALE 4-7) 17
TOTAL FM JUL 1 1789 CLOUDY (SCALE 8-10) 5
DPTR FM NORMAL M
[CDD (BASE 65) ]
TOTAL THIS MO. 16
DPTR FM NORMAL M [PRESSURE DATA]
TOTAL FM JAN 1 21 HIGHEST SLP M ON M
DPTR FM NORMAL M LOWEST SLP M ON M
[REMARKS]
#FINAL-03-21#