000
CXUS55 KVEF 010910
CF6EED
PRELIMINARY LOCAL CLIMATOLOGICAL DATA (WS FORM: F-6)
STATION: NEEDLES CA
MONTH: APRIL
YEAR: 2023
LATITUDE: 34 46 N
LONGITUDE: 114 37 W
TEMPERATURE IN F: :PCPN: SNOW: WIND :SUNSHINE: SKY :PK WND
================================================================================
1 2 3 4 5 6A 6B 7 8 9 10 11 12 13 14 15 16 17 18
12Z AVG MX 2MIN
DY MAX MIN AVG DEP HDD CDD WTR SNW DPTH SPD SPD DIR MIN PSBL S-S WX SPD DR
================================================================================
1 80 46 63 -7 2 0 0.00 M M 4.5 14 240 M M 0 18 240
2 84 49 67 -3 0 2 0.00 M M 9.6 22 210 M M 0 31 170
3 71 51 61 -10 4 0 T M M 17.5 37 260 M M 3 8 49 270
4 65 44 55 -16 10 0 0.00 M M 11.8 29 320 M M 0 38 320
5 67 40 54 -17 11 0 0.00 M M 9.2 18 10 M M 0 26 330
6 76 50 63 -8 2 0 0.00 M M 12.3 25 350 M M 0 34 360
7 81 48 65 -7 0 0 0.00 M M 5.0 12 230 M M 0 20 60
8 85 53 69 -3 0 4 0.00 M M 4.5 10 260 M M 0 18 150
9 91 55 73 1 0 8 0.00 M M 4.7 13 350 M M 0 17 360
10 98 60 79 7 0 14 0.00 M M 5.3 13 230 M M 0 19 360
11 99 62 81 9 0 16 0.00 M M 9.7 23 170 M M 0 32 160
12 92 64 78 5 0 13 0.00 M M 10.8 24 160 M M 0 32 160
13 82 65 74 1 0 9 0.00 M M 11.1 24 180 M M 0 36 190
14 80 58 69 -4 0 4 0.00 M M 6.5 14 220 M M 0 16 210
15 87 55 71 -2 0 6 0.00 M M 4.3 13 230 M M 0 15 350
16 90 57 74 0 0 9 0.00 M M 5.3 14 100 M M 0 20 110
17 92 60 76 2 0 11 0.00 M M 10.2 25 220 M M 0 38 220
18 86 65 76 2 0 11 0.00 M M 13.1 25 240 M M 0 32 230
19 77 59 68 -6 0 3 0.00 M M 11.2 23 360 M M 0 32 350
20 82 53 68 -7 0 3 0.00 M M 10.2 23 340 M M 0 30 350
21 92 54 73 -2 0 8 0.00 M M 4.9 10 230 M M 0 15 10
22 90 68 79 4 0 14 0.00 M M 11.7 26 360 M M 0 33 360
23 95 63 79 3 0 14 0.00 M M 6.4 21 230 M M 0 30 230
24 96 67 82 6 0 17 0.00 M M 8.1 20 220 M M 0 26 220
25 89 66 78 2 0 13 0.00 M M 13.4 29 350 M M 0 37 10
26 91 66 79 3 0 14 0.00 M M 12.2 29 360 M M 0 36 350
27 98 61 80 3 0 15 0.00 M M 6.0 15 30 M M 0 20 40
28 100 63 82 5 0 17 0.00 M M 8.2 23 350 M M 0 29 350
29 103 65 84 7 0 19 0.00 M M 5.2 13 230 M M 0 15 100
30 103 67 85 7 0 20 0.00 M M 9.8 22 190 M M 0 33 170
================================================================================
SM 2622 1734 29 264 T M 262.7 M 3
================================================================================
AV 87.4 57.8 8.8 FASTST M M 0 MAX(MPH)
MISC ----> 37 260 49 270
================================================================================
NOTES:
# LAST OF SEVERAL OCCURRENCES
COLUMN 17 PEAK WIND IN M.P.H.
PRELIMINARY LOCAL CLIMATOLOGICAL DATA (WS FORM: F-6) , PAGE 2
STATION: NEEDLES CA
MONTH: APRIL
YEAR: 2023
LATITUDE: 34 46 N
LONGITUDE: 114 37 W
[TEMPERATURE DATA] [PRECIPITATION DATA] SYMBOLS USED IN COLUMN 16
AVERAGE MONTHLY: 72.6 TOTAL FOR MONTH: T 1 = FOG OR MIST
DPTR FM NORMAL: -1.1 DPTR FM NORMAL: -0.18 2 = FOG REDUCING VISIBILITY
HIGHEST: 103 ON 30,29 GRTST 24HR T ON 3- 3 TO 1/4 MILE OR LESS
LOWEST: 40 ON 5 3 = THUNDER
SNOW, ICE PELLETS, HAIL 4 = ICE PELLETS
TOTAL MONTH: M 5 = HAIL
GRTST 24HR M ON M 6 = FREEZING RAIN OR DRIZZLE
GRTST DEPTH: M ON M 7 = DUSTSTORM OR SANDSTORM:
VSBY 1/2 MILE OR LESS
8 = SMOKE OR HAZE
[NO. OF DAYS WITH] [WEATHER - DAYS WITH] 9 = BLOWING SNOW
X = TORNADO
MAX 32 OR BELOW: 0 0.01 INCH OR MORE: 0
MAX 90 OR ABOVE: 15 0.10 INCH OR MORE: 0
MIN 32 OR BELOW: 0 0.50 INCH OR MORE: 0
MIN 0 OR BELOW: 0 1.00 INCH OR MORE: 0
[HDD (BASE 65) ]
TOTAL THIS MO. 29 CLEAR (SCALE 0-3) 29
DPTR FM NORMAL 17 PTCLDY (SCALE 4-7) 1
TOTAL FM JUL 1 1401 CLOUDY (SCALE 8-10) 0
DPTR FM NORMAL 464
[CDD (BASE 65) ]
TOTAL THIS MO. 264
DPTR FM NORMAL -9 [PRESSURE DATA]
TOTAL FM JAN 1 282 HIGHEST SLP M ON M
DPTR FM NORMAL -123 LOWEST SLP 29.45 ON 12
[REMARKS]
#FINAL-04-23#