000
CXUS55 KVEF 010910
CF6EED
PRELIMINARY LOCAL CLIMATOLOGICAL DATA (WS FORM: F-6)
STATION: NEEDLES CA
MONTH: FEBRUARY
YEAR: 2024
LATITUDE: 34 46 N
LONGITUDE: 114 37 W
TEMPERATURE IN F: :PCPN: SNOW: WIND :SUNSHINE: SKY :PK WND
================================================================================
1 2 3 4 5 6A 6B 7 8 9 10 11 12 13 14 15 16 17 18
12Z AVG MX 2MIN
DY MAX MIN AVG DEP HDD CDD WTR SNW DPTH SPD SPD DIR MIN PSBL S-S WX SPD DR
================================================================================
1 69 51 60 2 5 0 0.47 M M 6.4 41 210 M M 5 1 59 210
2 63 49 56 -2 9 0 0.00 M M 8.4 20 240 M M 3 25 240
3 63 45 54 -4 11 0 0.00 M M 6.8 16 230 M M 0 19 220
4 66 49 58 0 7 0 T M M 5.7 16 150 M M 5 24 170
5 66 51 59 1 6 0 0.00 M M 5.9 15 340 M M 0 19 340
6 63 51 57 -1 8 0 0.19 M M 6.2 29 230 M M 7 3 38 240
7 62 50 56 -3 9 0 0.00 M M 12.8 21 190 M M 4 29 190
8 56 42 49 -10 16 0 0.18 M M 9.3 22 240 M M 5 18 33 250
9 57 39 48 -11 17 0 0.00 M M 3.0 12 230 M M 6 13 230
10 59 44 52 -7 13 0 0.09 M M 12.1 25 10 M M 4 34 10
11 61 42 52 -7 13 0 0.00 M M 9.7 23 360 M M 0 29 340
12 64 37 51 -8 14 0 0.00 M M 5.6 12 360 M M 0 15 20
13 67 41 54 -5 11 0 0.00 M M 4.8 13 230 M M 0 14 230
14 70 43 57 -3 8 0 0.00 M M 4.6 12 210 M M 0 16 200
15 71 47 59 -1 6 0 0.00 M M 5.1 10 220 M M 0 15 150
16 75 45 60 0 5 0 0.00 M M 4.5 9 230 M M 0 11 10
17 75 52 64 4 1 0 0.00 M M 4.2 15 340 M M 0 19 340
18 76 52 64 4 1 0 0.00 M M 4.9 14 110 M M 0 20 120
19 77 52 65 4 0 0 0.00 M M 8.9 22 180 M M 1 40 170
20 71 57 64 3 1 0 0.00 M M 8.4 22 350 M M 3 27 350
21 72 53 63 2 2 0 T M M 5.8 18 190 M M 5 22 180
22 74 48 61 0 4 0 0.00 M M 7.1 14 10 M M 0 18 310
23 75 56 66 5 0 1 0.00 M M 12.5 25 360 M M 0 33 360
24 75 56 66 4 0 1 0.00 M M 6.0 16 360 M M 0 21 20
25 76 53 65 3 0 0 0.00 M M 3.3 10 230 M M 0 11 190
26 73 60 67 5 0 2 0.00 M M 5.5 16 190 M M 1 21 160
27 77 56 67 5 0 2 0.00 M M 7.5 17 20 M M 1 25 30
28 75 54 65 2 0 0 0.00 M M 10.5 23 10 M M 0 29 360
29 78 46 62 -1 3 0 0.00 M M 8.7 22 170 M M 0 8 30 170
================================================================================
SM 2006 1421 170 6 0.93 M 204.2 M 50
================================================================================
AV 69.2 49.0 7.0 FASTST M M 2 MAX(MPH)
MISC ----> 41 210 59 210
================================================================================
NOTES:
# LAST OF SEVERAL OCCURRENCES
COLUMN 17 PEAK WIND IN M.P.H.
PRELIMINARY LOCAL CLIMATOLOGICAL DATA (WS FORM: F-6) , PAGE 2
STATION: NEEDLES CA
MONTH: FEBRUARY
YEAR: 2024
LATITUDE: 34 46 N
LONGITUDE: 114 37 W
[TEMPERATURE DATA] [PRECIPITATION DATA] SYMBOLS USED IN COLUMN 16
AVERAGE MONTHLY: 59.1 TOTAL FOR MONTH: 0.93 1 = FOG OR MIST
DPTR FM NORMAL: -0.8 DPTR FM NORMAL: 0.14 2 = FOG REDUCING VISIBILITY
HIGHEST: 78 ON 29 GRTST 24HR 0.47 ON 1- 1 TO 1/4 MILE OR LESS
LOWEST: 37 ON 12 3 = THUNDER
SNOW, ICE PELLETS, HAIL 4 = ICE PELLETS
TOTAL MONTH: M 5 = HAIL
GRTST 24HR M ON M 6 = FREEZING RAIN OR DRIZZLE
GRTST DEPTH: M ON M 7 = DUSTSTORM OR SANDSTORM:
VSBY 1/2 MILE OR LESS
8 = SMOKE OR HAZE
[NO. OF DAYS WITH] [WEATHER - DAYS WITH] 9 = BLOWING SNOW
X = TORNADO
MAX 32 OR BELOW: 0 0.01 INCH OR MORE: 4
MAX 90 OR ABOVE: 0 0.10 INCH OR MORE: 3
MIN 32 OR BELOW: 0 0.50 INCH OR MORE: 0
MIN 0 OR BELOW: 0 1.00 INCH OR MORE: 0
[HDD (BASE 65) ]
TOTAL THIS MO. 170 CLEAR (SCALE 0-3) 21
DPTR FM NORMAL 9 PTCLDY (SCALE 4-7) 8
TOTAL FM JUL 1 830 CLOUDY (SCALE 8-10) 0
DPTR FM NORMAL -42
[CDD (BASE 65) ]
TOTAL THIS MO. 6
DPTR FM NORMAL -12 [PRESSURE DATA]
TOTAL FM JAN 1 6 HIGHEST SLP M ON M
DPTR FM NORMAL -14 LOWEST SLP 29.54 ON 6
[REMARKS]
#FINAL-02-24#