000
CXUS54 KBMX 011110
CF6EET
PRELIMINARY LOCAL CLIMATOLOGICAL DATA (WS FORM: F-6)
STATION: SHELBY COUNTY AIRPORT
MONTH: DECEMBER
YEAR: 2022
LATITUDE: 33 10 N
LONGITUDE: 86 47 W
TEMPERATURE IN F: :PCPN: SNOW: WIND :SUNSHINE: SKY :PK WND
================================================================================
1 2 3 4 5 6A 6B 7 8 9 10 11 12 13 14 15 16 17 18
12Z AVG MX 2MIN
DY MAX MIN AVG DEP HDD CDD WTR SNW DPTH SPD SPD DIR MIN PSBL S-S WX SPD DR
================================================================================
1 55 35 45 -6 20 0 0.00 0.0 0 3.5 10 40 M M 0 8 16 20
2 67 41 54 3 11 0 0.00 0.0 0 4.8 16 140 M M 2 24 150
3 69 55 62 12 3 0 0.14 0.0 0 3.3 14 310 M M 9 12 18 310
4 64 50 57 7 8 0 T 0.0 0 1.7 10 320 M M 7 18 15 360
5 68 52 60 10 5 0 0.08 0.0 0 3.6 9 180 M M 10 1 13 170
6 76 65 71 21 0 6 T 0.0 0 5.8 13 200 M M 6 1 18 220
7 77 59 68 18 0 3 T 0.0 0 3.8 13 200 M M 7 1 16 240
8 78 57 68 18 0 3 0.00 0.0 0 3.5 12 230 M M 3 12 17 290
9 76 59 68 19 0 3 T 0.0 0 3.4 10 260 M M 7 1 15 260
10 71 54 63 14 2 0 0.11 0.0 0 2.5 8 350 M M 7 12 14 360
11 62 58 60 11 5 0 0.39 0.0 0 3.2 9 140 M M 10 1 12 150
12 64 55 60 11 5 0 0.00 0.0 0 3.3 7 60 M M 10 1 11 50
13 59 54 57 8 8 0 0.00 0.0 0 6.3 13 120 M M 9 20 120
14 65 54 60 12 5 0 1.14 0.0 M 9.0 18 290 M M 10 13 25 160
15 55 43 49 1 16 0 0.00 0.0 0 5.5 14 300 M M 3 19 270
16 54 34 44 -4 21 0 0.00 0.0 0 2.9 14 290 M M 2 19 290
17 48 36 42 -6 23 0 0.00 0.0 0 4.8 12 290 M M 5 18 230
18 48 30 39 -9 26 0 0.00 0.0 0 3.8 13 290 M M 0 18 290
19 46 29 38 -10 27 0 0.00 0.0 0 2.4 9 50 M M 4 15 40
20 45 42 44 -3 21 0 0.27 0.0 0 4.2 9 50 M M 10 1 14 50
21 50 41 46 -1 19 0 T M M 3.5 9 70 M M 10 18 14 80
22 53 38 46 -1 19 0 0.08 0.0 M 6.4 23 300 M M 10 1 39 300
23 38 12 25 -22 40 0 0.00 0.0 0 13.4 24 300 M M 2 36 300
24 30 10 20 -27 45 0 0.00 0.0 0 7.0 15 310 M M 0 20 320
25 38 19 29 -18 36 0 0.00 0.0 0 4.1 13 310 M M 0 17 310
26 47 19 33 -13 32 0 0.00 0.0 0 1.1 8 180 M M 3 11 200
27 54 27 41 -5 24 0 0.00 0.0 0 1.3 9 180 M M 1 13 180
28 62 27 45 -1 20 0 0.00 0.0 0 3.1 13 170 M M 2 18 140
29 73 43 58 12 7 0 0.00 0.0 0 3.8 16 170 M M 3 21 170
30 68 46 57 11 8 0 0.25 M 0 5.1 20 150 M M 4 1 31 130
31 68 52 60 14 5 0 0.01 0.0 0 2.1 8 320 M M 7 12 11 320
================================================================================
SM 1828 1296 461 15 2.47 0.0 132.2 M 163
================================================================================
AV 59.0 41.8 4.3 FASTST M M 5 MAX(MPH)
MISC ----> 24 300 39 300
================================================================================
NOTES:
# LAST OF SEVERAL OCCURRENCES
COLUMN 17 PEAK WIND IN M.P.H.
PRELIMINARY LOCAL CLIMATOLOGICAL DATA (WS FORM: F-6) , PAGE 2
STATION: SHELBY COUNTY AIRPORT
MONTH: DECEMBER
YEAR: 2022
LATITUDE: 33 10 N
LONGITUDE: 86 47 W
[TEMPERATURE DATA] [PRECIPITATION DATA] SYMBOLS USED IN COLUMN 16
AVERAGE MONTHLY: 50.4 TOTAL FOR MONTH: 2.47 1 = FOG OR MIST
DPTR FM NORMAL: 2.2 DPTR FM NORMAL: -2.60 2 = FOG REDUCING VISIBILITY
HIGHEST: 78 ON 8 GRTST 24HR 1.14 ON 14-14 TO 1/4 MILE OR LESS
LOWEST: 10 ON 24 3 = THUNDER
SNOW, ICE PELLETS, HAIL 4 = ICE PELLETS
TOTAL MONTH: 0.0 INCH 5 = HAIL
GRTST 24HR 0.0 6 = FREEZING RAIN OR DRIZZLE
GRTST DEPTH: 0 7 = DUSTSTORM OR SANDSTORM:
VSBY 1/2 MILE OR LESS
8 = SMOKE OR HAZE
[NO. OF DAYS WITH] [WEATHER - DAYS WITH] 9 = BLOWING SNOW
X = TORNADO
MAX 32 OR BELOW: 1 0.01 INCH OR MORE: 9
MAX 90 OR ABOVE: 0 0.10 INCH OR MORE: 6
MIN 32 OR BELOW: 8 0.50 INCH OR MORE: 1
MIN 0 OR BELOW: 0 1.00 INCH OR MORE: 1
[HDD (BASE 65) ]
TOTAL THIS MO. 461 CLEAR (SCALE 0-3) 13
DPTR FM NORMAL -66 PTCLDY (SCALE 4-7) 9
TOTAL FM JUL 1 858 CLOUDY (SCALE 8-10) 9
DPTR FM NORMAL -97
[CDD (BASE 65) ]
TOTAL THIS MO. 15
DPTR FM NORMAL 11 [PRESSURE DATA]
TOTAL FM JAN 1 2286 HIGHEST SLP 30.51 ON 1
DPTR FM NORMAL 104 LOWEST SLP 29.63 ON 14
[REMARKS]
#FINAL-12-22#