000
CXUS56 KEKA 050551
CF6EKA
PRELIMINARY LOCAL CLIMATOLOGICAL DATA (WS FORM: F-6)
STATION: EUREKA CA
MONTH: OCTOBER
YEAR: 2020
LATITUDE: 40 47 N
LONGITUDE: 124 10 W
TEMPERATURE IN F: :PCPN: SNOW: WIND :SUNSHINE: SKY :PK WND
================================================================================
1 2 3 4 5 6A 6B 7 8 9 10 11 12 13 14 15 16 17 18
12Z AVG MX 2MIN
DY MAX MIN AVG DEP HDD CDD WTR SNW DPTH SPD SPD DIR MIN PSBL S-S WX SPD DR
================================================================================
1 61 53 57 1 8 0 0.00 0.0 0 1.7 6 350 M M 6 28 6 M
2 60 54 57 1 8 0 0.00 0.0 0 1.1 5 340 M M 10 28 5 340
3 62 53 58 2 7 0 0.01 0.0 0 3.0 5 320 M M 10 2 6 M
4 58 54 56 1 9 0 0.01 0.0 0 2.2 6 340 M M 10 1 6 340
5 59 51 55 0 10 0 0.00 M M 0.8 5 10 M M 10 28 5 10
6 57 50 54 -1 11 0 T 0.0 M 2.5 7 270 M M 10 2 7 270
7 56 52 54 -1 11 0 T 0.0 0 2.1 6 290 M M 10 1 6 290
8 61 51 56 1 9 0 0.00 0.0 0 2.6 7 360 M M 10 18 8 M
9 66 55 61 6 4 0 0.00 0.0 0 3.8 8 300 M M 6 1 10 290
10 69 52 61 6 4 0 0.36 0.0 0 3.3 8 270 M M 9 2 12 M
11 66 47 57 2 8 0 0.00 0.0 0 2.6 7 320 M M 2 2 7 M
12 69 50 60 5 5 0 0.00 0.0 0 2.8 8 310 M M 4 2 8 M
13 71 50 61 6 4 0 T 0.0 0 2.0 6 360 M M 4 2 7 M
14 65 52 59 4 6 0 0.01 0.0 0 6.7 12 20 M M 5 2 18 M
15 67 47 57 2 8 0 0.00 0.0 0 4.0 14 10 M M 0 16 M
16 70 47 59 5 6 0 0.00 0.0 0 6.0 12 10 M M 0 14 M
17 65 48 57 3 8 0 0.00 0.0 0 4.7 9 10 M M 1 14 M
18 61 46 54 0 11 0 0.00 0.0 0 3.7 8 350 M M 1 10 M
19 60 52 56 2 9 0 0.01 0.0 0 1.8 5 30 M M 8 1 6 M
20 63 49 56 2 9 0 0.00 0.0 0 5.1 13 330 M M 4 18 20 M
21 60 49 55 1 10 0 0.00 0.0 0 7.2 14 350 M M 3 24 M
22 56 43 50 -4 15 0 0.00 0.0 0 6.6 17 350 M M 2 30 M
23 59 39 49 -5 16 0 T 0.0 0 3.5 9 360 M M 1 15 M
24 58 44 51 -3 14 0 0.01 0.0 0 3.5 10 310 M M 6 1 12 M
25 62 41 52 -2 13 0 0.00 0.0 0 2.9 9 360 M M 4 18 14 M
26 64 35 50 -4 15 0 0.00 0.0 0 2.5 6 360 M M 0 9 M
27 61 37 49 -5 16 0 0.00 0.0 0 2.0 6 320 M M 0 7 M
28 64 39 52 -1 13 0 0.00 0.0 M 1.5 5 300 M M 0 5 M
29 65 40 53 0 12 0 0.00 0.0 0 1.3 5 310 M M 0 2 6 M
30 57 41 49 -4 16 0 0.00 0.0 0 1.3 6 360 M M 5 2 6 M
31 55 44 50 -3 15 0 0.00 0.0 0 2.1 8 290 M M 8 2 8 M
================================================================================
SM 1927 1465 310 0 0.41 0.0 96.9 M 149
================================================================================
AV 62.2 47.3 3.1 FASTST M M 5 MAX(MPH)
MISC ----> 17 350 30 9999
================================================================================
NOTES:
# LAST OF SEVERAL OCCURRENCES
COLUMN 17 PEAK WIND IN M.P.H.
PRELIMINARY LOCAL CLIMATOLOGICAL DATA (WS FORM: F-6) , PAGE 2
STATION: EUREKA CA
MONTH: OCTOBER
YEAR: 2020
LATITUDE: 40 47 N
LONGITUDE: 124 10 W
[TEMPERATURE DATA] [PRECIPITATION DATA] SYMBOLS USED IN COLUMN 16
AVERAGE MONTHLY: 54.7 TOTAL FOR MONTH: 0.41 1 = FOG OR MIST
DPTR FM NORMAL: 0.3 DPTR FM NORMAL: -1.39 2 = FOG REDUCING VISIBILITY
HIGHEST: 71 ON 13 GRTST 24HR 0.36 ON 10-11 TO 1/4 MILE OR LESS
LOWEST: 35 ON 26 3 = THUNDER
SNOW, ICE PELLETS, HAIL 4 = ICE PELLETS
TOTAL MONTH: 0.0 INCH 5 = HAIL
GRTST 24HR 0.0 6 = FREEZING RAIN OR DRIZZLE
GRTST DEPTH: 0 7 = DUSTSTORM OR SANDSTORM:
VSBY 1/2 MILE OR LESS
8 = SMOKE OR HAZE
[NO. OF DAYS WITH] [WEATHER - DAYS WITH] 9 = BLOWING SNOW
X = TORNADO
MAX 32 OR BELOW: 0 0.01 INCH OR MORE: 6
MAX 90 OR ABOVE: 0 0.10 INCH OR MORE: 1
MIN 32 OR BELOW: 0 0.50 INCH OR MORE: 0
MIN 0 OR BELOW: 0 1.00 INCH OR MORE: 0
[HDD (BASE 65) ]
TOTAL THIS MO. 310 CLEAR (SCALE 0-3) 12
DPTR FM NORMAL -19 PTCLDY (SCALE 4-7) 11
TOTAL FM JUL 1 844 CLOUDY (SCALE 8-10) 8
DPTR FM NORMAL -150
[CDD (BASE 65) ]
TOTAL THIS MO. 0
DPTR FM NORMAL 0 [PRESSURE DATA]
TOTAL FM JAN 1 14 HIGHEST SLP 30.34 ON 14
DPTR FM NORMAL 14 LOWEST SLP 29.85 ON 10
[REMARKS]
#FINAL-10-20#