000
CXUS51 KRLX 021914
CF6EKN
PRELIMINARY LOCAL CLIMATOLOGICAL DATA (WS FORM: F-6)
STATION: ELKINS WV
MONTH: JANUARY
YEAR: 2021
LATITUDE: 38 52 N
LONGITUDE: 79 51 W
TEMPERATURE IN F: :PCPN: SNOW: WIND :SUNSHINE: SKY :PK WND
================================================================================
1 2 3 4 5 6A 6B 7 8 9 10 11 12 13 14 15 16 17 18
12Z AVG MX 2MIN
DY MAX MIN AVG DEP HDD CDD WTR SNW DPTH SPD SPD DIR MIN PSBL S-S WX SPD DR
================================================================================
1 49 33 41 12 24 0 0.46 0.0 0 5.3 18 140 M M 8 1 23 150
2 57 30 44 15 21 0 0.05 0.0 0 5.6 26 280 M M 8 12 38 270
3 46 31 39 10 26 0 0.28 0.0 0 3.5 13 290 M M 10 12 17 250
4 35 32 34 5 31 0 0.06 0.2 T 2.3 9 250 M M 10 1 11 260
5 35 32 34 5 31 0 0.03 T 0 3.5 12 290 M M 10 1 16 290
6 32 31 32 3 33 0 T 0.6 1 6.5 13 300 M M 10 1 17 290
7 35 25 30 1 35 0 T T 1 3.5 12 330 M M 7 16 330
8 36 25 31 2 34 0 0.00 0.0 0 4.0 12 320 M M 8 14 320
9 34 25 30 1 35 0 0.00 0.0 0 4.2 13 290 M M 8 18 290
10 42 17 30 1 35 0 0.00 0.0 0 0.3 7 300 M M 2 9 350
11 41 18 30 1 35 0 0.00 0.0 0 2.7 15 250 M M 4 19 260
12 44 21 33 4 32 0 0.00 0.0 0 2.9 13 280 M M 4 16 280
13 48 24 36 7 29 0 0.00 0.0 0 3.6 13 240 M M 2 16 290
14 51 22 37 8 28 0 0.00 0.0 0 0.6 8 140 M M 0 12 150
15 48 22 35 6 30 0 0.12 0.3 0 2.8 21 160 M M 5 123 32 160
16 31 26 29 0 36 0 0.14 5.2 T 6.0 18 260 M M 10 128 28 300
17 34 29 32 3 33 0 0.04 1.6 5 8.3 21 260 M M 10 8 29 250
18 32 27 30 1 35 0 0.04 1.0 5 9.2 18 260 M M 10 26 240
19 38 18 28 -1 37 0 0.08 1.4 6 5.5 18 280 M M 6 1 27 240
20 37 9 23 -6 42 0 0.03 1.2 6 8.4 24 290 M M 8 18 39 290
21 38 9 24 -5 41 0 0.00 0.0 5 10.4 22 230 M M 5 30 220
22 37 26 32 3 33 0 0.00 0.0 4 10.8 23 250 M M 6 33 280
23 27 10 19 -10 46 0 T T 4 6.1 16 290 M M 4 22 290
24 33 9 21 -8 44 0 0.05 0.5 4 0.8 7 280 M M 7 1 8 280
25 40 33 37 8 28 0 0.32 0.0 4 0.6 14 320 M M 9 12 17 320
26 61 36 49 20 16 0 0.20 0.0 2 9.4 23 250 M M 9 1 34 230
27 42 27 35 5 30 0 T T 0 7.1 16 280 M M 10 18 24 250
28 27 17 22 -8 43 0 0.02 1.4 1 10.3 20 340 M M 10 27 340
29 25 10 18 -12 47 0 0.01 0.2 1 6.4 17 300 M M 5 24 300
30 37 6 22 -8 43 0 0.00 0.0 1 0.4 6 280 M M 2 8 6 320
31 38 30 34 4 31 0 1.02 4.2 5 3.2 15 170 M M 10 12 22 130
================================================================================
SM 1210 710 1044 0 2.95 17.8 154.2 M 217
================================================================================
AV 39.0 22.9 5.0 FASTST M M 7 MAX(MPH)
MISC ----> 26 280 39 290
================================================================================
NOTES:
# LAST OF SEVERAL OCCURRENCES
COLUMN 17 PEAK WIND IN M.P.H.
PRELIMINARY LOCAL CLIMATOLOGICAL DATA (WS FORM: F-6) , PAGE 2
STATION: ELKINS WV
MONTH: JANUARY
YEAR: 2021
LATITUDE: 38 52 N
LONGITUDE: 79 51 W
[TEMPERATURE DATA] [PRECIPITATION DATA] SYMBOLS USED IN COLUMN 16
AVERAGE MONTHLY: 31.0 TOTAL FOR MONTH: 2.95 1 = FOG OR MIST
DPTR FM NORMAL: 1.8 DPTR FM NORMAL: -0.28 2 = FOG REDUCING VISIBILITY
HIGHEST: 61 ON 26 GRTST 24HR 1.61 ON 25-26 TO 1/4 MILE OR LESS
LOWEST: 6 ON 30 3 = THUNDER
SNOW, ICE PELLETS, HAIL 4 = ICE PELLETS
TOTAL MONTH: 17.8 INCHES 5 = HAIL
GRTST 24HR 5.2 ON 16-16 6 = FREEZING RAIN OR DRIZZLE
GRTST DEPTH: 6 ON 20,19 7 = DUSTSTORM OR SANDSTORM:
VSBY 1/2 MILE OR LESS
8 = SMOKE OR HAZE
[NO. OF DAYS WITH] [WEATHER - DAYS WITH] 9 = BLOWING SNOW
X = TORNADO
MAX 32 OR BELOW: 6 0.01 INCH OR MORE: 17
MAX 90 OR ABOVE: 0 0.10 INCH OR MORE: 7
MIN 32 OR BELOW: 28 0.50 INCH OR MORE: 1
MIN 0 OR BELOW: 0 1.00 INCH OR MORE: 1
[HDD (BASE 65) ]
TOTAL THIS MO. 1044 CLEAR (SCALE 0-3) 4
DPTR FM NORMAL -66 PTCLDY (SCALE 4-7) 12
TOTAL FM JUL 1 2988 CLOUDY (SCALE 8-10) 15
DPTR FM NORMAL -414
[CDD (BASE 65) ]
TOTAL THIS MO. 0
DPTR FM NORMAL 0 [PRESSURE DATA]
TOTAL FM JAN 1 0 HIGHEST SLP 30.49 ON 28
DPTR FM NORMAL 0 LOWEST SLP 29.58 ON 15
[REMARKS]
#FINAL-01-21#