000
CXUS56 KLKN 071943
CF6ELY
PRELIMINARY LOCAL CLIMATOLOGICAL DATA (WS FORM: F-6)
STATION: ELY AIRPORT NV
MONTH: JUNE
YEAR: 2020
LATITUDE: 39 16 N
LONGITUDE: 114 51 W
TEMPERATURE IN F: :PCPN: SNOW: WIND :SUNSHINE: SKY :PK WND
================================================================================
1 2 3 4 5 6A 6B 7 8 9 10 11 12 13 14 15 16 17 18
12Z AVG MX 2MIN
DY MAX MIN AVG DEP HDD CDD WTR SNW DPTH SPD SPD DIR MIN PSBL S-S WX SPD DR
================================================================================
1 82 44 63 8 2 0 0.00 0.0 0 12.2 28 180 M M 0 39 160
2 85 40 63 8 2 0 0.00 0.0 0 8.2 24 210 M M 0 33 230
3 88 45 67 11 0 2 0.01 0.0 0 9.7 15 310 M M 0 50 260
4 89 42 66 10 0 1 0.00 0.0 0 10.7 25 200 M M 0 33 190
5 88 50 69 13 0 4 0.00 0.0 0 17.1 37 160 M M 0 51 180
6 71 43 57 0 8 0 0.10 0.0 0 11.1 29 250 M M 3 3 37 220
7 55 34 45 -12 20 0 0.00 0.0 0 12.6 30 320 M M 4 37 250
8 57 26 42 -15 23 0 T T 0 10.0 24 330 M M 3 8 33 330
9 72 24 48 -10 17 0 0.00 0.0 0 6.9 17 10 M M 1 23 340
10 78 33 56 -2 9 0 0.00 0.0 0 7.4 14 190 M M 1 20 170
11 85 41 63 5 2 0 0.00 0.0 0 14.1 24 210 M M 0 32 210
12 85 45 65 6 0 0 0.00 0.0 0 22.0 39 160 M M 0 52 170
13 73 42 58 -1 7 0 0.00 0.0 0 14.3 33 200 M M 2 42 200
14 77 30 54 -5 11 0 0.00 0.0 0 7.6 21 220 M M 0 31 190
15 81 36 59 -1 6 0 0.00 0.0 0 12.5 25 200 M M 0 35 200
16 81 49 65 5 0 0 0.00 0.0 0 13.5 32 230 M M 5 42 230
17 68 35 52 -8 13 0 0.00 0.0 0 9.5 18 360 M M 0 23 10
18 72 31 52 -9 13 0 0.00 0.0 0 8.1 17 30 M M 0 22 360
19 81 33 57 -4 8 0 0.00 0.0 0 7.5 21 280 M M 0 29 200
20 85 38 62 0 3 0 0.00 0.0 0 9.0 16 20 M M 0 22 30
21 90 44 67 5 0 2 0.00 0.0 0 9.5 23 210 M M 0 30 220
22 91 44 68 6 0 3 0.00 0.0 0 8.1 18 20 M M 0 23 30
23 90 52 71 8 0 6 0.00 0.0 0 7.3 25 240 M M 1 31 250
24 87 55 71 8 0 6 0.12 0.0 0 7.6 28 240 M M 1 3 37 240
25 82 50 66 3 0 1 0.00 0.0 0 10.4 33 10 M M 2 43 20
26 87 47 67 3 0 2 T 0.0 0 7.6 22 150 M M 1 3 31 170
27 92 44 68 4 0 3 0.00 0.0 0 10.0 23 200 M M 0 29 200
28 87 46 67 3 0 2 0.00 0.0 0 18.2 39 200 M M 3 53 240
29 66 36 51 -14 14 0 0.00 0.0 0 9.2 21 320 M M 4 26 320
30 74 33 54 -11 11 0 0.00 0.0 0 7.7 18 330 M M 3 25 330
================================================================================
SM 2399 1212 169 32 0.23 T 319.6 M 34
================================================================================
AV 80.0 40.4 10.7 FASTST M M 1 MAX(MPH)
MISC ----> # 39 160 # 53 240
================================================================================
NOTES:
# LAST OF SEVERAL OCCURRENCES
COLUMN 17 PEAK WIND IN M.P.H.
PRELIMINARY LOCAL CLIMATOLOGICAL DATA (WS FORM: F-6) , PAGE 2
STATION: ELY AIRPORT NV
MONTH: JUNE
YEAR: 2020
LATITUDE: 39 16 N
LONGITUDE: 114 51 W
[TEMPERATURE DATA] [PRECIPITATION DATA] SYMBOLS USED IN COLUMN 16
AVERAGE MONTHLY: 60.2 TOTAL FOR MONTH: 0.23 1 = FOG OR MIST
DPTR FM NORMAL: 0.2 DPTR FM NORMAL: -0.44 2 = FOG REDUCING VISIBILITY
HIGHEST: 92 ON 27 GRTST 24HR 0.12 ON 24-24 TO 1/4 MILE OR LESS
LOWEST: 24 ON 9 3 = THUNDER
SNOW, ICE PELLETS, HAIL 4 = ICE PELLETS
TOTAL MONTH: T 5 = HAIL
GRTST 24HR T ON 8- 8 6 = FREEZING RAIN OR DRIZZLE
GRTST DEPTH: 0 7 = DUSTSTORM OR SANDSTORM:
VSBY 1/2 MILE OR LESS
8 = SMOKE OR HAZE
[NO. OF DAYS WITH] [WEATHER - DAYS WITH] 9 = BLOWING SNOW
X = TORNADO
MAX 32 OR BELOW: 0 0.01 INCH OR MORE: 3
MAX 90 OR ABOVE: 4 0.10 INCH OR MORE: 2
MIN 32 OR BELOW: 4 0.50 INCH OR MORE: 0
MIN 0 OR BELOW: 0 1.00 INCH OR MORE: 0
[HDD (BASE 65) ]
TOTAL THIS MO. 169 CLEAR (SCALE 0-3) 24
DPTR FM NORMAL -6 PTCLDY (SCALE 4-7) 6
TOTAL FM JUL 1 7137 CLOUDY (SCALE 8-10) 0
DPTR FM NORMAL -385
[CDD (BASE 65) ]
TOTAL THIS MO. 32
DPTR FM NORMAL 9 [PRESSURE DATA]
TOTAL FM JAN 1 47 HIGHEST SLP 30.29 ON 9
DPTR FM NORMAL 23 LOWEST SLP 29.16 ON 28
[REMARKS]
#FINAL-06-20#