000
CXUS56 KOTX 011010
CF6EPH
PRELIMINARY LOCAL CLIMATOLOGICAL DATA (WS FORM: F-6)
STATION: EPHRATA WA AIRPORT
MONTH: NOVEMBER
YEAR: 2022
LATITUDE: 47 18 N
LONGITUDE: 119 31 W
TEMPERATURE IN F: :PCPN: SNOW: WIND :SUNSHINE: SKY :PK WND
================================================================================
1 2 3 4 5 6A 6B 7 8 9 10 11 12 13 14 15 16 17 18
12Z AVG MX 2MIN
DY MAX MIN AVG DEP HDD CDD WTR SNW DPTH SPD SPD DIR MIN PSBL S-S WX SPD DR
================================================================================
1 48 37 43 0 22 0 0.01 M M 4.9 13 200 M M 8 15 200
2 49 30 40 -3 25 0 T M M 7.0 16 330 M M 5 12 19 330
3 41 20 31 -11 34 0 0.03 M M 6.2 15 160 M M 4 8 21 160
4 55 37 46 4 19 0 T M M 9.3 31 230 M M 5 40 230
5 56 26 41 0 24 0 0.00 M M 15.3 38 310 M M 1 8 48 310
6 42 27 35 -6 30 0 0.36 M M 7.1 18 190 M M 9 1 26 160
7 47 32 40 -1 25 0 0.04 M M 9.2 17 30 M M 7 1 22 210
8 38 28 33 -7 32 0 T M M 17.8 33 350 M M 5 38 350
9 39 25 32 -8 33 0 0.00 M M 15.7 33 340 M M 0 41 340
10 36 21 29 -10 36 0 0.00 M M 9.1 17 310 M M 0 19 310
11 37 23 30 -9 35 0 0.00 M M 10.7 16 360 M M 4 19 360
12 41 25 33 -6 32 0 0.00 M M 8.5 15 310 M M 2 18 310
13 35 19 27 -11 38 0 0.00 M M 5.6 15 10 M M 2 19 30
14 39 18 29 -9 36 0 0.00 M M 8.1 15 310 M M 4 1 19 320
15 32 21 27 -11 38 0 0.00 M M 5.2 14 310 M M 8 1 17 310
16 33 28 31 -6 34 0 0.00 M M 3.7 14 340 M M 10 16 340
17 43 22 33 -4 32 0 0.00 M M 11.9 25 60 M M 4 30 40
18 36 15 26 -11 39 0 0.00 M M 6.2 15 310 M M 0 18 310
19 34 15 25 -11 40 0 0.00 M M 8.4 14 310 M M 0 17 310
20 33 17 25 -11 40 0 0.00 M M 4.7 13 320 M M 0 18 16 310
21 35 19 27 -9 38 0 0.00 M M 2.1 7 220 M M 6 18 8 210
22 30 21 26 -9 39 0 0.18 M M 3.2 10 210 M M 4 16 13 220
23 34 17 26 -9 39 0 0.00 M M 7.2 14 350 M M 5 12 16 20
24 42 28 35 0 30 0 0.00 M M 7.6 13 10 M M 4 1 14 10
25 33 27 30 -4 35 0 0.00 M M 3.5 14 240 M M 8 12 17 230
26 30 21 26 -8 39 0 T M M 5.2 13 30 M M 9 12 15 10
27 44 24 34 0 31 0 0.00 M M 12.1 31 290 M M 0 37 280
28 32 20 26 -7 39 0 T M M 13.1 24 360 M M 5 29 360
29 22 16 19 -14 46 0 0.27 M M 9.9 24 330 M M 5 1 28 330
30 29 14 22 -11 43 0 0.14 M M 8.1 16 300 M M 7 18 20 310
================================================================================
SM 1145 693 1023 0 1.03 M 246.6 M 131
================================================================================
AV 38.2 23.1 8.2 FASTST M M 4 MAX(MPH)
MISC ----> 38 310 48 310
================================================================================
NOTES:
# LAST OF SEVERAL OCCURRENCES
COLUMN 17 PEAK WIND IN M.P.H.
PRELIMINARY LOCAL CLIMATOLOGICAL DATA (WS FORM: F-6) , PAGE 2
STATION: EPHRATA WA AIRPORT
MONTH: NOVEMBER
YEAR: 2022
LATITUDE: 47 18 N
LONGITUDE: 119 31 W
[TEMPERATURE DATA] [PRECIPITATION DATA] SYMBOLS USED IN COLUMN 16
AVERAGE MONTHLY: 30.6 TOTAL FOR MONTH: 1.03 1 = FOG OR MIST
DPTR FM NORMAL: -7.0 DPTR FM NORMAL: 0.17 2 = FOG REDUCING VISIBILITY
HIGHEST: 56 ON 5 GRTST 24HR 0.41 ON 29-30 TO 1/4 MILE OR LESS
LOWEST: 14 ON 30 3 = THUNDER
SNOW, ICE PELLETS, HAIL 4 = ICE PELLETS
TOTAL MONTH: M 5 = HAIL
GRTST 24HR M ON M 6 = FREEZING RAIN OR DRIZZLE
GRTST DEPTH: M ON M 7 = DUSTSTORM OR SANDSTORM:
VSBY 1/2 MILE OR LESS
8 = SMOKE OR HAZE
[NO. OF DAYS WITH] [WEATHER - DAYS WITH] 9 = BLOWING SNOW
X = TORNADO
MAX 32 OR BELOW: 6 0.01 INCH OR MORE: 7
MAX 90 OR ABOVE: 0 0.10 INCH OR MORE: 4
MIN 32 OR BELOW: 28 0.50 INCH OR MORE: 0
MIN 0 OR BELOW: 0 1.00 INCH OR MORE: 0
[HDD (BASE 65) ]
TOTAL THIS MO. 1023 CLEAR (SCALE 0-3) 9
DPTR FM NORMAL 201 PTCLDY (SCALE 4-7) 17
TOTAL FM JUL 1 1287 CLOUDY (SCALE 8-10) 4
DPTR FM NORMAL -82
[CDD (BASE 65) ]
TOTAL THIS MO. 0
DPTR FM NORMAL 0 [PRESSURE DATA]
TOTAL FM JAN 1 1118 HIGHEST SLP M ON M
DPTR FM NORMAL 275 LOWEST SLP 29.29 ON 4
[REMARKS]
#FINAL-11-22#