000
CXUS51 KCLE 010900
CF6ERI
PRELIMINARY LOCAL CLIMATOLOGICAL DATA (WS FORM: F-6)
STATION: ERIE PA
MONTH: FEBRUARY
YEAR: 2021
LATITUDE: 42 4 N
LONGITUDE: 80 11 W
TEMPERATURE IN F: :PCPN: SNOW: WIND :SUNSHINE: SKY :PK WND
================================================================================
1 2 3 4 5 6A 6B 7 8 9 10 11 12 13 14 15 16 17 18
12Z AVG MX 2MIN
DY MAX MIN AVG DEP HDD CDD WTR SNW DPTH SPD SPD DIR MIN PSBL S-S WX SPD DR
================================================================================
1 31 27 29 2 36 0 0.16 1.2 2 16.1 24 40 M M 10 18 32 30
2 32 24 28 1 37 0 T T 3 11.5 17 340 M M 8 8 25 320
3 33 27 30 3 35 0 0.00 0.0 3 9.7 15 280 M M 1 22 320
4 41 21 31 4 34 0 0.10 T 3 10.3 25 150 M M 3 18 36 150
5 39 24 32 5 33 0 0.07 T 2 16.1 26 220 M M 9 1 40 260
6 26 16 21 -6 44 0 T T 2 11.5 26 260 M M 4 39 260
7 23 16 20 -7 45 0 0.03 0.6 2 11.0 18 280 M M 9 8 27 270
8 24 13 19 -8 46 0 0.04 1.1 2 5.3 12 180 M M 10 8 14 210
9 25 20 23 -4 42 0 0.08 1.3 3 5.3 10 220 M M 10 18 14 220
10 22 15 19 -9 46 0 0.03 0.4 4 4.6 9 300 M M 8 8 15 300
11 26 17 22 -6 43 0 T T 3 6.8 13 60 M M 7 8 14 30
12 28 19 24 -4 41 0 0.00 0.0 3 10.2 17 50 M M 7 21 50
13 28 17 23 -5 42 0 T T 3 9.2 17 60 M M 6 18 20 60
14 26 18 22 -6 43 0 T T 3 5.4 14 310 M M 8 18 19 300
15 26 19 23 -5 42 0 0.29 2.1 2 10.6 33 50 M M 10 1268 41 40
16 27 20 24 -4 41 0 0.28 1.3 3 11.6 30 50 M M 10 189 37 40
17 23 8 16 -12 49 0 0.01 0.4 4 6.6 16 60 M M 5 8 18 60
18 28 21 25 -4 40 0 0.05 1.4 4 7.2 15 30 M M 10 8 17 50
19 29 20 25 -4 40 0 0.03 0.3 5 7.9 17 260 M M 10 18 24 260
20 23 16 20 -9 45 0 0.12 1.0 5 10.5 18 250 M M 10 8 25 250
21 35 10 23 -6 42 0 0.00 0.0 4 8.8 24 160 M M 1 8 35 150
22 40 32 36 7 29 0 0.05 T 3 16.9 29 260 M M 10 8 41 260
23 42 33 38 8 27 0 0.08 0.1 3 16.4 25 250 M M 6 18 38 250
24 56 34 45 15 20 0 0.00 0.0 2 14.7 33 180 M M 5 45 250
25 35 27 31 1 34 0 T T 0 8.0 16 270 M M 6 20 270
26 42 21 32 2 33 0 0.00 0.0 0 7.5 22 160 M M 2 18 33 140
27 44 32 38 8 27 0 0.25 0.0 0 11.7 30 160 M M 7 18 39 150
28 54 34 44 13 21 0 T 0.0 0 12.3 26 150 M M 5 34 130
================================================================================
SM 908 601 1057 0 1.67 11.2 283.7 M 197
================================================================================
AV 32.4 21.5 10.1 FASTST M M 7 MAX(MPH)
MISC ----> # 33 50 45 250
================================================================================
NOTES:
# LAST OF SEVERAL OCCURRENCES
COLUMN 17 PEAK WIND IN M.P.H.
PRELIMINARY LOCAL CLIMATOLOGICAL DATA (WS FORM: F-6) , PAGE 2
STATION: ERIE PA
MONTH: FEBRUARY
YEAR: 2021
LATITUDE: 42 4 N
LONGITUDE: 80 11 W
[TEMPERATURE DATA] [PRECIPITATION DATA] SYMBOLS USED IN COLUMN 16
AVERAGE MONTHLY: 26.9 TOTAL FOR MONTH: 1.67 1 = FOG OR MIST
DPTR FM NORMAL: -1.4 DPTR FM NORMAL: -0.72 2 = FOG REDUCING VISIBILITY
HIGHEST: 56 ON 24 GRTST 24HR 0.48 ON 15-16 TO 1/4 MILE OR LESS
LOWEST: 8 ON 17 3 = THUNDER
SNOW, ICE PELLETS, HAIL 4 = ICE PELLETS
TOTAL MONTH: 11.2 INCHES 5 = HAIL
GRTST 24HR 2.1 ON 15-15 6 = FREEZING RAIN OR DRIZZLE
GRTST DEPTH: 5 ON 20,19 7 = DUSTSTORM OR SANDSTORM:
VSBY 1/2 MILE OR LESS
8 = SMOKE OR HAZE
[NO. OF DAYS WITH] [WEATHER - DAYS WITH] 9 = BLOWING SNOW
X = TORNADO
MAX 32 OR BELOW: 17 0.01 INCH OR MORE: 16
MAX 90 OR ABOVE: 0 0.10 INCH OR MORE: 6
MIN 32 OR BELOW: 25 0.50 INCH OR MORE: 0
MIN 0 OR BELOW: 0 1.00 INCH OR MORE: 0
[HDD (BASE 65) ]
TOTAL THIS MO. 1057 CLEAR (SCALE 0-3) 4
DPTR FM NORMAL 30 PTCLDY (SCALE 4-7) 10
TOTAL FM JUL 1 3843 CLOUDY (SCALE 8-10) 14
DPTR FM NORMAL -523
[CDD (BASE 65) ]
TOTAL THIS MO. 0
DPTR FM NORMAL 0 [PRESSURE DATA]
TOTAL FM JAN 1 0 HIGHEST SLP 30.56 ON 21
DPTR FM NORMAL 0 LOWEST SLP 29.39 ON 5
[REMARKS]
#FINAL-02-21#