000
CXUS51 KCLE 101856 CCA
CLSERI
CLIMATE REPORT...CORRECTED
NATIONAL WEATHER SERVICE CLEVELAND, OH
1100 AM EDT WED JUN 02 2021
...................................
...THE ERIE PA CLIMATE SUMMARY FOR THE SEASON, FROM
3/1/2021 TO 5/31/2021...
CLIMATE NORMAL PERIOD 1991 TO 2020
CLIMATE RECORD PERIOD 1873 TO 2021
WEATHER OBSERVED NORMAL DEPART
VALUE DATE(S) VALUE FROM
NORMAL
................................................
TEMPERATURE (F)
RECORD
HIGH 91 05/30/1879
LOW -9 03/02/1980
HIGHEST 88 05/20
LOWEST 15 03/07
AVG. MAXIMUM 59.4 56.5 2.9
AVG. MINIMUM 41.7 38.4 3.3
MEAN 50.5 47.4 3.1
DAYS MAX >= 90 0 0.2
DAYS MAX <= 32 2 6.3
DAYS MIN <= 32 22 30.3
DAYS MIN <= 0 0 0.1
PRECIPITATION (INCHES)
RECORD
MAXIMUM 19.76 2011
MINIMUM 4.46 1962
TOTALS 6.22 10.05 -3.83
DAYS >= .01 29 41.8
DAYS >= .10 17 24.8
DAYS >= .50 2 6.1
DAYS >= 1.00 1 1.0
SNOWFALL (INCHES)
RECORDS
TOTAL 42.0 2018
TOTALS 4.8 17.1
DAYS >= TRACE 9
DAYS >= 1.0 2 4.5
DEGREE DAYS
HEATING TOTAL 1397 1668 -271
COOLING TOTAL 90 52 38
................................................
WIND (MPH)
HIGHEST GUST SPEED/DIRECTION 56/270 DATE 03/26
SKY COVER
POSSIBLE SUNSHINE (PERCENT) MM
NUMBER OF DAYS FAIR 44
NUMBER OF DAYS PC 31
NUMBER OF DAYS CLOUDY 17
WEATHER CONDITIONS. NUMBER OF DAYS WITH
THUNDERSTORM 2 MIXED PRECIP 0
HEAVY RAIN 4 RAIN 8
LIGHT RAIN 36 FREEZING RAIN 0
LT FREEZING RAIN 0 HAIL 0
HEAVY SNOW 0 SNOW 3
LIGHT SNOW 9 SLEET 0
FOG 25 FOG W/VIS <= 1/4 MILE 2
HAZE 24
- INDICATES NEGATIVE NUMBERS.
R INDICATES RECORD WAS SET OR TIED.
MM INDICATES DATA IS MISSING.
T INDICATES TRACE AMOUNT.
$$
...CORRECTED SEASONAL PRECIPITATION TOTAL...