000
CXUS53 KDMX 011900
CF6EST
PRELIMINARY LOCAL CLIMATOLOGICAL DATA (WS FORM: F-6)
STATION: ESTHERVILLE IA
MONTH: MAY
YEAR: 2021
LATITUDE: 43 24 N
LONGITUDE: 94 45 W
TEMPERATURE IN F: :PCPN: SNOW: WIND :SUNSHINE: SKY :PK WND
================================================================================
1 2 3 4 5 6A 6B 7 8 9 10 11 12 13 14 15 16 17 18
12Z AVG MX 2MIN
DY MAX MIN AVG DEP HDD CDD WTR SNW DPTH SPD SPD DIR MIN PSBL S-S WX SPD DR
================================================================================
1 93 50 72 21 0 7 0.00 0.0 0 19.7 33 240 M M 0 45 230
2 78 53 66 14 0 1 0.06 0.0 0 9.9 23 10 M M 4 3 28 10
3 66 44 55 3 10 0 0.00 0.0 0 21.4 35 360 M M 4 49 350
4 59 35 47 -5 18 0 0.00 0.0 0 17.1 28 350 M M 0 49 350
5 54 28 41 -12 24 0 0.03 0.0 0 9.7 20 30 M M 6 1 24 30
6 61 31 46 -7 19 0 0.00 0.0 0 13.2 25 320 M M 3 1 39 310
7 60 35 48 -6 17 0 0.00 0.0 0 10.8 20 350 M M 1 27 10
8 51 32 42 -12 23 0 0.23 M 0 14.7 25 130 M M 5 1 31 130
9 61 37 49 -6 16 0 0.00 0.0 0 10.5 18 310 M M 7 24 320
10 58 34 46 -9 19 0 0.00 0.0 0 10.0 22 50 M M 4 8 28 40
11 60 26 43 -13 22 0 0.00 0.0 0 5.6 15 100 M M 0 22 100
12 64 30 47 -9 18 0 0.00 0.0 0 7.1 18 210 M M 0 27 140
13 68 38 53 -3 12 0 0.00 0.0 0 12.2 26 200 M M 1 38 220
14 59 45 52 -5 13 0 0.11 0.0 0 13.4 22 180 M M 6 1 30 170
15 75 44 60 3 5 0 0.05 0.0 0 7.5 18 340 M M 2 1 27 330
16 69 43 56 -2 9 0 0.00 0.0 0 10.0 22 160 M M 3 12 26 170
17 70 42 56 -2 9 0 0.00 0.0 0 14.5 28 120 M M 7 12 35 100
18 63 56 60 2 5 0 0.01 0.0 0 12.8 21 130 M M 10 1 28 120
19 73 59 66 7 0 1 0.45 0.0 0 12.5 28 150 M M 9 123 35 150
20 71 62 67 8 0 2 0.09 0.0 0 13.8 23 170 M M 9 1 30 180
21 79 62 71 11 0 6 T 0.0 0 16.3 28 180 M M 6 1 38 190
22 80 64 72 12 0 7 0.00 0.0 0 13.9 23 180 M M 6 29 170
23 81 65 73 13 0 8 0.07 0.0 0 9.7 17 190 M M 5 13 24 190
24 82 65 74 13 0 9 0.00 0.0 0 15.0 24 240 M M 4 33 210
25 86 56 71 10 0 6 0.00 0.0 0 17.0 30 250 M M 3 41 280
26 68 51 60 -2 5 0 0.00 0.0 0 12.9 25 60 M M 1 34 330
27 57 40 49 -13 16 0 1.30 0.0 0 20.0 30 70 M M 10 13 38 80
28 53 38 46 -16 19 0 T 0.0 0 13.5 25 40 M M 8 1 31 40
29 61 31 46 -17 19 0 0.00 0.0 0 8.8 20 130 M M 1 12 26 150
30 58 47 53 -10 12 0 0.41 0.0 0 10.1 20 180 M M 9 1 25 190
31 78 47 63 -1 2 0 0.00 0.0 0 9.2 18 320 M M 1 1 27 250
================================================================================
SM 2096 1390 312 47 2.81 0.0 392.8 M 135
================================================================================
AV 67.6 44.8 12.7 FASTST M M 4 MAX(MPH)
MISC ----> 35 360 # 49 350
================================================================================
NOTES:
# LAST OF SEVERAL OCCURRENCES
COLUMN 17 PEAK WIND IN M.P.H.
PRELIMINARY LOCAL CLIMATOLOGICAL DATA (WS FORM: F-6) , PAGE 2
STATION: ESTHERVILLE IA
MONTH: MAY
YEAR: 2021
LATITUDE: 43 24 N
LONGITUDE: 94 45 W
[TEMPERATURE DATA] [PRECIPITATION DATA] SYMBOLS USED IN COLUMN 16
AVERAGE MONTHLY: 56.2 TOTAL FOR MONTH: 2.81 1 = FOG OR MIST
DPTR FM NORMAL: -1.4 DPTR FM NORMAL: -1.69 2 = FOG REDUCING VISIBILITY
HIGHEST: 93 ON 1 GRTST 24HR 1.30 ON 27-27 TO 1/4 MILE OR LESS
LOWEST: 26 ON 11 3 = THUNDER
SNOW, ICE PELLETS, HAIL 4 = ICE PELLETS
TOTAL MONTH: 0.0 INCH 5 = HAIL
GRTST 24HR 0.0 6 = FREEZING RAIN OR DRIZZLE
GRTST DEPTH: 0 7 = DUSTSTORM OR SANDSTORM:
VSBY 1/2 MILE OR LESS
8 = SMOKE OR HAZE
[NO. OF DAYS WITH] [WEATHER - DAYS WITH] 9 = BLOWING SNOW
X = TORNADO
MAX 32 OR BELOW: 0 0.01 INCH OR MORE: 11
MAX 90 OR ABOVE: 1 0.10 INCH OR MORE: 5
MIN 32 OR BELOW: 6 0.50 INCH OR MORE: 1
MIN 0 OR BELOW: 0 1.00 INCH OR MORE: 1
[HDD (BASE 65) ]
TOTAL THIS MO. 312 CLEAR (SCALE 0-3) 11
DPTR FM NORMAL 50 PTCLDY (SCALE 4-7) 15
TOTAL FM JUL 1 7749 CLOUDY (SCALE 8-10) 5
DPTR FM NORMAL -116
[CDD (BASE 65) ]
TOTAL THIS MO. 47
DPTR FM NORMAL 16 [PRESSURE DATA]
TOTAL FM JAN 1 47 HIGHEST SLP 30.46 ON 12
DPTR FM NORMAL 14 LOWEST SLP 29.45 ON 2
[REMARKS]
#FINAL-05-21#