000
CXUS53 KPAH 012202
CLAEVV
CLIMATE REPORT
NATIONAL WEATHER SERVICE PADUCAH KY
352 PM CST WED JAN 1 2020
...................................
...THE EVANSVILLE IN CLIMATE SUMMARY FOR THE YEAR OF 2019...
CLIMATE NORMAL PERIOD 1981 TO 2010
CLIMATE RECORD PERIOD 1896 TO 2019
WEATHER OBSERVED NORMAL DEPART LAST YEAR`S
VALUE DATE(S) VALUE FROM VALUE DATE(S)
NORMAL
................................................................
TEMPERATURE (F)
RECORD
HIGH 111 07/28/1930
LOW -23 02/02/1951
HIGHEST 96 10/02 96 09/04
09/16 07/05
LOWEST 1 01/30 -2 01/02
AVG. MAXIMUM 67.1 66.9 0.2 66.6
AVG. MINIMUM 47.0 45.8 1.2 47.7
MEAN 57.1 56.4 0.7 57.2
DAYS MAX >= 90 44 38.0 6.0 57
DAYS MAX <= 32 13 15.5 -2.5 19
DAYS MAX >= 95 6
DAYS MAX >= 100 0
DAYS MIN <= 32 94 92.6 1.4 96
DAYS MIN <= 0 0 1.8 -1.8 1
PRECIPITATION (INCHES)
RECORD
MAXIMUM 70.03 2011
MINIMUM 0.01 1910
TOTALS 61.22 45.31 15.91 56.24
DAILY AVG. 0.17 0.12 0.05 0.16
DAYS >= .01 134 115.5 18.5 138
DAYS >= .10 86 74.9 11.1 85
DAYS >= .50 42 30.8 11.2 36
DAYS >= 1.00 18 11.9 6.1 14
DAYS >= 0.25 61
DAYS >= 2.00 5
GREATEST
24 HR. TOTAL 3.12
STORM TOTAL MM
(MM/DD(HH))
SNOWFALL (INCHES)
RECORDS
TOTAL 41.0 1918
24 HR TOTAL 19.3 12/22/2004 TO 12/22/2004
TOTALS 7.7 11.8 -4.1 14.3
LIQUID EQUIV 0.77 1.50 -0.73
SINCE 7/1 1.1 3.5 -2.4 2.2
LIQUID 7/1 0.11
SNOWDEPTH AVG. 0
DAYS >= TRACE 25 10.4 14.6 33
DAYS >= 1.0 3 3.5 -0.5
GREATEST
SNOW DEPTH 3 01/12
24 HR TOTAL 2.7 MM
STORM TOTAL MM
(MM/DD(HH))
DEGREE_DAYS
HEATING TOTAL 4403 4549 -146 4622
SINCE 7/1 MM 1772 MM
FREEZE DATES
RECORD
EARLIEST 10/03/1974
LATEST 05/10/1966
EARLIEST 10/23
LATEST 04/10
.................................................................
WIND (MPH)
AVERAGE WIND SPEED 6.5
HIGHEST WIND SPEED/DIRECTION 41/270 DATE 08/18
HIGHEST GUST SPEED/DIRECTION 60/280 DATE 08/18
SKY COVER
POSSIBLE SUNSHINE (PERCENT) MM
AVERAGE SKY COVER 0.40
NUMBER OF DAYS FAIR 204
NUMBER OF DAYS PC 84
NUMBER OF DAYS CLOUDY 77
AVERAGE RH (PERCENT) 72
WEATHER CONDITIONS. NUMBER OF DAYS WITH
THUNDERSTORM 58 MIXED PRECIP 0
HEAVY RAIN 59 RAIN 85
LIGHT RAIN 136 FREEZING RAIN 2
LT FREEZING RAIN 4 HAIL 0
HEAVY SNOW 0 SNOW 3
LIGHT SNOW 21 SLEET 1
FOG 189 FOG W/VIS <= 1/4 MILE 11
HAZE 50
- INDICATES NEGATIVE NUMBERS.
R INDICATES RECORD WAS SET OR TIED.
MM INDICATES DATA IS MISSING.
T INDICATES TRACE AMOUNT.
$$