000
CXUS52 KMHX 011320
CLMEWN
CLIMATE REPORT
NATIONAL WEATHER SERVICE NEWPORT/MOREHEAD CITY
920 AM EDT FRI SEP 01 2023
...................................
...THE NEW BERN NC CLIMATE SUMMARY FOR THE MONTH OF AUGUST 2023...
CLIMATE NORMAL PERIOD 1991 TO 2020
CLIMATE RECORD PERIOD 1948 TO 2023
WEATHER OBSERVED NORMAL DEPART LAST YEAR`S
VALUE DATE(S) VALUE FROM VALUE DATE(S)
NORMAL
................................................................
TEMPERATURE (F)
RECORD
HIGH 103 08/05/1954
LOW 50 08/30/1965
HIGHEST 97 08/14 96 08/03
08/21
08/10
LOWEST 61 08/03 62 08/18
AVG. MAXIMUM 90.6 87.9 2.7 87.9
AVG. MINIMUM 71.9 70.0 1.9 70.9
MEAN 81.3 78.9 2.4 79.4
DAYS MAX >= 90 20 12.5 7.5 14
DAYS MAX <= 32 0 0.0 0.0 0
DAYS MIN <= 32 0 0.0 0.0 0
DAYS MIN <= 0 0 0.0 0.0 0
PRECIPITATION (INCHES)
RECORD
MAXIMUM 24.23 1955
MINIMUM 1.19 2005
TOTALS 5.50 6.81 -1.31 4.83
DAILY AVG. 0.18 0.22 -0.04 0.16
DAYS >= .01 12 13.6 -1.6 10
DAYS >= .10 10 9.3 0.7 7
DAYS >= .50 4 4.4 -0.4 4
DAYS >= 1.00 2 2.0 0.0 2
GREATEST
24 HR. TOTAL 2.90 08/30 TO 08/31
DEGREE DAYS
COOLING TOTAL 511 432 79 456
SINCE 1/1 1587 1517 70 MM
................................................................
WIND (MPH)
AVERAGE WIND SPEED 6.1
RESULTANT WIND SPEED/DIRECTION 2/200
HIGHEST WIND SPEED/DIRECTION 32/030 DATE 08/31
HIGHEST GUST SPEED/DIRECTION 43/030 DATE 08/31
SKY COVER
POSSIBLE SUNSHINE (PERCENT) MM
AVERAGE SKY COVER 0.29
NUMBER OF DAYS FAIR 23
NUMBER OF DAYS PC 7
NUMBER OF DAYS CLOUDY 1
AVERAGE RH (PERCENT) 74
WEATHER CONDITIONS. NUMBER OF DAYS WITH
THUNDERSTORM 14 MIXED PRECIP 0
HEAVY RAIN 9 RAIN 7
LIGHT RAIN 15 FREEZING RAIN 0
LT FREEZING RAIN 0 HAIL 0
HEAVY SNOW 0 SNOW 0
LIGHT SNOW 0 SLEET 0
FOG 21 FOG W/VIS <= 1/4 MILE 3
HAZE 3
- INDICATES NEGATIVE NUMBERS.
R INDICATES RECORD WAS SET OR TIED.
MM INDICATES DATA IS MISSING.
T INDICATES TRACE AMOUNT.
$$