000
CXUS51 KOKX 061227
CF6EWR
PRELIMINARY LOCAL CLIMATOLOGICAL DATA (WS FORM: F-6)
STATION: NEWARK NJ
MONTH: JANUARY
YEAR: 2022
LATITUDE: 40 42 N
LONGITUDE: 74 10 W
TEMPERATURE IN F: :PCPN: SNOW: WIND :SUNSHINE: SKY :PK WND
================================================================================
1 2 3 4 5 6A 6B 7 8 9 10 11 12 13 14 15 16 17 18
12Z AVG MX 2MIN
DY MAX MIN AVG DEP HDD CDD WTR SNW DPTH SPD SPD DIR MIN PSBL S-S WX SPD DR
================================================================================
1 55 49 52 18 13 0 0.81 0.0 0 4.8 17 350 M M 10 1 19 240
2 59 36 48 14 17 0 0.04 0.0 0 11.3 24 320 M M 9 1 33 310
3 36 22 29 -5 36 0 0.00 0.0 0 17.2 30 360 M M 8 38 360
4 35 18 27 -7 38 0 0.00 0.0 0 7.6 18 340 M M 4 23 340
5 46 25 36 2 29 0 0.14 T 0 6.4 16 230 M M 8 16 22 190
6 38 31 35 2 30 0 0.00 0.0 0 9.8 22 270 M M 8 29 270
7 33 23 28 -5 37 0 0.27 5.2 5 15.1 29 290 M M 7 1 35 290
8 31 19 25 -8 40 0 0.00 0.0 4 7.5 26 300 M M 1 33 300
9 38 22 30 -3 35 0 0.08 0.0 2 11.0 22 220 M M 9 1 28 230
10 38 22 30 -3 35 0 0.00 0.0 0 15.7 25 300 M M 6 31 310
11 23 15 19 -14 46 0 T T 0 12.6 28 320 M M 2 39 330
12 40 17 29 -4 36 0 0.00 0.0 0 8.5 24 230 M M 6 29 230
13 47 27 37 4 28 0 0.00 0.0 0 3.2 13 360 M M 8 15 360
14 44 21 33 1 32 0 0.00 0.0 0 18.0 32 350 M M 6 39 360
15 21 10 16 -16 49 0 0.00 0.0 0 13.4 24 330 M M 5 29 320
16 39 6 23 -9 42 0 0.54 1.0 0 11.0 20 50 M M 6 1 29 70
17 44 33 39 7 26 0 1.30 T 0 18.0 33 290 M M 10 1 45 70
18 38 25 32 0 33 0 0.00 0.0 0 15.0 33 290 M M 5 42 290
19 49 24 37 5 28 0 0.00 0.0 0 9.5 23 200 M M 7 31 230
20 42 19 31 -1 34 0 0.25 0.1 0 12.6 23 340 M M 9 1 29 350
21 23 13 18 -14 47 0 0.00 0.0 0 15.7 23 10 M M 7 27 350
22 30 10 20 -12 45 0 0.00 0.0 0 9.3 18 10 M M 5 23 10
23 37 16 27 -5 38 0 0.01 0.3 0 7.2 17 270 M M 8 1 22 260
24 33 25 29 -3 36 0 0.00 0.0 T 6.6 15 340 M M 9 21 330
25 42 26 34 2 31 0 0.00 0.0 0 8.3 20 290 M M 7 24 290
26 28 16 22 -10 43 0 0.00 0.0 0 12.4 22 330 M M 2 30 320
27 32 11 22 -10 43 0 0.00 0.0 0 6.9 15 180 M M 3 19 200
28 32 26 29 -3 36 0 0.10 1.4 0 8.1 21 360 M M 10 18 27 10
29 27 10 19 -13 46 0 0.52 6.6 5 20.5 31 350 M M 9 19 40 10
30 24 10 17 -15 48 0 0.00 0.0 6 11.7 22 300 M M 5 30 320
31 30 11 21 -12 44 0 0.00 0.0 6 4.1 8 20 M M 5 13 310
================================================================================
SM 1134 638 1121 0 4.06 14.6 339.0 M 204
================================================================================
AV 36.6 20.6 10.9 FASTST M M 7 MAX(MPH)
MISC ----> # 33 290 45 70
================================================================================
NOTES:
# LAST OF SEVERAL OCCURRENCES
COLUMN 17 PEAK WIND IN M.P.H.
PRELIMINARY LOCAL CLIMATOLOGICAL DATA (WS FORM: F-6) , PAGE 2
STATION: NEWARK NJ
MONTH: JANUARY
YEAR: 2022
LATITUDE: 40 42 N
LONGITUDE: 74 10 W
[TEMPERATURE DATA] [PRECIPITATION DATA] SYMBOLS USED IN COLUMN 16
AVERAGE MONTHLY: 28.6 TOTAL FOR MONTH: 4.06 1 = FOG OR MIST
DPTR FM NORMAL: -4.2 DPTR FM NORMAL: 0.64 2 = FOG REDUCING VISIBILITY
HIGHEST: 59 ON 2 GRTST 24HR 1.69 ON 16-17 TO 1/4 MILE OR LESS
LOWEST: 6 ON 16 3 = THUNDER
SNOW, ICE PELLETS, HAIL 4 = ICE PELLETS
TOTAL MONTH: 14.6 INCHES 5 = HAIL
GRTST 24HR 6.6 ON 29-29 6 = FREEZING RAIN OR DRIZZLE
GRTST DEPTH: 6 ON 31,30 7 = DUSTSTORM OR SANDSTORM:
VSBY 1/2 MILE OR LESS
8 = SMOKE OR HAZE
[NO. OF DAYS WITH] [WEATHER - DAYS WITH] 9 = BLOWING SNOW
X = TORNADO
MAX 32 OR BELOW: 11 0.01 INCH OR MORE: 11
MAX 90 OR ABOVE: 0 0.10 INCH OR MORE: 8
MIN 32 OR BELOW: 28 0.50 INCH OR MORE: 4
MIN 0 OR BELOW: 0 1.00 INCH OR MORE: 1
[HDD (BASE 65) ]
TOTAL THIS MO. 1121 CLEAR (SCALE 0-3) 3
DPTR FM NORMAL 121 PTCLDY (SCALE 4-7) 16
TOTAL FM JUL 1 2359 CLOUDY (SCALE 8-10) 12
DPTR FM NORMAL -308
[CDD (BASE 65) ]
TOTAL THIS MO. 0
DPTR FM NORMAL 0 [PRESSURE DATA]
TOTAL FM JAN 1 0 HIGHEST SLP 30.62 ON 8
DPTR FM NORMAL 0 LOWEST SLP 29.08 ON 17
[REMARKS]
#FINAL-01-22#