000
CXUS51 KOKX 010910
CF6EWR
PRELIMINARY LOCAL CLIMATOLOGICAL DATA (WS FORM: F-6)
STATION: NEWARK NJ
MONTH: SEPTEMBER
YEAR: 2023
LATITUDE: 40 42 N
LONGITUDE: 74 10 W
TEMPERATURE IN F: :PCPN: SNOW: WIND :SUNSHINE: SKY :PK WND
================================================================================
1 2 3 4 5 6A 6B 7 8 9 10 11 12 13 14 15 16 17 18
12Z AVG MX 2MIN
DY MAX MIN AVG DEP HDD CDD WTR SNW DPTH SPD SPD DIR MIN PSBL S-S WX SPD DR
================================================================================
1 79 60 70 -4 0 5 0.00 0.0 0 8.5 14 20 M M 1 18 10
2 83 59 71 -3 0 6 0.00 0.0 0 7.8 15 160 M M 4 18 250
3 92 66 79 6 0 14 0.00 0.0 0 8.2 18 270 M M 4 24 250
4 93 72 83 10 0 18 T 0.0 0 6.1 17 350 M M 6 21 360
5 95 78 87 14 0 22 0.00 0.0 0 5.8 15 340 M M 7 20 310
6 97 77 87 15 0 22 0.00 0.0 0 6.4 16 260 M M 3 20 290
7 96 76 86 14 0 21 0.00 0.0 0 8.0 23 300 M M 4 3 29 290
8 92 73 83 11 0 18 0.29 0.0 0 5.8 31 190 M M 8 3 39 190
9 88 73 81 9 0 16 0.02 0.0 0 6.5 15 330 M M 9 138 19 140
10 81 70 76 5 0 11 1.18 0.0 0 3.6 17 250 M M 9 13 20 270
11 85 72 79 8 0 14 0.58 0.0 0 5.3 15 330 M M 8 13 17 310
12 87 69 78 7 0 13 0.00 0.0 0 6.3 13 240 M M 6 17 260
13 83 71 77 7 0 12 0.25 0.0 0 7.3 15 280 M M 7 13 18 270
14 81 63 72 2 0 7 0.00 0.0 0 13.2 20 350 M M 3 27 310
15 74 58 66 -4 0 1 0.00 0.0 0 14.7 24 360 M M 5 31 360
16 79 60 70 1 0 5 0.00 0.0 0 10.7 21 280 M M 6 31 290
17 79 56 68 -1 0 3 0.16 0.0 0 4.7 13 150 M M 5 1 16 160
18 70 62 66 -2 0 1 1.23 0.0 0 7.1 16 300 M M 9 18 24 310
19 77 59 68 0 0 3 0.00 0.0 0 10.2 21 270 M M 2 29 280
20 78 58 68 0 0 3 0.00 0.0 0 6.9 16 260 M M 3 27 290
21 75 56 66 -1 0 1 0.00 0.0 0 7.5 14 20 M M 5 20 50
22 74 58 66 -1 0 1 0.00 0.0 0 11.1 20 60 M M 8 27 120
23 65 58 62 -5 3 0 1.00 0.0 0 16.1 24 30 M M 10 1 32 30
24 67 61 64 -2 1 0 1.11 0.0 0 12.2 21 40 M M 10 1 30 30
25 65 59 62 -4 3 0 0.57 0.0 0 14.6 25 30 M M 10 1 34 30
26 63 56 60 -5 5 0 0.09 0.0 0 11.1 18 20 M M 10 1 24 20
27 68 51 60 -5 5 0 0.00 0.0 0 9.8 16 40 M M 8 22 30
28 66 55 61 -3 4 0 0.07 0.0 0 10.9 17 20 M M 9 1 21 30
29 65 60 63 -1 2 0 1.72 0.0 0 14.1 23 40 M M 10 13 30 40
30 70 59 65 1 0 0 0.04 0.0 0 10.9 17 20 M M 9 1 22 330
================================================================================
SM 2367 1905 23 217 8.31 0.0 271.4 M 198
================================================================================
AV 78.9 63.5 9.0 FASTST M M 7 MAX(MPH)
MISC ----> 31 190 39 190
================================================================================
NOTES:
# LAST OF SEVERAL OCCURRENCES
COLUMN 17 PEAK WIND IN M.P.H.
PRELIMINARY LOCAL CLIMATOLOGICAL DATA (WS FORM: F-6) , PAGE 2
STATION: NEWARK NJ
MONTH: SEPTEMBER
YEAR: 2023
LATITUDE: 40 42 N
LONGITUDE: 74 10 W
[TEMPERATURE DATA] [PRECIPITATION DATA] SYMBOLS USED IN COLUMN 16
AVERAGE MONTHLY: 71.2 TOTAL FOR MONTH: 8.31 1 = FOG OR MIST
DPTR FM NORMAL: 2.0 DPTR FM NORMAL: 4.49 2 = FOG REDUCING VISIBILITY
HIGHEST: 97 ON 6 GRTST 24HR 1.79 ON 28-29 TO 1/4 MILE OR LESS
LOWEST: 51 ON 27 3 = THUNDER
SNOW, ICE PELLETS, HAIL 4 = ICE PELLETS
TOTAL MONTH: 0.0 INCH 5 = HAIL
GRTST 24HR 0.0 6 = FREEZING RAIN OR DRIZZLE
GRTST DEPTH: 0 7 = DUSTSTORM OR SANDSTORM:
VSBY 1/2 MILE OR LESS
8 = SMOKE OR HAZE
[NO. OF DAYS WITH] [WEATHER - DAYS WITH] 9 = BLOWING SNOW
X = TORNADO
MAX 32 OR BELOW: 0 0.01 INCH OR MORE: 14
MAX 90 OR ABOVE: 6 0.10 INCH OR MORE: 10
MIN 32 OR BELOW: 0 0.50 INCH OR MORE: 7
MIN 0 OR BELOW: 0 1.00 INCH OR MORE: 5
[HDD (BASE 65) ]
TOTAL THIS MO. 23 CLEAR (SCALE 0-3) 3
DPTR FM NORMAL -10 PTCLDY (SCALE 4-7) 16
TOTAL FM JUL 1 23 CLOUDY (SCALE 8-10) 11
DPTR FM NORMAL -9
[CDD (BASE 65) ]
TOTAL THIS MO. 217
DPTR FM NORMAL 58 [PRESSURE DATA]
TOTAL FM JAN 1 1379 HIGHEST SLP M ON M
DPTR FM NORMAL 131 LOWEST SLP 29.70 ON 18
[REMARKS]
#FINAL-09-23#