000
CXUS53 KIND 011527
CLMEYE
CLIMATE REPORT
NATIONAL WEATHER SERVICE INDIANAPOLIS IN
1127 AM EDT WED NOV 01 2023
...................................
...THE INDIANAPOLIS EAGLE CREEK IN CLIMATE SUMMARY FOR THE MONTH OF OCTOBER 2023...
CLIMATE NORMAL PERIOD 1991 TO 2020
CLIMATE RECORD PERIOD 9999 TO 9999
WEATHER OBSERVED NORMAL DEPART LAST YEAR`S
VALUE DATE(S) VALUE FROM VALUE DATE(S)
NORMAL
................................................................
TEMPERATURE (F)
HIGHEST 86 10/03 79 10/23
LOWEST 26R 10/31 31 10/20
AVG. MAXIMUM 66.9 65.6 1.3 66.0
AVG. MINIMUM 48.0 45.4 2.6 42.7
MEAN 57.5 55.5 2.0 54.4
DAYS MAX >= 90 0 0.2 -0.2 0
DAYS MAX <= 32 0 0.0 0.0 0
DAYS MIN <= 32 1 1.6 -0.6 1
DAYS MIN <= 0 0 0.0 0.0 0
PRECIPITATION (INCHES)
TOTALS 2.91 3.25 -0.34 1.46
DAILY AVG. 0.09 0.10 -0.01 0.05
DAYS >= .01 13 10.3 2.7 7
DAYS >= .10 5 6.0 -1.0 3
DAYS >= .50 3 2.4 0.6 1
DAYS >= 1.00 0 0.9 -0.9 1
GREATEST
24 HR. TOTAL 0.83 10/05 TO 10/05
DEGREE DAYS
HEATING TOTAL 265 315 -50 324
SINCE 7/1 275 373 -98 MM
COOLING TOTAL 40 20 20 3
SINCE 1/1 1105 1128 -23 MM
................................................................
WIND (MPH)
AVERAGE WIND SPEED 6.4
HIGHEST WIND SPEED/DIRECTION 24/310 DATE 10/06
HIGHEST GUST SPEED/DIRECTION 36/250 DATE 10/06
SKY COVER
AVERAGE SKY COVER 0.44
AVERAGE RH (PERCENT) 69
WEATHER CONDITIONS. NUMBER OF DAYS WITH
THUNDERSTORM 1 MIXED PRECIP 0
HEAVY RAIN 6 RAIN 17
LIGHT RAIN 14 FREEZING RAIN 0
LT FREEZING RAIN 0 HAIL 0
HEAVY SNOW 0 SNOW 1
LIGHT SNOW 0 SLEET 0
FOG 14 FOG W/VIS <= 1/4 MILE 0
HAZE 0
- INDICATES NEGATIVE NUMBERS.
R INDICATES RECORD WAS SET OR TIED.
MM INDICATES DATA IS MISSING.
T INDICATES TRACE AMOUNT.
$$