000
CXAK56 PAFG 010943
CF6FAI
PRELIMINARY LOCAL CLIMATOLOGICAL DATA (WS FORM: F-6)
STATION: FAIRBANKS AK
MONTH: APRIL
YEAR: 2020
LATITUDE: 64 49 N
LONGITUDE: 147 52 W
TEMPERATURE IN F: :PCPN: SNOW: WIND :SUNSHINE: SKY :PK WND
================================================================================
1 2 3 4 5 6A 6B 7 8 9 10 11 12 13 14 15 16 17 18
12Z AVG MX 2MIN
DY MAX MIN AVG DEP HDD CDD WTR SNW DPTH SPD SPD DIR MIN PSBL S-S WX SPD DR
================================================================================
1 35 -4 16 -6 49 0 0.00 0.0 28 3.4 12 70 M M 5 13 80
2 35 9 22 0 43 0 0.00 0.0 28 1.2 6 30 M M 8 6 30
3 35 20 28 5 37 0 0.04 0.4 28 3.1 10 200 M M 9 1 13 190
4 35 21 28 4 37 0 0.39 2.8 28 2.7 8 20 M M 9 12 9 20
5 36 21 29 4 36 0 0.06 0.6 30 10.4 29 260 M M 9 1 39 250
6 23 12 18 -8 47 0 0.05 0.5 28 9.8 23 260 M M 9 12 32 240
7 26 2 14 -12 51 0 T T 28 3.8 13 260 M M 6 1 17 250
8 31 -5 13 -14 52 0 0.00 0.0 28 4.8 10 200 M M 6 14 200
9 25 4 15 -13 50 0 0.00 0.0 28 6.9 15 190 M M 4 18 190
10 37 4 21 -8 44 0 0.16 3.6 28 3.5 14 240 M M 9 1 20 230
11 47 6 27 -3 38 0 0.00 0.0 31 2.3 9 60 M M 7 1 11 70
12 51 14 33 3 32 0 0.00 0.0 28 1.6 12 260 M M 7 17 260
13 41 28 35 4 30 0 0.08 0.0 27 5.5 20 260 M M 8 1 26 260
14 52 21 37 5 28 0 0.00 0.0 23 3.5 14 60 M M 6 16 70
15 54 24 39 7 26 0 0.03 0.0 21 2.1 9 190 M M 8 1 13 200
16 45 30 38 5 27 0 0.07 0.0 19 6.7 18 270 M M 8 1 25 270
17 48 29 39 5 26 0 0.01 0.0 11 0.6 6 180 M M 9 1 6 180
18 50 34 42 7 23 0 0.10 0.0 11 1.2 8 250 M M 10 1 11 240
19 50 34 42 6 23 0 0.10 0.0 9 1.7 8 200 M M 10 1 10 210
20 44 35 40 4 25 0 0.06 0.0 6 1.7 8 170 M M 10 1 9 170
21 43 33 38 1 27 0 0.12 0.0 5 3.5 12 360 M M 9 1 15 360
22 45 25 35 -3 30 0 0.00 0.0 4 4.5 14 270 M M 4 1 17 270
23 45 25 35 -3 30 0 0.00 0.0 3 5.1 14 360 M M 7 18 350
24 37 27 32 -7 33 0 0.00 0.0 1 11.0 18 30 M M 2 24 10
25 39 22 31 -8 34 0 0.00 0.0 T 9.4 16 60 M M 2 20 80
26 47 23 35 -5 30 0 0.00 0.0 T 5.1 13 350 M M 1 16 330
27 47 27 37 -4 28 0 0.00 0.0 T 5.3 13 290 M M 2 16 250
28 47 26 37 -4 28 0 0.00 0.0 T 7.3 20 280 M M 6 26 280
29 39 28 34 -8 31 0 0.00 0.0 T 13.0 23 20 M M 4 27 20
30 44 24 34 -8 31 0 0.00 0.0 T 11.5 18 40 M M 1 26 80
================================================================================
SM 1233 599 1026 0 1.27 7.9 152.2 M 195
================================================================================
AV 41.1 20.0 5.1 FASTST M M 7 MAX(MPH)
MISC ----> # 29 260 # 39 250
================================================================================
NOTES:
# LAST OF SEVERAL OCCURRENCES
COLUMN 17 PEAK WIND IN M.P.H.
PRELIMINARY LOCAL CLIMATOLOGICAL DATA (WS FORM: F-6) , PAGE 2
STATION: FAIRBANKS AK
MONTH: APRIL
YEAR: 2020
LATITUDE: 64 49 N
LONGITUDE: 147 52 W
[TEMPERATURE DATA] [PRECIPITATION DATA] SYMBOLS USED IN COLUMN 16
AVERAGE MONTHLY: 30.5 TOTAL FOR MONTH: 1.27 1 = FOG OR MIST
DPTR FM NORMAL: -2.0 DPTR FM NORMAL: 0.96 2 = FOG REDUCING VISIBILITY
HIGHEST: 54 ON 15 GRTST 24HR 0.39 ON 4- 4 TO 1/4 MILE OR LESS
LOWEST: -5 ON 8 3 = THUNDER
SNOW, ICE PELLETS, HAIL 4 = ICE PELLETS
TOTAL MONTH: 7.9 INCHES 5 = HAIL
GRTST 24HR 3.6 ON 10-10 6 = FREEZING RAIN OR DRIZZLE
GRTST DEPTH: 31 ON 11 7 = DUSTSTORM OR SANDSTORM:
VSBY 1/2 MILE OR LESS
8 = SMOKE OR HAZE
[NO. OF DAYS WITH] [WEATHER - DAYS WITH] 9 = BLOWING SNOW
X = TORNADO
MAX 32 OR BELOW: 4 0.01 INCH OR MORE: 13
MAX 90 OR ABOVE: 0 0.10 INCH OR MORE: 5
MIN 32 OR BELOW: 26 0.50 INCH OR MORE: 0
MIN 0 OR BELOW: 2 1.00 INCH OR MORE: 0
[HDD (BASE 65) ]
TOTAL THIS MO. 1026 CLEAR (SCALE 0-3) 5
DPTR FM NORMAL 52 PTCLDY (SCALE 4-7) 13
TOTAL FM JUL 1 13036 CLOUDY (SCALE 8-10) 12
DPTR FM NORMAL 12
[CDD (BASE 65) ]
TOTAL THIS MO. 0
DPTR FM NORMAL 0 [PRESSURE DATA]
TOTAL FM JAN 1 0 HIGHEST SLP M ON M
DPTR FM NORMAL 0 LOWEST SLP 29.36 ON 26
[REMARKS]
#FINAL-04-20#