000
CXUS53 KFGF 071404
CF6FAR
PRELIMINARY LOCAL CLIMATOLOGICAL DATA (WS FORM: F-6)
STATION: FARGO HECTOR INTL AP ND
MONTH: MARCH
YEAR: 2022
LATITUDE: 46 54 N
LONGITUDE: 96 48 W
TEMPERATURE IN F: :PCPN: SNOW: WIND :SUNSHINE: SKY :PK WND
================================================================================
1 2 3 4 5 6A 6B 7 8 9 10 11 12 13 14 15 16 17 18
12Z AVG MX 2MIN
DY MAX MIN AVG DEP HDD CDD WTR SNW DPTH SPD SPD DIR MIN PSBL S-S WX SPD DR
================================================================================
1 24 15 20 1 45 0 T T 8 7.2 14 360 M M 9 17 350
2 22 1 12 -8 53 0 0.02 0.2 8 13.6 21 350 M M 6 18 26 350
3 14 -4 5 -15 60 0 0.00 0.0 8 5.2 13 360 M M 3 17 360
4 30 14 22 1 43 0 0.00 0.0 8 9.0 18 100 M M 10 24 100
5 29 21 25 4 40 0 0.00 0.0 8 14.7 24 340 M M 9 30 330
6 25 9 17 -5 48 0 0.01 0.2 8 13.5 21 330 M M 8 26 330
7 28 3 16 -6 49 0 0.00 0.0 8 9.0 21 200 M M 1 28 200
8 30 12 21 -2 44 0 T T 7 18.8 30 270 M M 8 18 38 290
9 15 1 8 -15 57 0 0.03 0.7 8 9.9 24 340 M M 5 8 29 330
10 24 -5 10 -14 55 0 0.01 0.2 8 16.1 35 300 M M 3 189 49 310
11 8 -5 2 -22 63 0 0.00 0.0 8 18.9 30 290 M M 5 8 38 300
12 30 -9 11 -14 54 0 0.00 0.0 7 12.7 29 160 M M 4 38 150
13 29 18 24 -2 41 0 0.00 0.0 7 9.2 13 40 M M 4 M M
14 33 16 25 -1 40 0 0.00 0.0 7 5.5 12 170 M M 4 M M
15 41 23 32 5 33 0 0.00 0.0 6 12.0 17 150 M M 1 24 160
16 53 32 43 16 22 0 0.00 0.0 6 10.0 20 290 M M 5 29 300
17 46 27 37 9 28 0 0.00 0.0 2 7.3 16 340 M M 3 18 20 330
18 43 31 37 9 28 0 0.00 0.0 1 4.4 12 170 M M 5 1 15 170
19 52 30 41 12 24 0 0.00 0.0 T 6.7 13 330 M M 1 17 190
20 55 27 41 12 24 0 0.00 0.0 T 13.2 25 120 M M 1 18 34 120
21 56 32 44 14 21 0 0.03 T 0 10.7 24 310 M M 3 1 34 120
22 48 26 37 7 28 0 0.00 0.0 0 13.7 26 330 M M 5 12 35 340
23 37 32 35 4 30 0 0.00 0.0 0 21.8 33 340 M M 10 40 340
24 50 26 38 6 27 0 0.04 0.0 0 10.9 30 310 M M 5 1 41 310
25 39 21 30 -2 35 0 T T 0 24.9 36 330 M M 8 48 310
26 24 11 18 -15 47 0 0.00 0.0 0 21.4 32 340 M M 0 39 350
27 26 7 17 -16 48 0 0.00 0.0 0 6.0 15 360 M M 1 19 10
28 39 18 29 -5 36 0 0.00 0.0 0 15.7 26 130 M M 3 38 150
29 43 32 38 4 27 0 0.01 T 0 14.9 29 160 M M 4 43 150
30 34 25 30 -5 35 0 0.36 4.2 3 19.7 36 340 M M 10 1 47 350
31 34 21 28 -7 37 0 T T 3 11.7 24 350 M M 6 30 340
================================================================================
SM 1061 508 1222 0 0.51 5.5 388.3 M 150
================================================================================
AV 34.2 16.4 12.5 FASTST M M 5 MAX(MPH)
MISC ----> # 36 330 49 310
================================================================================
NOTES:
# LAST OF SEVERAL OCCURRENCES
COLUMN 17 PEAK WIND IN M.P.H.
PRELIMINARY LOCAL CLIMATOLOGICAL DATA (WS FORM: F-6) , PAGE 2
STATION: FARGO HECTOR INTL AP ND
MONTH: MARCH
YEAR: 2022
LATITUDE: 46 54 N
LONGITUDE: 96 48 W
[TEMPERATURE DATA] [PRECIPITATION DATA] SYMBOLS USED IN COLUMN 16
AVERAGE MONTHLY: 25.3 TOTAL FOR MONTH: 0.51 1 = FOG OR MIST
DPTR FM NORMAL: -1.9 DPTR FM NORMAL: -0.74 2 = FOG REDUCING VISIBILITY
HIGHEST: 56 ON 21 GRTST 24HR 0.36 ON 30-30 TO 1/4 MILE OR LESS
LOWEST: -9 ON 12 3 = THUNDER
SNOW, ICE PELLETS, HAIL 4 = ICE PELLETS
TOTAL MONTH: 5.5 INCHES 5 = HAIL
GRTST 24HR 4.2 ON 30-30 6 = FREEZING RAIN OR DRIZZLE
GRTST DEPTH: 9 ON M 7 = DUSTSTORM OR SANDSTORM:
VSBY 1/2 MILE OR LESS
8 = SMOKE OR HAZE
[NO. OF DAYS WITH] [WEATHER - DAYS WITH] 9 = BLOWING SNOW
X = TORNADO
MAX 32 OR BELOW: 15 0.01 INCH OR MORE: 8
MAX 90 OR ABOVE: 0 0.10 INCH OR MORE: 1
MIN 32 OR BELOW: 31 0.50 INCH OR MORE: 0
MIN 0 OR BELOW: 4 1.00 INCH OR MORE: 0
[HDD (BASE 65) ]
TOTAL THIS MO. 1222 CLEAR (SCALE 0-3) 9
DPTR FM NORMAL 50 PTCLDY (SCALE 4-7) 16
TOTAL FM JUL 1 7794 CLOUDY (SCALE 8-10) 6
DPTR FM NORMAL -1
[CDD (BASE 65) ]
TOTAL THIS MO. 0
DPTR FM NORMAL 0 [PRESSURE DATA]
TOTAL FM JAN 1 0 HIGHEST SLP 30.64 ON 3
DPTR FM NORMAL 0 LOWEST SLP 29.62 ON 30
[REMARKS]
#FINAL-03-22#