402
CXUS53 KFGF 151240
CF6FAR
PRELIMINARY LOCAL CLIMATOLOGICAL DATA (WS FORM: F-6)
STATION: FARGO HECTOR INTL AP ND
MONTH: MAY
YEAR: 2020
LATITUDE: 46 54 N
LONGITUDE: 96 48 W
TEMPERATURE IN F: :PCPN: SNOW: WIND :SUNSHINE: SKY :PK WND
================================================================================
1 2 3 4 5 6A 6B 7 8 9 10 11 12 13 14 15 16 17 18
12Z AVG MX 2MIN
DY MAX MIN AVG DEP HDD CDD WTR SNW DPTH SPD SPD DIR MIN PSBL S-S WX SPD DR
================================================================================
1 74 47 61 9 4 0 0.01 0.0 0 13.4 32 300 M M 3 44 310
2 68 44 56 4 9 0 0.00 0.0 0 16.4 36 310 M M 0 45 300
3 53 31 42 -11 23 0 0.00 0.0 0 14.0 23 10 M M 1 8 30 20
4 53 34 44 -9 21 0 0.43 0.0 0 9.0 17 120 M M 6 1 23 110
5 47 42 45 -8 20 0 0.53 0.0 0 7.5 16 350 M M 10 1 20 360
6 63 36 50 -4 15 0 0.00 0.0 0 7.4 16 330 M M 1 24 340
7 52 33 43 -11 22 0 0.00 0.0 0 14.1 26 10 M M 0 35 360
8 52 28 40 -15 25 0 0.00 0.0 0 10.4 18 350 M M 1 27 360
9 43 34 39 -16 26 0 0.19 0.0 0 14.5 23 30 M M 9 1 36 40
10 50 32 41 -14 24 0 0.00 0.0 0 18.1 28 350 M M 6 38 340
11 48 27 38 -18 27 0 0.00 0.0 0 11.6 20 340 M M 0 27 340
12 55 22 39 -17 26 0 0.00 0.0 0 4.9 13 120 M M 1 19 130
13 55 44 50 -6 15 0 0.21 0.0 0 13.3 30 150 M M 10 1 42 170
14 67 39 53 -4 12 0 T 0.0 0 12.7 30 300 M M 7 12 40 270
15 68 36 52 -5 13 0 0.00 0.0 0 5.3 13 10 M M 0 17 30
16 70 44 57 0 8 0 0.00 0.0 0 6.9 15 160 M M 1 20 170
17 75 43 59 1 6 0 0.00 0.0 0 9.5 22 110 M M 0 30 80
18 79 44 62 4 3 0 0.00 0.0 0 11.8 23 110 M M 0 30 120
19 78 52 65 7 0 0 0.00 0.0 0 15.2 23 160 M M 0 31 140
20 72 58 65 7 0 0 0.00 0.0 0 15.8 25 150 M M 5 38 140
21 74 57 66 7 0 1 0.00 0.0 0 18.7 28 170 M M 6 41 180
22 78 59 69 10 0 4 0.00 0.0 0 15.4 23 160 M M 7 32 170
23 77 58 68 9 0 3 0.00 0.0 0 9.8 16 150 M M 2 8 23 140
24 71 59 65 5 0 0 0.01 0.0 0 6.9 15 340 M M 6 18 340
25 74 53 64 4 1 0 T 0.0 0 11.5 21 350 M M 8 25 350
26 75 56 66 6 0 1 0.09 0.0 0 6.9 15 160 M M 6 18 20 160
27 86 52 69 8 0 4 0.00 0.0 0 10.3 21 320 M M 1 1 32 300
28 69 49 59 -2 6 0 0.00 0.0 0 17.1 32 290 M M 4 46 280
29 68 44 56 -5 9 0 0.00 0.0 0 11.9 26 340 M M 4 34 340
30 68 42 55 -7 10 0 0.00 0.0 0 9.0 17 360 M M 2 28 330
31 84 44 64 2 1 0 0.00 0.0 0 14.2 23 170 M M 1 34 140
================================================================================
SM 2046 1343 326 13 1.47 0.0 363.5 M 108
================================================================================
AV 66.0 43.3 11.7 FASTST M M 3 MAX(MPH)
MISC ----> 36 310 46 280
================================================================================
NOTES:
# LAST OF SEVERAL OCCURRENCES
COLUMN 17 PEAK WIND IN M.P.H.
PRELIMINARY LOCAL CLIMATOLOGICAL DATA (WS FORM: F-6) , PAGE 2
STATION: FARGO HECTOR INTL AP ND
MONTH: MAY
YEAR: 2020
LATITUDE: 46 54 N
LONGITUDE: 96 48 W
[TEMPERATURE DATA] [PRECIPITATION DATA] SYMBOLS USED IN COLUMN 16
AVERAGE MONTHLY: 54.7 TOTAL FOR MONTH: 1.47 1 = FOG OR MIST
DPTR FM NORMAL: -2.4 DPTR FM NORMAL: -1.34 2 = FOG REDUCING VISIBILITY
HIGHEST: 86 ON 27 GRTST 24HR 0.93 ON 4- 5 TO 1/4 MILE OR LESS
LOWEST: 22 ON 12 3 = THUNDER
SNOW, ICE PELLETS, HAIL 4 = ICE PELLETS
TOTAL MONTH: 0.0 INCH 5 = HAIL
GRTST 24HR 0.0 6 = FREEZING RAIN OR DRIZZLE
GRTST DEPTH: 0 7 = DUSTSTORM OR SANDSTORM:
VSBY 1/2 MILE OR LESS
8 = SMOKE OR HAZE
[NO. OF DAYS WITH] [WEATHER - DAYS WITH] 9 = BLOWING SNOW
X = TORNADO
MAX 32 OR BELOW: 0 0.01 INCH OR MORE: 7
MAX 90 OR ABOVE: 0 0.10 INCH OR MORE: 4
MIN 32 OR BELOW: 5 0.50 INCH OR MORE: 1
MIN 0 OR BELOW: 0 1.00 INCH OR MORE: 0
[HDD (BASE 65) ]
TOTAL THIS MO. 326 CLEAR (SCALE 0-3) 17
DPTR FM NORMAL 53 PTCLDY (SCALE 4-7) 11
TOTAL FM JUL 1 9017 CLOUDY (SCALE 8-10) 3
DPTR FM NORMAL 289
[CDD (BASE 65) ]
TOTAL THIS MO. 13
DPTR FM NORMAL -15 [PRESSURE DATA]
TOTAL FM JAN 1 13 HIGHEST SLP 30.42 ON 11
DPTR FM NORMAL -18 LOWEST SLP 29.59 ON 1
[REMARKS]
#FINAL-05-20#