000
CXUS52 KRAH 011345
CF6FAY
PRELIMINARY LOCAL CLIMATOLOGICAL DATA (WS FORM: F-6)
STATION: FAYETTEVILLE REGL AIRPORT NC
MONTH: APRIL
YEAR: 2020
LATITUDE: 35 0 N
LONGITUDE: 78 53 W
TEMPERATURE IN F: :PCPN: SNOW: WIND :SUNSHINE: SKY :PK WND
================================================================================
1 2 3 4 5 6A 6B 7 8 9 10 11 12 13 14 15 16 17 18
12Z AVG MX 2MIN
DY MAX MIN AVG DEP HDD CDD WTR SNW DPTH SPD SPD DIR MIN PSBL S-S WX SPD DR
================================================================================
1 61 46 54 -5 11 0 0.04 M M 10.2 21 10 M M 8 1 26 10
2 67 44 56 -3 9 0 0.00 M M 10.0 20 330 M M 0 27 310
3 74 48 61 1 4 0 0.00 M M 9.9 21 310 M M 0 28 300
4 74 45 60 0 5 0 0.00 M M 5.6 17 20 M M 0 19 20
5 76 45 61 1 4 0 0.00 M M 4.8 13 170 M M 0 1 18 160
6 85 51 68 8 0 3 0.02 M M 8.6 20 220 M M 2 3 24 220
7 85 53 69 8 0 4 0.00 M M 7.9 20 200 M M 1 1 25 200
8 87 63 75 14 0 10 0.62 M M 8.7 24 300 M M 2 13 34 300
9 85 59 72 11 0 7 0.11 M M 11.0 29 260 M M 0 1 39 330
10 69 41 55 -6 10 0 0.00 M M 10.6 26 330 M M 0 35 320
11 68 35 52 -10 13 0 0.00 M M 5.1 15 220 M M 0 21 240
12 76 46 61 -1 4 0 T M M 12.6 25 170 M M 3 34 160
13 82 62 72 10 0 7 0.78 M M 16.8 39 200 M M 6 138 54 200
14 80 55 68 6 0 3 0.00 M M 8.0 17 30 M M 1 22 30
15 67 42 55 -8 10 0 T M M 11.5 25 10 M M 6 35 40
16 69 38 54 -9 11 0 0.00 M M 5.7 18 320 M M 0 24 340
17 74 39 57 -6 8 0 0.00 M M 9.7 24 200 M M 0 30 190
18 73 49 61 -2 4 0 0.11 M M 12.5 24 300 M M 1 1 33 310
19 72 40 56 -8 9 0 0.00 M M 6.1 15 220 M M 2 28 310
20 65 48 57 -7 8 0 0.53 M M 7.2 25 10 M M 7 1 33 20
21 79 48 64 0 1 0 0.00 M M 11.1 24 240 M M 1 36 220
22 71 46 59 -5 6 0 0.00 M M 7.5 15 350 M M 0 20 240
23 70 55 63 -2 2 0 0.22 M M 7.9 21 190 M M 7 1 27 190
24 81 63 72 7 0 7 0.00 M M 9.9 21 230 M M 8 27 230
25 67 59 63 -2 2 0 0.00 M M 8.9 16 150 M M 9 8 21 150
26 78 59 69 4 0 4 0.00 M M 13.6 24 220 M M 3 31 220
27 73 48 61 -5 4 0 0.00 M M 9.9 22 340 M M 0 32 350
28 81 42 62 -4 3 0 0.00 M M 7.2 18 260 M M 0 25 250
29 82 60 71 5 0 6 0.00 M M 15.2 25 160 M M 3 34 150
30 72 57 65 -1 0 0 1.30 M M 9.1 28 290 M M 7 1 37 190
================================================================================
SM 2243 1486 128 51 3.73 M 282.8 M 77
================================================================================
AV 74.8 49.5 9.4 FASTST M M 3 MAX(MPH)
MISC ----> # 39 200 # 54 200
================================================================================
NOTES:
# LAST OF SEVERAL OCCURRENCES
COLUMN 17 PEAK WIND IN M.P.H.
PRELIMINARY LOCAL CLIMATOLOGICAL DATA (WS FORM: F-6) , PAGE 2
STATION: FAYETTEVILLE REGL AIRPORT NC
MONTH: APRIL
YEAR: 2020
LATITUDE: 35 0 N
LONGITUDE: 78 53 W
[TEMPERATURE DATA] [PRECIPITATION DATA] SYMBOLS USED IN COLUMN 16
AVERAGE MONTHLY: 62.2 TOTAL FOR MONTH: 3.73 1 = FOG OR MIST
DPTR FM NORMAL: -0.5 DPTR FM NORMAL: 0.91 2 = FOG REDUCING VISIBILITY
HIGHEST: 87 ON 8 GRTST 24HR 1.30 ON 30-30 TO 1/4 MILE OR LESS
LOWEST: 35 ON 11 3 = THUNDER
SNOW, ICE PELLETS, HAIL 4 = ICE PELLETS
TOTAL MONTH: M 5 = HAIL
GRTST 24HR M ON M 6 = FREEZING RAIN OR DRIZZLE
GRTST DEPTH: M ON M 7 = DUSTSTORM OR SANDSTORM:
VSBY 1/2 MILE OR LESS
8 = SMOKE OR HAZE
[NO. OF DAYS WITH] [WEATHER - DAYS WITH] 9 = BLOWING SNOW
X = TORNADO
MAX 32 OR BELOW: 0 0.01 INCH OR MORE: 9
MAX 90 OR ABOVE: 0 0.10 INCH OR MORE: 7
MIN 32 OR BELOW: 0 0.50 INCH OR MORE: 4
MIN 0 OR BELOW: 0 1.00 INCH OR MORE: 1
[HDD (BASE 65) ]
TOTAL THIS MO. 128 CLEAR (SCALE 0-3) 21
DPTR FM NORMAL -10 PTCLDY (SCALE 4-7) 8
TOTAL FM JUL 1 2180 CLOUDY (SCALE 8-10) 1
DPTR FM NORMAL -527
[CDD (BASE 65) ]
TOTAL THIS MO. 51
DPTR FM NORMAL -16 [PRESSURE DATA]
TOTAL FM JAN 1 130 HIGHEST SLP M ON M
DPTR FM NORMAL 47 LOWEST SLP 29.45 ON 9
[REMARKS]
#FINAL-04-20#