000
CXUS53 KLMK 010800
CF6FFT
PRELIMINARY LOCAL CLIMATOLOGICAL DATA (WS FORM: F-6)
STATION: FRANKFORT KY
MONTH: SEPTEMBER
YEAR: 2020
LATITUDE: 38 10 N
LONGITUDE: 84 54 W
TEMPERATURE IN F: :PCPN: SNOW: WIND :SUNSHINE: SKY :PK WND
================================================================================
1 2 3 4 5 6A 6B 7 8 9 10 11 12 13 14 15 16 17 18
12Z AVG MX 2MIN
DY MAX MIN AVG DEP HDD CDD WTR SNW DPTH SPD SPD DIR MIN PSBL S-S WX SPD DR
================================================================================
1 85 70 78 5 0 13 0.00 M M 4.5 12 150 M M 6 12 14 150
2 86 73 80 7 0 15 0.48 M M 5.8 18 220 M M 7 1 27 240
3 85 73 79 7 0 14 0.54 M M 6.3 17 220 M M 6 13 26 210
4 82 57 70 -2 0 5 0.01 M M 4.8 13 330 M M 3 19 270
5 81 53 67 -5 0 2 0.00 M M 1.7 9 150 M M 0 13 150
6 85 56 71 0 0 6 0.00 M M 3.8 15 200 M M 0 1 19 170
7 86 61 74 3 0 9 0.00 M M 8.1 15 200 M M 0 21 220
8 88 62 75 4 0 10 0.00 M M 2.5 9 230 M M 0 13 210
9 89 62 76 6 0 11 0.00 M M 1.2 8 90 M M 0 1 11 50
10 90 63 77 7 0 12 0.00 M M 2.9 10 330 M M 2 14 10
11 76 69 73 3 0 8 0.00 M M 6.4 12 60 M M 7 18 17 40
12 85 65 75 6 0 10 0.18 M M 4.6 17 180 M M 6 138 29 190
13 82 65 74 5 0 9 0.27 M M 1.7 9 160 M M 5 1 12 170
14 82 64 73 5 0 8 0.00 M M 6.6 14 60 M M 1 1 18 30
15 75 56 66 -2 0 1 0.00 M M 4.8 13 80 M M 0 17 70
16 81 54 68 0 0 3 0.00 M M 0.9 7 270 M M 3 1 10 260
17 82 59 71 4 0 6 0.00 M M 5.0 15 50 M M 2 12 20 60
18 71 55 63 -4 2 0 0.00 M M 7.6 16 350 M M 1 24 360
19 72 47 60 -6 5 0 0.00 M M 6.5 13 60 M M 0 18 80
20 75 45 60 -6 5 0 0.00 M M 6.3 16 70 M M 0 24 40
21 76 45 61 -5 4 0 0.00 M M 4.1 9 100 M M 0 12 60
22 74 44 59 -6 6 0 0.00 M M 1.1 8 330 M M 1 12 300
23 73 50 62 -3 3 0 0.00 M M 1.2 7 300 M M 0 1 10 290
24 78 59 69 5 0 4 0.00 M M 3.5 13 150 M M 5 1 18 130
25 82 59 71 7 0 6 0.00 M M 2.5 9 140 M M 6 13 140
26 79 58 69 6 0 4 0.00 M M 3.9 15 210 M M 5 12 19 200
27 81 57 69 6 0 4 0.00 M M 5.6 16 200 M M 2 12 22 200
28 76 53 65 2 0 0 0.12 M M 6.8 21 200 M M 7 18 31 180
29 64 49 57 -5 8 0 0.17 M M 2.5 14 300 M M 7 12 22 300
30 76 45 61 -1 4 0 T M M 11.4 24 200 M M 2 35 210
================================================================================
SM 2397 1728 37 160 1.77 M 134.6 M 84
================================================================================
AV 79.9 57.6 4.5 FASTST M M 3 MAX(MPH)
MISC ----> # 24 200 # 35 210
================================================================================
NOTES:
# LAST OF SEVERAL OCCURRENCES
COLUMN 17 PEAK WIND IN M.P.H.
PRELIMINARY LOCAL CLIMATOLOGICAL DATA (WS FORM: F-6) , PAGE 2
STATION: FRANKFORT KY
MONTH: SEPTEMBER
YEAR: 2020
LATITUDE: 38 10 N
LONGITUDE: 84 54 W
[TEMPERATURE DATA] [PRECIPITATION DATA] SYMBOLS USED IN COLUMN 16
AVERAGE MONTHLY: 68.8 TOTAL FOR MONTH: 1.77 1 = FOG OR MIST
DPTR FM NORMAL: 1.2 DPTR FM NORMAL: -1.56 2 = FOG REDUCING VISIBILITY
HIGHEST: 90 ON 10 GRTST 24HR 0.70 ON 31- 1 TO 1/4 MILE OR LESS
LOWEST: 44 ON 22 3 = THUNDER
SNOW, ICE PELLETS, HAIL 4 = ICE PELLETS
TOTAL MONTH: M 5 = HAIL
GRTST 24HR M ON M 6 = FREEZING RAIN OR DRIZZLE
GRTST DEPTH: M ON M 7 = DUSTSTORM OR SANDSTORM:
VSBY 1/2 MILE OR LESS
8 = SMOKE OR HAZE
[NO. OF DAYS WITH] [WEATHER - DAYS WITH] 9 = BLOWING SNOW
X = TORNADO
MAX 32 OR BELOW: 0 0.01 INCH OR MORE: 7
MAX 90 OR ABOVE: 1 0.10 INCH OR MORE: 6
MIN 32 OR BELOW: 0 0.50 INCH OR MORE: 1
MIN 0 OR BELOW: 0 1.00 INCH OR MORE: 0
[HDD (BASE 65) ]
TOTAL THIS MO. 37 CLEAR (SCALE 0-3) 19
DPTR FM NORMAL -16 PTCLDY (SCALE 4-7) 11
TOTAL FM JUL 1 37 CLOUDY (SCALE 8-10) 0
DPTR FM NORMAL -17
[CDD (BASE 65) ]
TOTAL THIS MO. 160
DPTR FM NORMAL 27 [PRESSURE DATA]
TOTAL FM JAN 1 1362 HIGHEST SLP 30.42 ON 21
DPTR FM NORMAL 227 LOWEST SLP 29.70 ON 28
[REMARKS]
#FINAL-09-20#