000
CXUS53 KMKX 010810
CF6FLD
PRELIMINARY LOCAL CLIMATOLOGICAL DATA (WS FORM: F-6)
STATION: FOND_DU_LAC WI
MONTH: OCTOBER
YEAR: 2022
LATITUDE: 43 46 N
LONGITUDE: 88 29 W
TEMPERATURE IN F: :PCPN: SNOW: WIND :SUNSHINE: SKY :PK WND
================================================================================
1 2 3 4 5 6A 6B 7 8 9 10 11 12 13 14 15 16 17 18
12Z AVG MX 2MIN
DY MAX MIN AVG DEP HDD CDD WTR SNW DPTH SPD SPD DIR MIN PSBL S-S WX SPD DR
================================================================================
1 70 40 55 -1 10 0 0.00 M M 4.6 12 30 M M 4 12 14 30
2 68 42 55 -1 10 0 0.00 M M 6.1 13 20 M M 3 17 30
3 70 36 53 -2 12 0 T M M 3.6 10 150 M M 0 17 190
4 74 43 59 4 6 0 0.00 M M 5.0 12 200 M M 0 17 190
5 77 43 60 6 5 0 0.00 M M 6.1 14 230 M M 1 19 230
6 65 44 55 1 10 0 0.11 M M 11.7 26 30 M M 6 1 39 30
7 49 37 43 -10 22 0 0.00 M M 10.0 21 20 M M 8 30 10
8 58 33 46 -7 19 0 0.00 M M 10.1 21 270 M M 1 34 290
9 62 38 50 -2 15 0 T 0.0 0 4.5 12 230 M M 4 18 230
10 66 37 52 0 13 0 0.00 0.0 0 5.2 14 150 M M 0 17 150
11 77 47 62 10 3 0 T M M 14.1 25 190 M M 4 35 200
12 64 47 56 5 9 0 0.44 M M 12.5 30 300 M M 7 1 43 300
13 47 35 41 -10 24 0 T M M 8.9 17 260 M M 8 25 270
14 46 33 40 -10 25 0 T M M 6.9 15 280 M M 8 21 260
15 53 31 42 -8 23 0 T M M 9.2 20 210 M M 6 27 200
16 50 38 44 -6 21 0 T M M 10.5 23 290 M M 9 34 290
17 43 33 38 -11 27 0 0.03 M M 19.6 29 330 M M 10 18 39 330
18 48 33 41 -8 24 0 0.00 M M 18.7 31 320 M M 8 47 310
19 46 28 37 -11 28 0 0.00 M M 10.2 18 280 M M 2 25 310
20 58 33 46 -2 19 0 0.00 M M 5.7 12 280 M M 4 8 16 240
21 77 36 57 10 8 0 0.00 M M 9.2 26 200 M M 0 36 200
22 78 40 59 12 6 0 0.00 M M 12.6 22 190 M M 0 33 180
23 77 57 67 20 0 2 0.03 M M 14.4 24 180 M M 1 32 180
24 73 62 68 22 0 3 0.08 M M 15.1 26 180 M M 4 39 180
25 68 43 56 10 9 0 0.33 M M 9.1 26 200 M M 10 40 200
26 51 31 41 -4 24 0 T M M 8.8 20 310 M M 3 24 310
27 55 29 42 -3 23 0 T M M 5.2 13 140 M M 0 17 150
28 59 34 47 3 18 0 T M M 4.2 12 200 M M 0 8 15 180
29 65 32 49 5 16 0 0.00 M M 4.6 12 190 M M 0 1 18 220
30 66 37 52 8 13 0 T M M 2.5 9 150 M M 0 18 12 180
31 67 38 53 10 12 0 0.00 M M 2.4 8 40 M M 0 18 10 10
================================================================================
SM 1927 1190 454 5 1.02 0.0 271.3 M 111
================================================================================
AV 62.2 38.4 8.8 FASTST M M 4 MAX(MPH)
MISC ----> 31 320 47 310
================================================================================
NOTES:
# LAST OF SEVERAL OCCURRENCES
COLUMN 17 PEAK WIND IN M.P.H.
PRELIMINARY LOCAL CLIMATOLOGICAL DATA (WS FORM: F-6) , PAGE 2
STATION: FOND_DU_LAC WI
MONTH: OCTOBER
YEAR: 2022
LATITUDE: 43 46 N
LONGITUDE: 88 29 W
[TEMPERATURE DATA] [PRECIPITATION DATA] SYMBOLS USED IN COLUMN 16
AVERAGE MONTHLY: 50.3 TOTAL FOR MONTH: 1.02 1 = FOG OR MIST
DPTR FM NORMAL: 0.8 DPTR FM NORMAL: -1.52 2 = FOG REDUCING VISIBILITY
HIGHEST: 78 ON 22 GRTST 24HR 0.44 ON 12-12 TO 1/4 MILE OR LESS
LOWEST: 28 ON 19 3 = THUNDER
SNOW, ICE PELLETS, HAIL 4 = ICE PELLETS
TOTAL MONTH: 0.0 INCH 5 = HAIL
GRTST 24HR 0.0 6 = FREEZING RAIN OR DRIZZLE
GRTST DEPTH: 0 7 = DUSTSTORM OR SANDSTORM:
VSBY 1/2 MILE OR LESS
8 = SMOKE OR HAZE
[NO. OF DAYS WITH] [WEATHER - DAYS WITH] 9 = BLOWING SNOW
X = TORNADO
MAX 32 OR BELOW: 0 0.01 INCH OR MORE: 6
MAX 90 OR ABOVE: 0 0.10 INCH OR MORE: 3
MIN 32 OR BELOW: 5 0.50 INCH OR MORE: 0
MIN 0 OR BELOW: 0 1.00 INCH OR MORE: 0
[HDD (BASE 65) ]
TOTAL THIS MO. 454 CLEAR (SCALE 0-3) 16
DPTR FM NORMAL -31 PTCLDY (SCALE 4-7) 9
TOTAL FM JUL 1 592 CLOUDY (SCALE 8-10) 6
DPTR FM NORMAL -73
[CDD (BASE 65) ]
TOTAL THIS MO. 5
DPTR FM NORMAL -1 [PRESSURE DATA]
TOTAL FM JAN 1 739 HIGHEST SLP M ON M
DPTR FM NORMAL 156 LOWEST SLP 29.51 ON 12
[REMARKS]
#FINAL-10-22#