000
CXUS53 KMKX 010910
CF6FLD
PRELIMINARY LOCAL CLIMATOLOGICAL DATA (WS FORM: F-6)
STATION: FOND_DU_LAC WI
MONTH: JANUARY
YEAR: 2024
LATITUDE: 43 46 N
LONGITUDE: 88 29 W
TEMPERATURE IN F: :PCPN: SNOW: WIND :SUNSHINE: SKY :PK WND
================================================================================
1 2 3 4 5 6A 6B 7 8 9 10 11 12 13 14 15 16 17 18
12Z AVG MX 2MIN
DY MAX MIN AVG DEP HDD CDD WTR SNW DPTH SPD SPD DIR MIN PSBL S-S WX SPD DR
================================================================================
1 30 25 28 7 37 0 0.00 M M 9.2 16 240 M M 10 24 250
2 32 24 28 8 37 0 0.00 M M 9.8 18 240 M M 8 26 210
3 34 29 32 12 33 0 0.00 M M 8.0 14 350 M M 10 19 360
4 29 24 27 7 38 0 0.00 M M 5.3 13 350 M M 10 15 350
5 35 19 27 7 38 0 0.00 M M 4.4 14 200 M M 8 18 200
6 35 32 34 14 31 0 0.11 M M 3.6 8 130 M M 10 1 13 130
7 34 31 33 13 32 0 T M M 7.0 14 290 M M 10 18 17 290
8 35 30 33 14 32 0 T M M 6.7 15 80 M M 10 20 110
9 34 32 33 14 32 0 0.08 M M 15.7 31 10 M M 10 1 44 10
10 33 27 30 11 35 0 T M M 8.3 18 320 M M 10 1 23 320
11 31 27 29 10 36 0 0.03 M M 5.0 13 310 M M 10 1 17 310
12 33 26 30 11 35 0 0.10 M M 16.4 35 30 M M 10 12 45 20
13 26 11 19 0 46 0 T M M 16.1 26 330 M M 9 18 36 330
14 11 -3 4 -15 61 0 T M M 11.9 23 270 M M 7 32 280
15 2 -6 -2 -21 67 0 0.00 M M 8.6 14 220 M M 3 20 200
16 2 -10 -4 -22 69 0 0.00 M M 11.1 17 240 M M 0 26 240
17 11 -5 3 -15 62 0 T M M 9.2 16 220 M M 1 8 23 220
18 12 2 7 -11 58 0 T M M 5.9 13 330 M M 3 17 330
19 13 5 9 -9 56 0 T M M 11.3 16 300 M M 8 23 340
20 16 -7 5 -13 60 0 T M M 6.5 15 280 M M 0 21 280
21 21 -1 10 -8 55 0 0.00 M M 12.2 25 190 M M 4 33 190
22 32 21 27 9 38 0 T M M 9.9 21 200 M M 7 28 200
23 34 31 33 15 32 0 0.06 M M 5.4 14 20 M M 10 1 17 20
24 37 33 35 17 30 0 0.00 M M 1.9 8 40 M M 10 12 10 40
25 40 34 37 19 28 0 0.02 M M 3.2 13 20 M M 10 128 16 20
26 37 34 36 18 29 0 0.20 M M 5.0 10 20 M M 10 18 14 20
27 40 34 37 19 28 0 T M M 3.9 10 330 M M 10 18 13 340
28 36 32 34 16 31 0 T M M 8.3 13 310 M M 10 18 18 360
29 M M M M M M 0.00 M M 9.6 18 200 M M 9 18 26 200
30 39 M M M M M T M M 6.7 13 340 M M 10 16 340
31 41 35 38 19 27 0 0.00 M M 9.6 20 220 M M 6 29 230
================================================================================
SM 845 566 1193 0 0.60 M 255.7 M 243
================================================================================
AV 28.2 19.5 8.2 FASTST M M 8 MAX(MPH)
MISC ----> 35 30 45 20
================================================================================
NOTES:
# LAST OF SEVERAL OCCURRENCES
COLUMN 17 PEAK WIND IN M.P.H.
PRELIMINARY LOCAL CLIMATOLOGICAL DATA (WS FORM: F-6) , PAGE 2
STATION: FOND_DU_LAC WI
MONTH: JANUARY
YEAR: 2024
LATITUDE: 43 46 N
LONGITUDE: 88 29 W
[TEMPERATURE DATA] [PRECIPITATION DATA] SYMBOLS USED IN COLUMN 16
AVERAGE MONTHLY: 23.8 TOTAL FOR MONTH: 0.60 1 = FOG OR MIST
DPTR FM NORMAL: 4.9 DPTR FM NORMAL: -0.13 2 = FOG REDUCING VISIBILITY
HIGHEST: 41 ON 31 GRTST 24HR 0.55 ON 12-12 TO 1/4 MILE OR LESS
LOWEST: -10 ON 16 3 = THUNDER
SNOW, ICE PELLETS, HAIL 4 = ICE PELLETS
TOTAL MONTH: M 5 = HAIL
GRTST 24HR M ON M 6 = FREEZING RAIN OR DRIZZLE
GRTST DEPTH: M ON M 7 = DUSTSTORM OR SANDSTORM:
VSBY 1/2 MILE OR LESS
8 = SMOKE OR HAZE
[NO. OF DAYS WITH] [WEATHER - DAYS WITH] 9 = BLOWING SNOW
X = TORNADO
MAX 32 OR BELOW: 14 0.01 INCH OR MORE: 7
MAX 90 OR ABOVE: 0 0.10 INCH OR MORE: 3
MIN 32 OR BELOW: 24 0.50 INCH OR MORE: 0
MIN 0 OR BELOW: 6 1.00 INCH OR MORE: 0
[HDD (BASE 65) ]
TOTAL THIS MO. 1193 CLEAR (SCALE 0-3) 5
DPTR FM NORMAL -236 PTCLDY (SCALE 4-7) 6
TOTAL FM JUL 1 3362 CLOUDY (SCALE 8-10) 20
DPTR FM NORMAL -817
[CDD (BASE 65) ]
TOTAL THIS MO. 0
DPTR FM NORMAL 0 [PRESSURE DATA]
TOTAL FM JAN 1 0 HIGHEST SLP 30.61 ON 20
DPTR FM NORMAL 0 LOWEST SLP 29.13 ON 9
[REMARKS]
#FINAL-01-24#