000
CXUS52 KMFL 011304
CLMFLL
CLIMATE REPORT
NATIONAL WEATHER SERVICE MIAMI, FL
904 AM EDT WED NOV 01 2023
...................................
...THE FORT LAUDERDALE CLIMATE SUMMARY FOR THE MONTH OF OCTOBER 2023...
CLIMATE NORMAL PERIOD: 1991 TO 2020
CLIMATE RECORD PERIOD: 1912 TO 2023
WEATHER OBSERVED NORMAL DEPART LAST YEAR`S
VALUE DATE(S) VALUE FROM VALUE
NORMAL
..............................................................
TEMPERATURE (F)
RECORD
HIGH 95 10/02/1980
10/06/1925
LOW 44 10/24/1923
HIGHEST 93 10/13 89
LOWEST 60 10/17 61
AVG. MAXIMUM 86.3 85.4 0.9 85.6
AVG. MINIMUM 74.3 74.4 -0.1 73.0
MEAN 80.3 79.9 0.4 79.3
DAYS MAX >= 90 6 0
DAYS MAX <= 32 0 0
DAYS MIN <= 32 0 0
DAYS MIN <= 0 0 0
PRECIPITATION (INCHES)
RECORD
MAXIMUM 32.10 1924
MINIMUM 0.73 2009
TOTALS 4.80 7.37 -2.57 4.71
DAILY AVG. 0.15 0.24 -0.09 0.15
DAYS >= .01 4 11
DAYS >= .10 4 7
DAYS >= .50 2 3
DAYS >= 1.00 2 2
GREATEST
24 HR. TOTAL 3.04 10/01 TO 10/01 1.50
DEGREE DAYS
HEATING TOTAL 0 0 0 0
SINCE 7/1 0 0 0 MM
COOLING TOTAL 483 462 21 452
SINCE 1/1 4541 4061 480 MM
..............................................................
WIND (MPH)
AVERAGE WIND SPEED 9.2
HIGHEST WIND SPEED/DIRECTION 26/080 DATE 10/25
HIGHEST GUST SPEED/DIRECTION 33/240 DATE 10/12
SKY COVER
POSSIBLE SUNSHINE (PERCENT) MM
AVERAGE SKY COVER 0.47
NUMBER OF DAYS FAIR 9
NUMBER OF DAYS PC 18
NUMBER OF DAYS CLOUDY 3
AVERAGE RH (PERCENT) 70
WEATHER CONDITIONS. NUMBER OF DAYS WITH
THUNDERSTORM 3 MIXED PRECIP 0
HEAVY RAIN 2 RAIN 2
LIGHT RAIN 11 FREEZING RAIN 0
LT FREEZING RAIN 0 HAIL 0
HEAVY SNOW 0 SNOW 0
LIGHT SNOW 0 SLEET 0
FOG 4 FOG W/VIS <= 1/4 MILE 0
HAZE 2
- INDICATES NEGATIVE NUMBERS.
R INDICATES RECORD WAS SET OR TIED.
MM INDICATES DATA IS MISSING.
T INDICATES TRACE AMOUNT.
$$