000
CXUS52 KILM 011100
CF6FLO
PRELIMINARY LOCAL CLIMATOLOGICAL DATA (WS FORM: F-6)
STATION: FLORENCE SOUTH CAROLINA
MONTH: FEBRUARY
YEAR: 2023
LATITUDE: 34 10 N
LONGITUDE: 79 43 W
TEMPERATURE IN F: :PCPN: SNOW: WIND :SUNSHINE: SKY :PK WND
================================================================================
1 2 3 4 5 6A 6B 7 8 9 10 11 12 13 14 15 16 17 18
12Z AVG MX 2MIN
DY MAX MIN AVG DEP HDD CDD WTR SNW DPTH SPD SPD DIR MIN PSBL S-S WX SPD DR
================================================================================
1 69 46 58 11 7 0 0.03 M M 9.7 22 30 M M 10 1 25 30
2 46 41 44 -4 21 0 0.32 M M 5.3 13 30 M M 10 1 17 20
3 56 36 46 -2 19 0 0.16 M M 7.8 20 340 M M 5 1 25 320
4 46 28 37 -11 28 0 0.00 M M 6.0 16 40 M M 0 21 30
5 48 32 40 -8 25 0 0.19 M M 3.3 10 90 M M 8 12 11 100
6 65 36 51 3 14 0 0.00 M M 5.8 18 330 M M 4 12 27 340
7 68 33 51 3 14 0 0.00 M M 2.9 13 240 M M 0 18 170
8 74 42 58 10 7 0 0.00 M M 3.7 12 280 M M 0 1 14 310
9 76 45 61 12 4 0 T M M 6.9 21 200 M M 2 12 30 190
10 75 56 66 17 0 1 0.21 M M 6.6 17 270 M M 8 1 23 270
11 58 43 51 2 14 0 0.99 M M 12.4 25 80 M M 10 1 33 70
12 50 42 46 -3 19 0 0.51 M M 10.4 23 50 M M 10 1 29 90
13 67 39 53 4 12 0 0.00 M M 6.8 15 220 M M 1 18 260
14 72 34 53 3 12 0 0.00 M M 5.3 14 180 M M 0 20 170
15 76 41 59 9 6 0 0.00 M M 5.9 18 250 M M 0 22 250
16 80 51 66 16 0 1 0.00 M M 8.6 23 210 M M 3 12 30 220
17 72 45 59 9 6 0 0.05 M M 13.2 23 230 M M 4 1 31 240
18 55 32 44 -6 21 0 0.00 M M 5.3 24 340 M M 0 33 350
19 65 29 47 -3 18 0 T M M 4.5 12 210 M M 5 14 160
20 76 51 64 13 1 0 0.00 M M 10.5 24 260 M M 0 29 250
21 79 60 70 19 0 5 0.00 M M 10.9 26 270 M M 2 35 260
22 80 59 70 19 0 5 0.00 M M 9.5 21 260 M M 2 25 210
23 84 65 75 24 0 10 0.00 M M 11.1 23 240 M M 2 32 220
24 83 52 68 16 0 3 0.10 M M 9.9 17 30 M M 4 22 30
25 53 49 51 -1 14 0 0.49 M M 5.4 16 90 M M 10 1 19 80
26 57 51 54 2 11 0 0.00 M M 4.0 9 80 M M 10 1 10 80
27 77 56 67 15 0 2 0.00 M M 8.7 20 230 M M 8 12 27 230
28 82 54 68 16 0 3 0.00 M M 8.1 20 260 M M 0 8 27 270
================================================================================
SM 1889 1248 273 30 3.05 M 208.5 M 118
================================================================================
AV 67.5 44.6 7.4 FASTST M M 4 MAX(MPH)
MISC ----> 26 270 35 260
================================================================================
NOTES:
# LAST OF SEVERAL OCCURRENCES
COLUMN 17 PEAK WIND IN M.P.H.
PRELIMINARY LOCAL CLIMATOLOGICAL DATA (WS FORM: F-6) , PAGE 2
STATION: FLORENCE SOUTH CAROLINA
MONTH: FEBRUARY
YEAR: 2023
LATITUDE: 34 10 N
LONGITUDE: 79 43 W
[TEMPERATURE DATA] [PRECIPITATION DATA] SYMBOLS USED IN COLUMN 16
AVERAGE MONTHLY: 56.0 TOTAL FOR MONTH: 3.05 1 = FOG OR MIST
DPTR FM NORMAL: 6.3 DPTR FM NORMAL: 0.05 2 = FOG REDUCING VISIBILITY
HIGHEST: 84 ON 23 GRTST 24HR 1.46 ON 11-12 TO 1/4 MILE OR LESS
LOWEST: 28 ON 4 3 = THUNDER
SNOW, ICE PELLETS, HAIL 4 = ICE PELLETS
TOTAL MONTH: M 5 = HAIL
GRTST 24HR M ON M 6 = FREEZING RAIN OR DRIZZLE
GRTST DEPTH: M ON M 7 = DUSTSTORM OR SANDSTORM:
VSBY 1/2 MILE OR LESS
8 = SMOKE OR HAZE
[NO. OF DAYS WITH] [WEATHER - DAYS WITH] 9 = BLOWING SNOW
X = TORNADO
MAX 32 OR BELOW: 0 0.01 INCH OR MORE: 10
MAX 90 OR ABOVE: 0 0.10 INCH OR MORE: 8
MIN 32 OR BELOW: 4 0.50 INCH OR MORE: 2
MIN 0 OR BELOW: 0 1.00 INCH OR MORE: 0
[HDD (BASE 65) ]
TOTAL THIS MO. 273 CLEAR (SCALE 0-3) 14
DPTR FM NORMAL -162 PTCLDY (SCALE 4-7) 7
TOTAL FM JUL 1 1632 CLOUDY (SCALE 8-10) 7
DPTR FM NORMAL -288
[CDD (BASE 65) ]
TOTAL THIS MO. 30
DPTR FM NORMAL 24 [PRESSURE DATA]
TOTAL FM JAN 1 32 HIGHEST SLP 30.66 ON 4
DPTR FM NORMAL 29 LOWEST SLP 29.59 ON 28
[REMARKS]
#FINAL-02-23#