000
CXUS54 KLZK 011130
CF6FLP
PRELIMINARY LOCAL CLIMATOLOGICAL DATA (WS FORM: F-6)
STATION: Flippin
MONTH: MARCH
YEAR: 2020
LATITUDE: 36 17 N
LONGITUDE: 92 28 W
TEMPERATURE IN F: :PCPN: SNOW: WIND :SUNSHINE: SKY :PK WND
================================================================================
1 2 3 4 5 6A 6B 7 8 9 10 11 12 13 14 15 16 17 18
12Z AVG MX 2MIN
DY MAX MIN AVG DEP HDD CDD WTR SNW DPTH SPD SPD DIR MIN PSBL S-S WX SPD DR
================================================================================
1 62 45 54 M 11 0 0.00 M M 6.0 13 190 M M 6 20 170
2 75 51 63 M 2 0 0.08 M M 6.3 14 320 M M 5 3 22 330
3 65 40 53 M 12 0 0.00 M M 3.5 12 350 M M 0 17 350
4 59 35 47 M 18 0 0.00 M M 3.1 7 20 M M 0 M M
5 68 36 52 M 13 0 0.00 M M 6.7 15 310 M M 0 32 280
6 58 34 46 M 19 0 0.00 M M 6.9 13 330 M M 0 18 320
7 64 27 46 M 19 0 0.00 M M 3.6 8 160 M M 0 M M
8 70 39 55 M 10 0 0.00 M M 7.2 16 190 M M 1 23 190
9 63 56 60 M 5 0 0.11 M M 7.9 12 170 M M 9 22 180
10 61 43 52 M 13 0 0.00 M M 6.6 15 320 M M 5 8 23 320
11 69 45 57 M 8 0 0.20 M M 2.6 6 99 M M 3 3 M M
12 85 52 69 M 0 4 0.01 M M 8.4 24 320 M M 4 3 35 320
13 60 42 51 M 14 0 0.03 M M 8.7 13 50 M M 4 16 360
14 44 39 42 M 23 0 0.93 M M 5.3 10 40 M M 10 13 16 120
15 44 39 42 M 23 0 T M M 5.9 9 40 M M 10 1 M M
16 48 37 43 M 22 0 0.14 M M 2.9 7 110 M M 10 13 M M
17 54 45 50 M 15 0 0.02 M M 3.5 8 100 M M 10 13 M M
18 78 48 63 M 2 0 0.62 M M 4.7 12 210 M M 6 1 M M
19 75 62 69 M 0 4 1.51 M M 6.1 12 200 M M 9 13 17 200
20 67 38 53 M 12 0 T M M 9.2 16 320 M M 6 1 22 300
21 54 34 44 M 21 0 0.00 M M 4.5 10 120 M M 4 M M
22 46 39 43 M 22 0 0.26 M M 6.1 8 110 M M 8 1 M M
23 61 45 53 M 12 0 0.01 M M 3.4 7 110 M M 8 1 M M
24 64 48 56 M 9 0 0.47 M M 6.0 10 320 M M 10 13 M M
25 71 46 59 M 6 0 0.00 M M 4.7 8 140 M M 5 M M
26 90 48 69 M 0 4 0.00 M M 5.2 12 250 M M 0 1 16 210
27 82 62 72 M 0 7 T M M 5.8 13 160 M M 0 18 160
28 75 56 66 M 0 1 0.04 M M 6.8 10 200 M M 1 17 180
29 71 47 59 M 6 0 0.00 M M 10.2 21 280 M M 0 32 270
30 68 44 56 M 9 0 0.22 M M 2.9 8 190 M M 2 M M
31 67 44 56 M 9 0 0.32 M M 5.5 12 360 M M 5 20 350
================================================================================
SM 2018 1366 335 20 4.97 M 176.2 M 141
================================================================================
AV 65.1 44.1 5.7 FASTST M M 5 MAX(MPH)
MISC ----> # 24 320 # 35 320
================================================================================
NOTES:
# LAST OF SEVERAL OCCURRENCES
COLUMN 17 PEAK WIND IN M.P.H.
PRELIMINARY LOCAL CLIMATOLOGICAL DATA (WS FORM: F-6) , PAGE 2
STATION: Flippin
MONTH: MARCH
YEAR: 2020
LATITUDE: 36 17 N
LONGITUDE: 92 28 W
[TEMPERATURE DATA] [PRECIPITATION DATA] SYMBOLS USED IN COLUMN 16
AVERAGE MONTHLY: 54.6 TOTAL FOR MONTH: 4.97 1 = FOG OR MIST
DPTR FM NORMAL: M DPTR FM NORMAL: M 2 = FOG REDUCING VISIBILITY
HIGHEST: 90 ON 26 GRTST 24HR 1.51 ON 19-19 TO 1/4 MILE OR LESS
LOWEST: 27 ON 7 3 = THUNDER
SNOW, ICE PELLETS, HAIL 4 = ICE PELLETS
TOTAL MONTH: M 5 = HAIL
GRTST 24HR M ON M 6 = FREEZING RAIN OR DRIZZLE
GRTST DEPTH: M ON M 7 = DUSTSTORM OR SANDSTORM:
VSBY 1/2 MILE OR LESS
8 = SMOKE OR HAZE
[NO. OF DAYS WITH] [WEATHER - DAYS WITH] 9 = BLOWING SNOW
X = TORNADO
MAX 32 OR BELOW: 0 0.01 INCH OR MORE: 16
MAX 90 OR ABOVE: 1 0.10 INCH OR MORE: 10
MIN 32 OR BELOW: 1 0.50 INCH OR MORE: 3
MIN 0 OR BELOW: 0 1.00 INCH OR MORE: 1
[HDD (BASE 65) ]
TOTAL THIS MO. 335 CLEAR (SCALE 0-3) 12
DPTR FM NORMAL M PTCLDY (SCALE 4-7) 12
TOTAL FM JUL 1 3260 CLOUDY (SCALE 8-10) 7
DPTR FM NORMAL M
[CDD (BASE 65) ]
TOTAL THIS MO. 20
DPTR FM NORMAL M [PRESSURE DATA]
TOTAL FM JAN 1 20 HIGHEST SLP 30.56 ON 7
DPTR FM NORMAL M LOWEST SLP 29.59 ON 28
[REMARKS]
#FINAL-03-20#