000
CXUS53 KOAX 011245
CF6FNB
PRELIMINARY LOCAL CLIMATOLOGICAL DATA (WS FORM: F-6)
STATION: FALLS CITY NE
MONTH: FEBRUARY
YEAR: 2023
LATITUDE: 40 4 N
LONGITUDE: 95 35 W
TEMPERATURE IN F: :PCPN: SNOW: WIND :SUNSHINE: SKY :PK WND
================================================================================
1 2 3 4 5 6A 6B 7 8 9 10 11 12 13 14 15 16 17 18
12Z AVG MX 2MIN
DY MAX MIN AVG DEP HDD CDD WTR SNW DPTH SPD SPD DIR MIN PSBL S-S WX SPD DR
================================================================================
1 42 8 25 -2 40 0 0.00 M M 7.2 16 220 M M 0 22 220
2 39 9 24 -4 41 0 0.00 M M 9.3 24 10 M M 0 35 360
3 32 4 18 -10 47 0 0.00 M M 8.3 16 160 M M 0 22 180
4 56 21 39 11 26 0 0.00 M M 11.2 25 210 M M 0 33 210
5 59 29 44 16 21 0 0.00 M M 6.5 13 250 M M 0 16 250
6 67 32 50 22 15 0 0.00 M M 13.4 29 200 M M 0 41 200
7 50 26 38 9 27 0 0.00 M M 7.4 17 310 M M 0 21 310
8 48 22 35 6 30 0 0.21 M M 2.7 12 110 M M 3 1 15 110
9 39 26 33 4 32 0 0.60 M M 14.0 24 310 M M 8 1 34 320
10 39 18 29 -1 36 0 0.00 M M 6.6 15 330 M M 0 20 340
11 49 19 34 4 31 0 0.00 M M 7.9 16 210 M M 0 22 200
12 57 28 43 13 22 0 0.00 M M 7.8 14 320 M M 0 19 320
13 60 26 43 13 22 0 0.00 M M 8.1 17 200 M M 0 23 190
14 55 39 47 16 18 0 0.42 M M 12.9 29 280 M M 7 1 41 280
15 40 24 32 1 33 0 0.00 M M 15.3 26 300 M M 8 35 300
16 26 9 18 -13 47 0 0.50 M M 11.5 21 360 M M 7 168 31 350
17 45 3 24 -8 41 0 0.00 M M 6.6 15 200 M M 0 23 210
18 55 28 42 10 23 0 0.00 M M 12.5 25 200 M M 0 39 210
19 52 27 40 8 25 0 0.00 M M 5.7 18 210 M M 0 28 200
20 59 23 41 8 24 0 0.00 M M 7.3 23 280 M M 1 1 31 270
21 55 26 41 8 24 0 0.00 M M 9.7 23 150 M M 1 30 150
22 43 25 34 0 31 0 0.00 M M 12.7 22 280 M M 6 1 27 290
23 25 8 17 -17 48 0 0.00 M M 15.3 28 300 M M 2 35 290
24 26 8 17 -17 48 0 T M M 7.6 16 20 M M 8 22 30
25 49 10 30 -5 35 0 0.00 M M 5.7 15 210 M M 0 22 190
26 50 25 38 3 27 0 0.39 M M 9.7 21 150 M M 5 138 29 140
27 61 35 48 12 17 0 0.85 M M 14.3 30 300 M M 5 13 40 300
28 58 29 44 8 21 0 0.00 M M 7.2 17 80 M M 2 24 140
================================================================================
SM 1336 587 852 0 2.97 M 264.4 M 63
================================================================================
AV 47.7 21.0 9.4 FASTST M M 2 MAX(MPH)
MISC ----> 30 300 # 41 200
================================================================================
NOTES:
# LAST OF SEVERAL OCCURRENCES
COLUMN 17 PEAK WIND IN M.P.H.
PRELIMINARY LOCAL CLIMATOLOGICAL DATA (WS FORM: F-6) , PAGE 2
STATION: FALLS CITY NE
MONTH: FEBRUARY
YEAR: 2023
LATITUDE: 40 4 N
LONGITUDE: 95 35 W
[TEMPERATURE DATA] [PRECIPITATION DATA] SYMBOLS USED IN COLUMN 16
AVERAGE MONTHLY: 34.3 TOTAL FOR MONTH: 2.97 1 = FOG OR MIST
DPTR FM NORMAL: 3.1 DPTR FM NORMAL: 1.98 2 = FOG REDUCING VISIBILITY
HIGHEST: 67 ON 6 GRTST 24HR 1.24 ON 26-27 TO 1/4 MILE OR LESS
LOWEST: 3 ON 17 3 = THUNDER
SNOW, ICE PELLETS, HAIL 4 = ICE PELLETS
TOTAL MONTH: M 5 = HAIL
GRTST 24HR M ON M 6 = FREEZING RAIN OR DRIZZLE
GRTST DEPTH: M ON M 7 = DUSTSTORM OR SANDSTORM:
VSBY 1/2 MILE OR LESS
8 = SMOKE OR HAZE
[NO. OF DAYS WITH] [WEATHER - DAYS WITH] 9 = BLOWING SNOW
X = TORNADO
MAX 32 OR BELOW: 4 0.01 INCH OR MORE: 6
MAX 90 OR ABOVE: 0 0.10 INCH OR MORE: 6
MIN 32 OR BELOW: 26 0.50 INCH OR MORE: 3
MIN 0 OR BELOW: 0 1.00 INCH OR MORE: 0
[HDD (BASE 65) ]
TOTAL THIS MO. 852 CLEAR (SCALE 0-3) 19
DPTR FM NORMAL -94 PTCLDY (SCALE 4-7) 6
TOTAL FM JUL 1 4145 CLOUDY (SCALE 8-10) 3
DPTR FM NORMAL -200
[CDD (BASE 65) ]
TOTAL THIS MO. 0
DPTR FM NORMAL 0 [PRESSURE DATA]
TOTAL FM JAN 1 0 HIGHEST SLP 30.70 ON 24
DPTR FM NORMAL 0 LOWEST SLP 28.98 ON 27
[REMARKS]
#FINAL-02-23#