000
CXUS55 KBOU 011000
CF6FNL
PRELIMINARY LOCAL CLIMATOLOGICAL DATA (WS FORM: F-6)
STATION: FT COLLINS/LOVELAND CO
MONTH: FEBRUARY
YEAR: 2024
LATITUDE: 40 27 N
LONGITUDE: 105 1 W
TEMPERATURE IN F: :PCPN: SNOW: WIND :SUNSHINE: SKY :PK WND
================================================================================
1 2 3 4 5 6A 6B 7 8 9 10 11 12 13 14 15 16 17 18
12Z AVG MX 2MIN
DY MAX MIN AVG DEP HDD CDD WTR SNW DPTH SPD SPD DIR MIN PSBL S-S WX SPD DR
================================================================================
1 64 29 47 M 18 0 M M M 4.0 9 110 M M 0 M M
2 52 27 40 M 25 0 M M M 6.2 14 100 M M 4 M M
3 41 29 35 M 30 0 M M M 8.3 14 10 M M 9 12 M M
4 40 23 32 M 33 0 M M M 4.9 8 250 M M 3 12 M M
5 50 18 34 M 31 0 M M M 2.3 8 20 M M 1 12 M M
6 54 25 40 M 25 0 M M M 3.4 12 360 M M 0 M M
7 49 24 37 M 28 0 M M M 5.0 15 290 M M 1 M M
8 53 27 40 M 25 0 M M M 7.6 20 250 M M 4 37 260
9 45 23 34 M 31 0 M M M 6.6 22 10 M M 4 1 18 200
10 33 22 28 M 37 0 M M M 7.7 15 70 M M 10 1 M M
11 38 14 26 M 39 0 M M M 4.0 12 180 M M 2 12 M M
12 46 19 33 M 32 0 M M M 3.7 9 360 M M 2 M M
13 47 22 35 M 30 0 M M M 7.0 22 160 M M 1 M M
14 48 20 34 M 31 0 M M M 6.6 15 120 M M 4 22 110
15 45 26 36 M 29 0 M M M 5.8 15 10 M M 9 12 M M
16 28 15 22 M 43 0 M M M 8.5 16 40 M M 10 1 21 40
17 35 5 20 M 45 0 M M M 4.7 10 190 M M 1 1 M M
18 47 13 30 M 35 0 M M M 3.6 9 200 M M 1 M M
19 56 26 41 M 24 0 M M M 8.4 13 170 M M 0 20 160
20 63 25 44 M 21 0 M M M 7.2 15 100 M M 0 M M
21 59 31 45 M 20 0 M M M 8.5 25 300 M M 0 37 290
22 46 27 37 M 28 0 M M M 6.2 13 10 M M 5 M M
23 55 24 40 M 25 0 M M M 3.9 8 190 M M 0 M M
24 64 19 42 M 23 0 M M M 8.0 27 260 M M 0 40 330
25 65 34 50 M 15 0 M M M 12.7 24 240 M M 0 41 280
26 63 47 55 M 10 0 M M M 20.7 33 260 M M 0 48 260
27 50 19 35 M 30 0 M M M 15.1 29 320 M M 4 41 320
28 52 12 32 M 33 0 M M M 5.4 15 320 M M 0 M M
29 64 23 44 M 21 0 M M M 5.5 18 300 M M 0 23 300
================================================================================
SM 1452 668 817 0 M M 201.6 M 75
================================================================================
AV 50.1 23.0 7.0 FASTST M M 3 MAX(MPH)
MISC ----> 33 260 48 260
================================================================================
NOTES:
# LAST OF SEVERAL OCCURRENCES
COLUMN 17 PEAK WIND IN M.P.H.
PRELIMINARY LOCAL CLIMATOLOGICAL DATA (WS FORM: F-6) , PAGE 2
STATION: FT COLLINS/LOVELAND CO
MONTH: FEBRUARY
YEAR: 2024
LATITUDE: 40 27 N
LONGITUDE: 105 1 W
[TEMPERATURE DATA] [PRECIPITATION DATA] SYMBOLS USED IN COLUMN 16
AVERAGE MONTHLY: 36.6 TOTAL FOR MONTH: M 1 = FOG OR MIST
DPTR FM NORMAL: 0.0 DPTR FM NORMAL: M 2 = FOG REDUCING VISIBILITY
HIGHEST: 65 ON 25 GRTST 24HR 1.14 ON 2- 3 TO 1/4 MILE OR LESS
LOWEST: 5 ON 17 3 = THUNDER
SNOW, ICE PELLETS, HAIL 4 = ICE PELLETS
TOTAL MONTH: M 5 = HAIL
GRTST 24HR M ON M 6 = FREEZING RAIN OR DRIZZLE
GRTST DEPTH: M ON M 7 = DUSTSTORM OR SANDSTORM:
VSBY 1/2 MILE OR LESS
8 = SMOKE OR HAZE
[NO. OF DAYS WITH] [WEATHER - DAYS WITH] 9 = BLOWING SNOW
X = TORNADO
MAX 32 OR BELOW: 1 0.01 INCH OR MORE: 0
MAX 90 OR ABOVE: 0 0.10 INCH OR MORE: 0
MIN 32 OR BELOW: 27 0.50 INCH OR MORE: 0
MIN 0 OR BELOW: 0 1.00 INCH OR MORE: 0
[HDD (BASE 65) ]
TOTAL THIS MO. 817 CLEAR (SCALE 0-3) 18
DPTR FM NORMAL M PTCLDY (SCALE 4-7) 7
TOTAL FM JUL 1 4013 CLOUDY (SCALE 8-10) 4
DPTR FM NORMAL M
[CDD (BASE 65) ]
TOTAL THIS MO. 0
DPTR FM NORMAL M [PRESSURE DATA]
TOTAL FM JAN 1 0 HIGHEST SLP 30.52 ON 17
DPTR FM NORMAL M LOWEST SLP 29.25 ON 27
[REMARKS]
#FINAL-02-24#