000
CXUS52 KMLB 010624
CF6FPR
PRELIMINARY LOCAL CLIMATOLOGICAL DATA (WS FORM: F-6)
STATION: FORT PIERCE
MONTH: MARCH
YEAR: 2024
LATITUDE: 27 30 N
LONGITUDE: 80 22 W
TEMPERATURE IN F: :PCPN: SNOW: WIND :SUNSHINE: SKY :PK WND
================================================================================
1 2 3 4 5 6A 6B 7 8 9 10 11 12 13 14 15 16 17 18
12Z AVG MX 2MIN
DY MAX MIN AVG DEP HDD CDD WTR SNW DPTH SPD SPD DIR MIN PSBL S-S WX SPD DR
================================================================================
1 80 61 71 5 0 6 T 0.0 0 10.6 26 130 M M 4 12 34 140
2 82 64 73 7 0 8 0.00 0.0 0 5.9 16 140 M M 5 1 21 140
3 80 62 71 5 0 6 0.29 0.0 0 3.1 15 100 M M 5 1 19 120
4 79 62 71 5 0 6 0.00 0.0 0 3.9 14 70 M M 1 1 22 70
5 80 62 71 4 0 6 0.00 0.0 0 6.9 14 110 M M 2 1 21 120
6 84 68 76 9 0 11 0.09 0.0 0 7.8 21 220 M M 4 13 32 220
7 78 62 70 3 0 5 T 0.0 0 2.1 10 120 M M 8 12 14 120
8 84 61 73 6 0 8 T 0.0 0 7.0 17 140 M M 6 12 22 130
9 89 67 78 11 0 13 0.00 0.0 0 8.3 20 220 M M 3 12 28 220
10 78 60 69 2 0 4 0.10 0.0 0 6.8 16 300 M M 4 1 23 290
11 75 51 63 -4 2 0 0.00 0.0 0 6.5 13 30 M M 1 22 10
12 77 53 65 -2 0 0 0.00 0.0 0 5.6 15 130 M M 0 21 80
13 83 57 70 3 0 5 0.00 0.0 0 5.5 17 120 M M 3 22 120
14 82 60 71 4 0 6 0.00 0.0 0 6.8 18 130 M M 1 1 26 110
15 83 59 71 4 0 6 0.00 0.0 0 8.6 21 130 M M 2 12 26 130
16 84 64 74 7 0 9 0.00 0.0 0 6.2 14 240 M M 3 1 19 240
17 87 62 75 8 0 10 0.00 0.0 0 5.2 17 220 M M 3 12 25 210
18 89 64 77 10 0 12 T 0.0 0 8.1 21 270 M M 3 1 27 270
19 72 50 61 -7 4 0 0.00 0.0 0 8.9 17 300 M M 2 31 350
20 73 47 60 -8 5 0 0.00 0.0 0 3.7 12 70 M M 0 19 90
21 79 52 66 -2 0 1 0.00 0.0 0 9.0 22 120 M M 2 28 120
22 73 65 69 1 0 4 0.20 0.0 0 12.4 47 120 M M 7 1 58 140
23 85 64 75 7 0 10 0.00 0.0 0 9.4 24 150 M M 5 36 140
24 80 57 69 1 0 4 T 0.0 0 8.6 18 70 M M 5 34 60
25 79 70 75 7 0 10 T 0.0 0 13.8 24 100 M M 8 32 100
26 82 69 76 8 0 11 0.00 0.0 0 14.9 28 130 M M 5 35 130
27 84 63 74 6 0 9 0.00 0.0 0 9.6 22 120 M M 2 1 27 110
28 86 66 76 8 0 11 0.00 0.0 0 10.4 29 300 M M 3 39 310
29 78 54 66 -3 0 1 0.00 0.0 0 5.8 13 10 M M 0 21 10
30 80 52 66 -3 0 1 0.00 0.0 0 6.3 17 120 M M 0 22 120
31 79 53 66 -3 0 1 0.00 0.0 0 6.7 17 130 M M 1 22 130
================================================================================
SM 2504 1861 11 184 0.68 0.0 234.4 M 98
================================================================================
AV 80.8 60.0 7.6 FASTST M M 3 MAX(MPH)
MISC ----> 47 120 58 140
================================================================================
NOTES:
# LAST OF SEVERAL OCCURRENCES
COLUMN 17 PEAK WIND IN M.P.H.
PRELIMINARY LOCAL CLIMATOLOGICAL DATA (WS FORM: F-6) , PAGE 2
STATION: FORT PIERCE
MONTH: MARCH
YEAR: 2024
LATITUDE: 27 30 N
LONGITUDE: 80 22 W
[TEMPERATURE DATA] [PRECIPITATION DATA] SYMBOLS USED IN COLUMN 16
AVERAGE MONTHLY: 70.4 TOTAL FOR MONTH: 0.68 1 = FOG OR MIST
DPTR FM NORMAL: 3.0 DPTR FM NORMAL: -2.20 2 = FOG REDUCING VISIBILITY
HIGHEST: 89 ON 18, 9 GRTST 24HR 0.29 ON 3- 3 TO 1/4 MILE OR LESS
LOWEST: 47 ON 20 3 = THUNDER
SNOW, ICE PELLETS, HAIL 4 = ICE PELLETS
TOTAL MONTH: 0.0 INCH 5 = HAIL
GRTST 24HR 0.0 6 = FREEZING RAIN OR DRIZZLE
GRTST DEPTH: 0 7 = DUSTSTORM OR SANDSTORM:
VSBY 1/2 MILE OR LESS
8 = SMOKE OR HAZE
[NO. OF DAYS WITH] [WEATHER - DAYS WITH] 9 = BLOWING SNOW
X = TORNADO
MAX 32 OR BELOW: 0 0.01 INCH OR MORE: 4
MAX 90 OR ABOVE: 0 0.10 INCH OR MORE: 3
MIN 32 OR BELOW: 0 0.50 INCH OR MORE: 0
MIN 0 OR BELOW: 0 1.00 INCH OR MORE: 0
[HDD (BASE 65) ]
TOTAL THIS MO. 11 CLEAR (SCALE 0-3) 16
DPTR FM NORMAL -41 PTCLDY (SCALE 4-7) 15
TOTAL FM JUL 1 238 CLOUDY (SCALE 8-10) 0
DPTR FM NORMAL -167
[CDD (BASE 65) ]
TOTAL THIS MO. 184
DPTR FM NORMAL 58 [PRESSURE DATA]
TOTAL FM JAN 1 314 HIGHEST SLP M ON M
DPTR FM NORMAL 45 LOWEST SLP 29.59 ON 22
[REMARKS]
#FINAL-03-24#