000
CXUS54 KTSA 011100
CLMFSM
CLIMATE REPORT
NATIONAL WEATHER SERVICE TULSA OK
600 AM CDT TUE AUG 01 2023
...................................
...THE FORT SMITH ARKANSAS CLIMATE SUMMARY FOR THE MONTH OF JULY 2023...
CLIMATE NORMAL PERIOD 1991 TO 2020
CLIMATE RECORD PERIOD 1882 TO 2023
WEATHER OBSERVED NORMAL DEPART LAST YEAR`S
VALUE DATE(S) VALUE FROM VALUE DATE(S)
NORMAL
................................................................
TEMPERATURE (F)
RECORD
HIGH 111 07/14/1954
07/13/1954
LOW 50 07/06/1972
HIGHEST 102 07/29 111 -9 108
LOWEST 68 07/23 50 18 72
AVG. MAXIMUM 94.4 94.1 0.3 100.2
AVG. MINIMUM 73.8 72.1 1.7 76.4
MEAN 84.1 83.1 1.0 88.3
DAYS MAX >= 90 26
DAYS MAX <= 32 0
DAYS MIN <= 32 0
DAYS MIN <= 0 0
PRECIPITATION (INCHES)
RECORD
MAXIMUM 14.99 1895
MINIMUM 0.07 2001
TOTALS 5.90 3.39 2.51 2.06
DAILY AVG. 0.19 0.11 0.08 0.07
DAYS >= .01 8 7.0 1.0 7
DAYS >= .10 8 4.7 3.3 3
DAYS >= .50 2 2.1 -0.1 1
DAYS >= 1.00 2 0.9 1.1 1
GREATEST
24 HR. TOTAL 2.29 07/14 TO 07/14
DEGREE DAYS
COOLING TOTAL 599 561 38 730
SINCE 1/1 1385 1245 140 MM
................................................................
WIND (MPH)
AVERAGE WIND SPEED 5.0
HIGHEST WIND SPEED/DIRECTION 53/350 DATE 07/14
HIGHEST GUST SPEED/DIRECTION 73/350 DATE 07/14
SKY COVER
POSSIBLE SUNSHINE (PERCENT) MM
AVERAGE SKY COVER 0.15
NUMBER OF DAYS FAIR 25
NUMBER OF DAYS PC 6
NUMBER OF DAYS CLOUDY 0
AVERAGE RH (PERCENT) 68
WEATHER CONDITIONS. NUMBER OF DAYS WITH
THUNDERSTORM 9 MIXED PRECIP 0
HEAVY RAIN 8 RAIN 7
LIGHT RAIN 7 FREEZING RAIN 0
LT FREEZING RAIN 0 HAIL 0
HEAVY SNOW 0 SNOW 0
LIGHT SNOW 0 SLEET 0
FOG 10 FOG W/VIS <= 1/4 MILE 1
HAZE 1
- INDICATES NEGATIVE NUMBERS.
R INDICATES RECORD WAS SET OR TIED.
MM INDICATES DATA IS MISSING.
T INDICATES TRACE AMOUNT.
$$