000
CXUS54 KMAF 011823
CF6FST
PRELIMINARY LOCAL CLIMATOLOGICAL DATA (WS FORM: F-6)
STATION: FORT STOCKTON
MONTH: MAY
YEAR: 2021
LATITUDE: 30 55 N
LONGITUDE: 102 55 W
TEMPERATURE IN F: :PCPN: SNOW: WIND :SUNSHINE: SKY :PK WND
================================================================================
1 2 3 4 5 6A 6B 7 8 9 10 11 12 13 14 15 16 17 18
12Z AVG MX 2MIN
DY MAX MIN AVG DEP HDD CDD WTR SNW DPTH SPD SPD DIR MIN PSBL S-S WX SPD DR
================================================================================
1 74 52 63 -8 2 0 0.12 M M 5.8 14 250 M M 4 1 17 250
2 94 61 78 7 0 13 0.00 M M 15.4 33 290 M M 0 42 290
3 88 60 74 2 0 9 0.00 M M 13.9 28 20 M M 0 39 320
4 74 52 63 -9 2 0 0.00 M M 11.1 21 330 M M 3 25 330
5 87 51 69 -3 0 4 0.00 M M 12.2 21 120 M M 0 8 26 150
6 89 62 76 4 0 11 0.00 M M 14.2 23 130 M M 0 29 160
7 92 66 79 6 0 14 T M M 15.3 26 150 M M 0 8 36 160
8 100 63 82 9 0 17 0.00 M M 10.2 25 290 M M 0 39 280
9 92 64 78 5 0 13 0.00 M M 11.7 24 310 M M 0 31 320
10 87 60 74 0 0 9 0.00 M M 11.4 23 60 M M 0 30 60
11 87 59 73 -1 0 8 0.00 M M 12.1 24 80 M M 2 35 60
12 68 50 59 -15 6 0 M M M 8.5 17 60 M M 10 1 23 60
13 81 56 69 -6 0 4 0.00 M M 12.0 21 150 M M 4 27 160
14 89 60 75 0 0 10 0.01 M M 18.8 30 160 M M 0 39 140
15 90 62 76 1 0 11 0.31 M M 12.9 33 330 M M 2 3 40 340
16 93 64 79 3 0 14 0.00 M M 14.0 29 160 M M 0 38 160
17 93 66 80 4 0 15 0.00 M M 13.0 26 160 M M 0 34 160
18 88 60 74 -2 0 9 T M M 6.3 20 180 M M 1 3 24 180
19 87 60 74 -3 0 9 0.00 M M 13.2 25 120 M M 0 32 160
20 93 62 78 1 0 13 0.00 M M 14.0 26 150 M M 0 36 150
21 94 65 80 3 0 15 0.00 M M 21.9 32 140 M M 0 42 140
22 87 69 78 0 0 13 0.00 M M 17.4 30 150 M M 3 42 150
23 89 68 79 1 0 14 T M M 17.3 37 200 M M 2 3 47 200
24 92 69 81 3 0 16 T M M 14.3 36 200 M M 1 45 200
25 94 68 81 3 0 16 0.00 M M 13.9 32 150 M M 0 43 150
26 95 70 83 4 0 18 0.00 M M 18.1 31 150 M M 0 40 150
27 96 71 84 5 0 19 T M M 12.0 28 160 M M 0 3 36 170
28 92 66 79 0 0 14 0.14 M M 12.3 35 40 M M 0 38 42 30
29 88 59 74 -6 0 9 0.01 M M 13.4 31 50 M M 1 3 41 50
30 76 67 72 -8 0 7 T M M 18.7 32 150 M M 4 3 41 160
31 83 60 72 -8 0 7 0.05 M M 12.9 28 50 M M 6 3 37 50
================================================================================
SM 2732 1922 10 331 0.64 M 418.2 M 43
================================================================================
AV 88.1 62.0 13.5 FASTST M M 1 MAX(MPH)
MISC ----> 37 200 47 200
================================================================================
NOTES:
# LAST OF SEVERAL OCCURRENCES
COLUMN 17 PEAK WIND IN M.P.H.
PRELIMINARY LOCAL CLIMATOLOGICAL DATA (WS FORM: F-6) , PAGE 2
STATION: FORT STOCKTON
MONTH: MAY
YEAR: 2021
LATITUDE: 30 55 N
LONGITUDE: 102 55 W
[TEMPERATURE DATA] [PRECIPITATION DATA] SYMBOLS USED IN COLUMN 16
AVERAGE MONTHLY: 75.1 TOTAL FOR MONTH: 0.64 1 = FOG OR MIST
DPTR FM NORMAL: -0.5 DPTR FM NORMAL: -1.01 2 = FOG REDUCING VISIBILITY
HIGHEST: 100 ON 8 GRTST 24HR 0.31 ON 15-15 TO 1/4 MILE OR LESS
LOWEST: 50 ON 12 3 = THUNDER
SNOW, ICE PELLETS, HAIL 4 = ICE PELLETS
TOTAL MONTH: M 5 = HAIL
GRTST 24HR M ON M 6 = FREEZING RAIN OR DRIZZLE
GRTST DEPTH: M ON M 7 = DUSTSTORM OR SANDSTORM:
VSBY 1/2 MILE OR LESS
8 = SMOKE OR HAZE
[NO. OF DAYS WITH] [WEATHER - DAYS WITH] 9 = BLOWING SNOW
X = TORNADO
MAX 32 OR BELOW: 0 0.01 INCH OR MORE: 6
MAX 90 OR ABOVE: 14 0.10 INCH OR MORE: 3
MIN 32 OR BELOW: 0 0.50 INCH OR MORE: 0
MIN 0 OR BELOW: 0 1.00 INCH OR MORE: 0
[HDD (BASE 65) ]
TOTAL THIS MO. 10 CLEAR (SCALE 0-3) 26
DPTR FM NORMAL -2 PTCLDY (SCALE 4-7) 4
TOTAL FM JUL 1 2154 CLOUDY (SCALE 8-10) 1
DPTR FM NORMAL 178
[CDD (BASE 65) ]
TOTAL THIS MO. 331
DPTR FM NORMAL -9 [PRESSURE DATA]
TOTAL FM JAN 1 481 HIGHEST SLP 30.26 ON 12
DPTR FM NORMAL -54 LOWEST SLP 29.40 ON 2
[REMARKS]
#FINAL-05-21#