000
CXUS54 KFWD 010730
CF6FTW
PRELIMINARY LOCAL CLIMATOLOGICAL DATA (WS FORM: F-6)
STATION: FORT WORTH MEACHAM
MONTH: MARCH
YEAR: 2020
LATITUDE: 32 49 N
LONGITUDE: 97 21 W
TEMPERATURE IN F: :PCPN: SNOW: WIND :SUNSHINE: SKY :PK WND
================================================================================
1 2 3 4 5 6A 6B 7 8 9 10 11 12 13 14 15 16 17 18
12Z AVG MX 2MIN
DY MAX MIN AVG DEP HDD CDD WTR SNW DPTH SPD SPD DIR MIN PSBL S-S WX SPD DR
================================================================================
1 73 55 64 11 1 0 0.00 0.0 0 17.0 25 190 M M 1 36 160
2 71 55 63 10 2 0 0.00 0.0 0 6.0 14 170 M M 1 8 20 210
3 66 53 60 7 5 0 T 0.0 0 6.7 14 360 M M 4 17 360
4 57 49 53 0 12 0 0.98 0.0 0 14.2 24 10 M M 10 13 33 40
5 70 43 57 3 8 0 0.00 0.0 0 8.0 16 10 M M 1 24 320
6 65 39 52 -2 13 0 0.00 0.0 0 7.2 15 360 M M 0 22 10
7 62 44 53 -1 12 0 0.00 0.0 0 11.5 23 150 M M 0 29 150
8 67 45 56 2 9 0 T 0.0 0 15.9 29 160 M M 6 1 41 160
9 75 59 67 12 0 2 0.03 0.0 0 14.3 30 160 M M 6 1 37 160
10 77 50 64 9 1 0 0.00 0.0 0 7.8 17 150 M M 0 24 150
11 85 62 74 19 0 9 0.00 0.0 0 11.8 18 190 M M 0 1 26 180
12 82 65 74 18 0 9 0.01 0.0 0 10.8 22 200 M M 2 32 200
13 72 55 64 8 1 0 2.45 0.0 0 10.2 22 360 M M 10 13 29 350
14 69 52 61 5 4 0 0.12 0.0 0 8.4 21 320 M M 10 1 27 320
15 56 49 53 -3 12 0 0.78 0.0 0 10.5 16 360 M M 8 13 22 10
16 69 51 60 3 5 0 0.51 0.0 0 6.8 24 80 M M 8 13 31 110
17 68 60 64 7 1 0 0.04 0.0 0 7.9 13 110 M M 10 1 18 100
18 77 62 70 13 0 5 0.57 0.0 0 11.9 23 160 M M 8 13 32 140
19 79 60 70 12 0 5 0.59 0.0 0 14.7 30 270 M M 5 13 45 260
20 65 40 53 -5 12 0 0.08 0.0 0 10.9 23 320 M M 9 3 32 320
21 58 39 49 -9 16 0 0.24 0.0 0 8.7 20 100 M M 3 1 26 100
22 60 52 56 -2 9 0 0.09 0.0 0 3.7 9 140 M M 10 1 12 130
23 68 58 63 4 2 0 0.00 0.0 0 7.8 15 130 M M 10 12 18 130
24 82 58 70 11 0 5 0.00 0.0 0 11.2 22 190 M M 2 1 31 190
25 88 54 71 12 0 6 0.00 0.0 0 7.3 21 180 M M 0 1 28 170
26 82 64 73 13 0 8 T 0.0 0 12.4 23 160 M M 0 18 30 170
27 79 66 73 13 0 8 T 0.0 0 12.5 23 180 M M 3 138 34 200
28 73 54 64 4 1 0 0.20 0.0 0 11.8 25 310 M M 2 13 36 310
29 67 48 58 -2 7 0 T 0.0 0 5.1 15 10 M M 2 3 21 330
30 62 52 57 -4 8 0 0.24 0.0 0 10.3 24 120 M M 10 13 32 120
31 66 50 58 -3 7 0 T 0.0 0 8.1 21 10 M M 6 1 28 360
================================================================================
SM 2190 1643 148 57 6.93 0.0 311.4 M 147
================================================================================
AV 70.7 53.0 10.0 FASTST M M 5 MAX(MPH)
MISC ----> # 30 160 # 45 260
================================================================================
NOTES:
# LAST OF SEVERAL OCCURRENCES
COLUMN 17 PEAK WIND IN M.P.H.
PRELIMINARY LOCAL CLIMATOLOGICAL DATA (WS FORM: F-6) , PAGE 2
STATION: FORT WORTH MEACHAM
MONTH: MARCH
YEAR: 2020
LATITUDE: 32 49 N
LONGITUDE: 97 21 W
[TEMPERATURE DATA] [PRECIPITATION DATA] SYMBOLS USED IN COLUMN 16
AVERAGE MONTHLY: 61.8 TOTAL FOR MONTH: 6.93 1 = FOG OR MIST
DPTR FM NORMAL: 5.0 DPTR FM NORMAL: 3.45 2 = FOG REDUCING VISIBILITY
HIGHEST: 88 ON 25 GRTST 24HR 2.45 ON 13-13 TO 1/4 MILE OR LESS
LOWEST: 39 ON 21, 6 3 = THUNDER
SNOW, ICE PELLETS, HAIL 4 = ICE PELLETS
TOTAL MONTH: 0.0 INCH 5 = HAIL
GRTST 24HR 0.0 6 = FREEZING RAIN OR DRIZZLE
GRTST DEPTH: 0 7 = DUSTSTORM OR SANDSTORM:
VSBY 1/2 MILE OR LESS
8 = SMOKE OR HAZE
[NO. OF DAYS WITH] [WEATHER - DAYS WITH] 9 = BLOWING SNOW
X = TORNADO
MAX 32 OR BELOW: 0 0.01 INCH OR MORE: 15
MAX 90 OR ABOVE: 0 0.10 INCH OR MORE: 10
MIN 32 OR BELOW: 0 0.50 INCH OR MORE: 6
MIN 0 OR BELOW: 0 1.00 INCH OR MORE: 1
[HDD (BASE 65) ]
TOTAL THIS MO. 148 CLEAR (SCALE 0-3) 15
DPTR FM NORMAL -133 PTCLDY (SCALE 4-7) 7
TOTAL FM JUL 1 2111 CLOUDY (SCALE 8-10) 9
DPTR FM NORMAL -156
[CDD (BASE 65) ]
TOTAL THIS MO. 57
DPTR FM NORMAL 31 [PRESSURE DATA]
TOTAL FM JAN 1 61 HIGHEST SLP M ON M
DPTR FM NORMAL 28 LOWEST SLP 29.61 ON 27
[REMARKS]
#FINAL-03-20#