000
CXUS52 KMFL 011130
CF6FXE
PRELIMINARY LOCAL CLIMATOLOGICAL DATA (WS FORM: F-6)
STATION: FORT LAUDERDALE EXEC ARPT
MONTH: DECEMBER
YEAR: 2023
LATITUDE: 26 12 N
LONGITUDE: 80 11 W
TEMPERATURE IN F: :PCPN: SNOW: WIND :SUNSHINE: SKY :PK WND
================================================================================
1 2 3 4 5 6A 6B 7 8 9 10 11 12 13 14 15 16 17 18
12Z AVG MX 2MIN
DY MAX MIN AVG DEP HDD CDD WTR SNW DPTH SPD SPD DIR MIN PSBL S-S WX SPD DR
================================================================================
1 84 68 76 4 0 11 0.00 0.0 0 7.2 16 120 M M 3 24 90
2 85 73 79 7 0 14 0.00 0.0 0 7.2 17 130 M M 3 22 150
3 88 72 80 8 0 15 0.00 0.0 0 3.4 14 270 M M 2 1 18 190
4 84 70 77 5 0 12 0.00 M M 3.3 12 260 M M 1 12 16 260
5 83 67 75 3 0 10 0.00 M M 4.8 9 300 M M 0 14 310
6 71 58 65 -6 0 0 0.00 M M 8.0 17 320 M M 0 26 330
7 75 53 64 -7 1 0 0.00 M M 6.4 14 80 M M 5 20 80
8 80 65 73 2 0 8 T 0.0 0 10.9 18 100 M M 5 24 100
9 83 71 77 6 0 12 0.01 0.0 0 10.3 21 110 M M 3 28 110
10 84 69 77 6 0 12 T 0.0 0 8.8 21 140 M M 4 29 150
11 71 59 65 -6 0 0 T 0.0 0 8.0 16 310 M M 1 28 300
12 77 58 68 -3 0 3 T 0.0 0 10.0 21 50 M M 6 33 50
13 75 72 74 3 0 9 0.39 0.0 0 15.7 24 60 M M 9 1 39 50
14 73 69 71 0 0 6 0.25 0.0 0 18.7 29 60 M M 10 1 44 60
15 75 69 72 2 0 7 0.04 0.0 0 20.5 28 70 M M 10 41 60
16 76 71 74 4 0 9 1.89 0.0 0 20.5 31 80 M M 9 13 44 110
17 79 64 72 2 0 7 1.08 0.0 0 16.0 32 140 M M 5 13 43 140
18 74 57 66 -4 0 1 0.00 0.0 0 7.7 21 270 M M 1 29 270
19 74 53 64 -6 1 0 0.00 0.0 0 7.0 13 340 M M 0 23 350
20 71 57 64 -6 1 0 T 0.0 0 11.8 21 80 M M 9 28 50
21 77 68 73 3 0 8 T 0.0 0 12.8 21 70 M M 8 31 60
22 77 62 70 0 0 5 0.00 0.0 0 7.3 16 70 M M 5 21 80
23 79 70 75 5 0 10 0.01 0.0 0 10.9 20 90 M M 3 28 80
24 78 68 73 4 0 8 0.22 0.0 0 15.0 23 90 M M 6 1 33 80
25 76 73 75 6 0 10 0.02 0.0 0 14.2 21 120 M M 6 30 110
26 83 67 75 6 0 10 0.24 0.0 0 5.9 20 150 M M 6 1 29 130
27 77 62 70 1 0 5 0.00 0.0 0 4.2 12 330 M M 1 18 330
28 68 58 63 -6 2 0 0.60 0.0 0 5.4 14 110 M M 7 1 19 310
29 70 57 64 -5 1 0 0.00 0.0 0 5.9 16 280 M M 2 23 280
30 65 54 60 -9 5 0 0.00 0.0 0 3.3 8 300 M M 2 M M
31 71 49 60 -8 5 0 0.00 0.0 0 2.2 12 290 M M 0 1 17 330
================================================================================
SM 2383 1983 16 192 4.75 0.0 293.3 M 132
================================================================================
AV 76.9 64.0 9.5 FASTST M M 4 MAX(MPH)
MISC ----> 32 140 # 44 60
================================================================================
NOTES:
# LAST OF SEVERAL OCCURRENCES
COLUMN 17 PEAK WIND IN M.P.H.
PRELIMINARY LOCAL CLIMATOLOGICAL DATA (WS FORM: F-6) , PAGE 2
STATION: FORT LAUDERDALE EXEC ARPT
MONTH: DECEMBER
YEAR: 2023
LATITUDE: 26 12 N
LONGITUDE: 80 11 W
[TEMPERATURE DATA] [PRECIPITATION DATA] SYMBOLS USED IN COLUMN 16
AVERAGE MONTHLY: 70.4 TOTAL FOR MONTH: 4.75 1 = FOG OR MIST
DPTR FM NORMAL: 0.1 DPTR FM NORMAL: 1.96 2 = FOG REDUCING VISIBILITY
HIGHEST: 88 ON 3 GRTST 24HR 2.95 ON 16-17 TO 1/4 MILE OR LESS
LOWEST: 49 ON 31 3 = THUNDER
SNOW, ICE PELLETS, HAIL 4 = ICE PELLETS
TOTAL MONTH: 0.0 INCH 5 = HAIL
GRTST 24HR 0.0 6 = FREEZING RAIN OR DRIZZLE
GRTST DEPTH: 0 7 = DUSTSTORM OR SANDSTORM:
VSBY 1/2 MILE OR LESS
8 = SMOKE OR HAZE
[NO. OF DAYS WITH] [WEATHER - DAYS WITH] 9 = BLOWING SNOW
X = TORNADO
MAX 32 OR BELOW: 0 0.01 INCH OR MORE: 11
MAX 90 OR ABOVE: 0 0.10 INCH OR MORE: 7
MIN 32 OR BELOW: 0 0.50 INCH OR MORE: 3
MIN 0 OR BELOW: 0 1.00 INCH OR MORE: 2
[HDD (BASE 65) ]
TOTAL THIS MO. 16 CLEAR (SCALE 0-3) 11
DPTR FM NORMAL -20 PTCLDY (SCALE 4-7) 14
TOTAL FM JUL 1 16 CLOUDY (SCALE 8-10) 6
DPTR FM NORMAL -23
[CDD (BASE 65) ]
TOTAL THIS MO. 192
DPTR FM NORMAL -7 [PRESSURE DATA]
TOTAL FM JAN 1 5170 HIGHEST SLP 30.28 ON 21
DPTR FM NORMAL 693 LOWEST SLP 29.61 ON 17
[REMARKS]
#FINAL-12-23#