000
CXUS53 KUNR 011030
CF6GCC
PRELIMINARY LOCAL CLIMATOLOGICAL DATA (WS FORM: F-6)
STATION: GILLETTE AIRPORT WY
MONTH: NOVEMBER
YEAR: 2022
LATITUDE: 44 20 N
LONGITUDE: 105 32 W
TEMPERATURE IN F: :PCPN: SNOW: WIND :SUNSHINE: SKY :PK WND
================================================================================
1 2 3 4 5 6A 6B 7 8 9 10 11 12 13 14 15 16 17 18
12Z AVG MX 2MIN
DY MAX MIN AVG DEP HDD CDD WTR SNW DPTH SPD SPD DIR MIN PSBL S-S WX SPD DR
================================================================================
1 69 34 52 13 13 0 0.00 M M 17.1 32 210 M M 0 43 190
2 66 35 51 12 14 0 0.00 M M 20.1 36 220 M M 3 47 210
3 35 20 28 -10 37 0 0.17 M M 10.6 23 340 M M 8 1 29 330
4 41 19 30 -8 35 0 0.00 M M 12.7 22 220 M M 0 30 220
5 54 27 41 3 24 0 0.04 M M 20.7 37 320 M M 5 1 52 330
6 40 16 28 -9 37 0 0.00 M M 7.6 23 320 M M 0 31 330
7 51 28 40 3 25 0 0.03 M M 26.2 43 160 M M 3 1 58 150
8 29 14 22 -15 43 0 T M M 9.0 18 350 M M 7 1 23 350
9 22 14 18 -18 47 0 0.01 M M 7.3 17 360 M M 10 1 21 360
10 15 4 10 -26 55 0 0.04 M M 10.9 21 320 M M 7 18 25 330
11 30 4 17 -18 48 0 0.00 M M 5.2 15 250 M M 0 19 270
12 43 5 24 -11 41 0 0.00 M M 3.3 17 170 M M 0 21 170
13 27 12 20 -15 45 0 T M M 11.0 23 330 M M 5 29 340
14 30 18 24 -10 41 0 0.08 M M 11.5 25 310 M M 8 18 34 310
15 26 5 16 -18 49 0 0.04 M M 12.7 24 330 M M 8 1 32 320
16 32 21 27 -7 38 0 0.04 M M 16.1 31 340 M M 10 18 40 330
17 21 1 11 -22 54 0 T M M 19.3 30 330 M M 9 18 37 330
18 24 -1 12 -21 53 0 0.00 M M 12.5 23 310 M M 3 31 320
19 31 11 21 -11 44 0 0.00 M M 11.7 22 320 M M 4 31 320
20 40 22 31 -1 34 0 0.00 M M 9.2 15 260 M M 0 20 240
21 47 23 35 3 30 0 0.00 M M 4.9 13 360 M M 0 15 220
22 49 25 37 6 28 0 0.00 M M 7.8 18 220 M M 0 8 25 220
23 45 30 38 7 27 0 0.02 M M 17.1 26 310 M M 5 1 36 330
24 43 20 32 2 33 0 T M M 11.1 20 330 M M 1 1 25 320
25 60 35 48 18 17 0 0.00 M M 15.4 30 210 M M 0 38 220
26 45 28 37 7 28 0 0.02 M M 8.1 22 340 M M 6 1 26 350
27 42 25 34 5 31 0 0.00 M M 11.7 24 240 M M 2 1 33 240
28 36 8 22 -7 43 0 0.01 M M 9.2 24 310 M M 6 1 32 290
29 13 0 7 -21 58 0 T M M 8.5 16 290 M M 6 23 310
30 38 1 20 -8 45 0 0.00 M M 14.3 29 180 M M 0 40 210
================================================================================
SM 1144 504 1117 0 0.50 M 362.8 M 116
================================================================================
AV 38.1 16.8 12.1 FASTST M M 4 MAX(MPH)
MISC ----> 43 160 58 150
================================================================================
NOTES:
# LAST OF SEVERAL OCCURRENCES
COLUMN 17 PEAK WIND IN M.P.H.
PRELIMINARY LOCAL CLIMATOLOGICAL DATA (WS FORM: F-6) , PAGE 2
STATION: GILLETTE AIRPORT WY
MONTH: NOVEMBER
YEAR: 2022
LATITUDE: 44 20 N
LONGITUDE: 105 32 W
[TEMPERATURE DATA] [PRECIPITATION DATA] SYMBOLS USED IN COLUMN 16
AVERAGE MONTHLY: 27.5 TOTAL FOR MONTH: 0.50 1 = FOG OR MIST
DPTR FM NORMAL: -6.1 DPTR FM NORMAL: -0.02 2 = FOG REDUCING VISIBILITY
HIGHEST: 69 ON 1 GRTST 24HR 0.17 ON 3- 3 TO 1/4 MILE OR LESS
LOWEST: -1 ON 18 3 = THUNDER
SNOW, ICE PELLETS, HAIL 4 = ICE PELLETS
TOTAL MONTH: M 5 = HAIL
GRTST 24HR M ON M 6 = FREEZING RAIN OR DRIZZLE
GRTST DEPTH: M ON M 7 = DUSTSTORM OR SANDSTORM:
VSBY 1/2 MILE OR LESS
8 = SMOKE OR HAZE
[NO. OF DAYS WITH] [WEATHER - DAYS WITH] 9 = BLOWING SNOW
X = TORNADO
MAX 32 OR BELOW: 12 0.01 INCH OR MORE: 11
MAX 90 OR ABOVE: 0 0.10 INCH OR MORE: 1
MIN 32 OR BELOW: 27 0.50 INCH OR MORE: 0
MIN 0 OR BELOW: 2 1.00 INCH OR MORE: 0
[HDD (BASE 65) ]
TOTAL THIS MO. 1117 CLEAR (SCALE 0-3) 14
DPTR FM NORMAL 177 PTCLDY (SCALE 4-7) 11
TOTAL FM JUL 1 1769 CLOUDY (SCALE 8-10) 5
DPTR FM NORMAL -51
[CDD (BASE 65) ]
TOTAL THIS MO. 0
DPTR FM NORMAL 0 [PRESSURE DATA]
TOTAL FM JAN 1 735 HIGHEST SLP 30.68 ON 17
DPTR FM NORMAL 216 LOWEST SLP 29.19 ON 5
[REMARKS]
#FINAL-11-22#