000
CXUS53 KDDC 011559
CF6GCK
PRELIMINARY LOCAL CLIMATOLOGICAL DATA (WS FORM: F-6)
STATION: GARDEN CITY REGIONAL ARPT KS
MONTH: OCTOBER
YEAR: 2021
LATITUDE: 37 55 N
LONGITUDE: 100 43 W
TEMPERATURE IN F: :PCPN: SNOW: WIND :SUNSHINE: SKY :PK WND
================================================================================
1 2 3 4 5 6A 6B 7 8 9 10 11 12 13 14 15 16 17 18
12Z AVG MX 2MIN
DY MAX MIN AVG DEP HDD CDD WTR SNW DPTH SPD SPD DIR MIN PSBL S-S WX SPD DR
================================================================================
1 76 47 62 0 3 0 0.01 M M 7.0 17 250 M M 4 1 23 250
2 70 52 61 -1 4 0 T M M 4.9 14 350 M M 4 1 17 350
3 80 45 63 2 2 0 0.00 M M 6.0 10 180 M M 0 18 14 130
4 84 48 66 5 0 1 0.00 M M 6.4 17 10 M M 0 8 26 360
5 80 48 64 4 1 0 0.00 M M 6.4 12 80 M M 0 16 90
6 81 47 64 4 1 0 0.00 M M 12.0 21 170 M M 0 29 210
7 84 54 69 10 0 4 0.00 M M 11.0 24 180 M M 0 31 190
8 87 49 68 9 0 3 0.00 M M 8.1 15 130 M M 0 20 130
9 93 53 73 15 0 8 0.00 M M 10.3 26 270 M M 0 44 290
10 66 46 56 -2 9 0 T M M 10.4 24 10 M M 5 31 360
11 76 40 58 1 7 0 0.00 M M 10.4 18 180 M M 0 23 180
12 73 50 62 5 3 0 0.39 M M 21.8 45 200 M M 4 13 66 190
13 65 37 51 -5 14 0 0.00 M M 7.7 16 260 M M 0 23 250
14 58 39 49 -7 16 0 0.00 M M 14.0 22 60 M M 5 31 50
15 59 32 46 -10 19 0 0.00 M M 12.3 25 360 M M 3 32 360
16 70 30 50 -5 15 0 0.00 M M 5.1 17 220 M M 0 23 210
17 76 35 56 2 9 0 0.00 M M 10.0 24 190 M M 0 8 32 210
18 79 42 61 7 4 0 0.00 M M 17.3 32 180 M M 0 43 180
19 85 46 66 12 0 1 0.00 M M 17.5 35 200 M M 0 8 46 210
20 77 38 58 5 7 0 0.00 M M 12.7 23 330 M M 0 30 340
21 70 35 53 0 12 0 0.00 M M 7.1 18 220 M M 0 24 240
22 74 35 55 3 10 0 0.00 M M 5.7 13 180 M M 0 19 210
23 77 47 62 10 3 0 0.00 M M 7.4 20 50 M M 2 12 24 50
24 71 49 60 9 5 0 0.00 M M 13.7 23 350 M M 4 12 31 330
25 67 39 53 2 12 0 0.00 M M 15.0 25 150 M M 0 1 33 140
26 88 47 68 18 0 3 0.00 M M 18.6 33 180 M M 3 1 45 150
27 62 42 52 2 13 0 0.00 M M 27.2 40 350 M M 3 55 340
28 62 38 50 0 15 0 0.00 M M 25.6 44 360 M M 0 57 360
29 66 36 51 2 14 0 0.00 M M 9.5 16 350 M M 0 22 350
30 77 30 54 5 11 0 0.00 M M 10.4 23 10 M M 0 18 30 30
31 59 33 46 -2 19 0 0.00 M M 12.7 25 30 M M 0 32 20
================================================================================
SM 2292 1309 228 20 0.40 M 364.2 M 37
================================================================================
AV 73.9 42.2 11.7 FASTST M M 1 MAX(MPH)
MISC ----> 45 200 66 190
================================================================================
NOTES:
# LAST OF SEVERAL OCCURRENCES
COLUMN 17 PEAK WIND IN M.P.H.
PRELIMINARY LOCAL CLIMATOLOGICAL DATA (WS FORM: F-6) , PAGE 2
STATION: GARDEN CITY REGIONAL ARPT KS
MONTH: OCTOBER
YEAR: 2021
LATITUDE: 37 55 N
LONGITUDE: 100 43 W
[TEMPERATURE DATA] [PRECIPITATION DATA] SYMBOLS USED IN COLUMN 16
AVERAGE MONTHLY: 58.1 TOTAL FOR MONTH: 0.40 1 = FOG OR MIST
DPTR FM NORMAL: 3.0 DPTR FM NORMAL: -1.02 2 = FOG REDUCING VISIBILITY
HIGHEST: 93 ON 9 GRTST 24HR 0.39 ON 12-12 TO 1/4 MILE OR LESS
LOWEST: 30 ON 30,16 3 = THUNDER
4 = ICE PELLETS
5 = HAIL
6 = FREEZING RAIN OR DRIZZLE
7 = DUSTSTORM OR SANDSTORM:
VSBY 1/2 MILE OR LESS
8 = SMOKE OR HAZE
[NO. OF DAYS WITH] [WEATHER - DAYS WITH] 9 = BLOWING SNOW
X = TORNADO
MAX 32 OR BELOW: 0 0.01 INCH OR MORE: 2
MAX 90 OR ABOVE: 1 0.10 INCH OR MORE: 1
MIN 32 OR BELOW: 3 0.50 INCH OR MORE: 0
MIN 0 OR BELOW: 0 1.00 INCH OR MORE: 0
[HDD (BASE 65) ]
TOTAL THIS MO. 228 CLEAR (SCALE 0-3) 25
DPTR FM NORMAL -101 PTCLDY (SCALE 4-7) 6
TOTAL FM JUL 1 245 CLOUDY (SCALE 8-10) 0
DPTR FM NORMAL -147
[CDD (BASE 65) ]
TOTAL THIS MO. 20
DPTR FM NORMAL -2 [PRESSURE DATA]
TOTAL FM JAN 1 1450 HIGHEST SLP 30.42 ON 16
DPTR FM NORMAL 125 LOWEST SLP 29.32 ON 26
[REMARKS]
#FINAL-10-21#