000
CXUS53 KDDC 011508
CF6GCK
PRELIMINARY LOCAL CLIMATOLOGICAL DATA (WS FORM: F-6)
STATION: GARDEN CITY REGIONAL ARPT KS
MONTH: OCTOBER
YEAR: 2023
LATITUDE: 37 55 N
LONGITUDE: 100 43 W
TEMPERATURE IN F: :PCPN: SNOW: WIND :SUNSHINE: SKY :PK WND
================================================================================
1 2 3 4 5 6A 6B 7 8 9 10 11 12 13 14 15 16 17 18
12Z AVG MX 2MIN
DY MAX MIN AVG DEP HDD CDD WTR SNW DPTH SPD SPD DIR MIN PSBL S-S WX SPD DR
================================================================================
1 85 61 73 11 0 8 0.00 M M 13.9 30 180 M M 1 42 200
2 85 59 72 10 0 7 0.29 M M 15.5 26 190 M M 2 13 42 180
3 81 49 65 4 0 0 0.17 M M 13.3 30 210 M M 3 13 43 200
4 73 47 60 -1 5 0 0.00 M M 11.6 25 20 M M 0 32 30
5 74 46 60 0 5 0 0.00 M M 10.3 22 10 M M 0 29 350
6 59 37 48 -12 17 0 0.00 M M 10.5 32 30 M M 4 41 30
7 68 32 50 -9 15 0 T M M 8.3 17 200 M M 1 24 200
8 79 37 58 -1 7 0 0.00 M M 4.3 9 10 M M 0 8 15 320
9 75 45 60 2 5 0 0.00 M M 9.9 15 90 M M 0 22 110
10 85 45 65 7 0 0 T M M 11.6 26 180 M M 0 36 190
11 86 49 68 11 0 3 0.00 M M 12.1 23 170 M M 0 38 180
12 76 49 63 6 2 0 0.00 M M 11.8 28 310 M M 0 18 41 310
13 58 38 48 -8 17 0 0.00 M M 26.2 44 340 M M 3 64 330
14 54 32 43 -13 22 0 0.00 M M 13.7 24 350 M M 0 31 350
15 58 30 44 -12 21 0 0.00 M M 8.1 14 20 M M 0 22 350
16 70 27 49 -6 16 0 0.00 M M 5.4 13 230 M M 0 1 19 240
17 80 37 59 5 6 0 0.00 M M 7.5 13 190 M M 0 18 210
18 74 44 59 5 6 0 0.00 M M 14.8 35 20 M M 0 8 46 20
19 84 37 61 7 4 0 0.00 M M 10.3 23 330 M M 0 30 310
20 89 39 64 11 1 0 0.00 M M 5.9 14 280 M M 0 8 20 270
21 84 39 62 9 3 0 0.00 M M 13.1 24 110 M M 0 8 30 120
22 78 48 63 11 2 0 0.00 M M 10.4 18 150 M M 0 8 25 170
23 85 51 68 16 0 3 0.00 M M 14.8 28 180 M M 0 1 36 190
24 78 55 67 16 0 2 0.00 M M 12.0 22 190 M M 2 1 31 180
25 77 53 65 14 0 0 0.03 M M 10.7 24 150 M M 5 123 32 150
26 78 40 59 9 6 0 0.00 M M 12.8 43 10 M M 4 1 53 10
27 48 30 39 -11 26 0 0.00 M M 14.3 30 10 M M 1 38 10
28 33 25 29 -21 36 0 0.00 M M 14.8 21 10 M M 7 26 30
29 37 20 29 -20 36 0 0.00 M M 16.9 31 360 M M 6 38 360
30 48 11 30 -19 35 0 0.00 M M 8.4 16 260 M M 0 23 270
31 46 16 31 -17 34 0 0.00 M M 8.2 18 10 M M 0 23 10
================================================================================
SM 2185 1228 327 23 0.49 M 361.4 M 39
================================================================================
AV 70.5 39.6 11.7 FASTST M M 1 MAX(MPH)
MISC ----> 44 340 64 330
================================================================================
NOTES:
# LAST OF SEVERAL OCCURRENCES
COLUMN 17 PEAK WIND IN M.P.H.
PRELIMINARY LOCAL CLIMATOLOGICAL DATA (WS FORM: F-6) , PAGE 2
STATION: GARDEN CITY REGIONAL ARPT KS
MONTH: OCTOBER
YEAR: 2023
LATITUDE: 37 55 N
LONGITUDE: 100 43 W
[TEMPERATURE DATA] [PRECIPITATION DATA] SYMBOLS USED IN COLUMN 16
AVERAGE MONTHLY: 55.1 TOTAL FOR MONTH: 0.49 1 = FOG OR MIST
DPTR FM NORMAL: 0.0 DPTR FM NORMAL: -0.93 2 = FOG REDUCING VISIBILITY
HIGHEST: 89 ON 20 GRTST 24HR 0.46 ON 2- 3 TO 1/4 MILE OR LESS
LOWEST: 11 ON 30 3 = THUNDER
4 = ICE PELLETS
5 = HAIL
6 = FREEZING RAIN OR DRIZZLE
7 = DUSTSTORM OR SANDSTORM:
VSBY 1/2 MILE OR LESS
8 = SMOKE OR HAZE
[NO. OF DAYS WITH] [WEATHER - DAYS WITH] 9 = BLOWING SNOW
X = TORNADO
MAX 32 OR BELOW: 0 0.01 INCH OR MORE: 3
MAX 90 OR ABOVE: 0 0.10 INCH OR MORE: 2
MIN 32 OR BELOW: 9 0.50 INCH OR MORE: 0
MIN 0 OR BELOW: 0 1.00 INCH OR MORE: 0
[HDD (BASE 65) ]
TOTAL THIS MO. 327 CLEAR (SCALE 0-3) 25
DPTR FM NORMAL -2 PTCLDY (SCALE 4-7) 6
TOTAL FM JUL 1 347 CLOUDY (SCALE 8-10) 0
DPTR FM NORMAL -45
[CDD (BASE 65) ]
TOTAL THIS MO. 23
DPTR FM NORMAL 1 [PRESSURE DATA]
TOTAL FM JAN 1 1210 HIGHEST SLP 30.58 ON 31
DPTR FM NORMAL -115 LOWEST SLP 29.22 ON 12
[REMARKS]
#FINAL-10-23#