866
CXUS53 KDDC 011829
CLSGCK
CLIMATE REPORT
NATIONAL WEATHER SERVICE
1229 PM CST MON MAR 01 2021
...................................
...THE GARDEN CITY REGIONAL ARPT KS CLIMATE SUMMARY FOR THE SEASON, FROM
12/1/2020 TO 2/28/2021...
CLIMATE NORMAL PERIOD 1981 TO 2010
CLIMATE RECORD PERIOD 1948 TO 2021
WEATHER OBSERVED NORMAL DEPART LAST YEAR`S
VALUE DATE(S) VALUE FROM VALUE DATE(S)
NORMAL
................................................................
TEMPERATURE (F)
RECORD
HIGH 89 02/18/2016
LOW -20 02/15/2021
HIGHEST 75 02/27 MM MM 77 02/02
LOWEST -20R 02/15 MM MM 7 02/13
AVG. MAXIMUM 44.0 45.5 -1.5 48.4
AVG. MINIMUM 17.0 19.2 -2.2 20.7
MEAN 30.5 32.4 -1.9 34.6
DAYS MAX >= 90 0 0.0 0.0 MM
DAYS MAX <= 32 19 16.1 2.9 MM
DAYS MIN <= 32 90 85.0 5.0 MM
DAYS MIN <= 0 7 3.8 3.2 MM
PRECIPITATION (INCHES)
RECORD
MAXIMUM 4.83 2007
MINIMUM T 2018
TOTALS 0.19 1.40 -1.21 1.68
DAYS >= .01 5 10.3 -5.3 MM
DAYS >= .10 0 4.1 -4.1 MM
DAYS >= .50 0 0.5 -0.5 MM
DAYS >= 1.00 0 0.0 0.0 MM
GREATEST
24 HR. TOTAL MM 0.95 12/27 TO 12/28
DEGREE DAYS
HEATING TOTAL 3061 2935 126 2747
SINCE 7/1 4149 4026 123 4022
COOLING TOTAL 0 0 0 0
SINCE 1/1 0 0 0 0
................................................................
WIND (MPH)
AVERAGE WIND SPEED 11.6
RESULTANT WIND SPEED/DIRECTION 4/340
HIGHEST WIND SPEED/DIRECTION 49/330 DATE 01/15
HIGHEST GUST SPEED/DIRECTION 65/340 DATE 01/15
SKY COVER
POSSIBLE SUNSHINE (PERCENT) MM
AVERAGE SKY COVER 0.32
NUMBER OF DAYS FAIR 55
NUMBER OF DAYS PC 16
NUMBER OF DAYS CLOUDY 19
AVERAGE RH (PERCENT) 67
WEATHER CONDITIONS. NUMBER OF DAYS WITH
THUNDERSTORM 0 MIXED PRECIP 0
HEAVY RAIN 0 RAIN 0
LIGHT RAIN 0 FREEZING RAIN 2
LT FREEZING RAIN 2 HAIL 0
HEAVY SNOW 2 SNOW 5
LIGHT SNOW 16 SLEET 0
FOG 28 FOG W/VIS <= 1/4 MILE 9
HAZE 8
- INDICATES NEGATIVE NUMBERS.
R INDICATES RECORD WAS SET OR TIED.
MM INDICATES DATA IS MISSING.
T INDICATES TRACE AMOUNT.
$$