000
CXUS54 KFWD 010730
CF6GDJ
PRELIMINARY LOCAL CLIMATOLOGICAL DATA (WS FORM: F-6)
STATION: GRANBURY
MONTH: OCTOBER
YEAR: 2022
LATITUDE: 32 26 N
LONGITUDE: 97 48 W
TEMPERATURE IN F: :PCPN: SNOW: WIND :SUNSHINE: SKY :PK WND
================================================================================
1 2 3 4 5 6A 6B 7 8 9 10 11 12 13 14 15 16 17 18
12Z AVG MX 2MIN
DY MAX MIN AVG DEP HDD CDD WTR SNW DPTH SPD SPD DIR MIN PSBL S-S WX SPD DR
================================================================================
1 82 47 65 -5 0 0 0.00 M M 3.9 12 40 M M 0 21 100
2 82 45 64 -6 1 0 0.00 M M 3.3 10 80 M M 0 10 80
3 83 45 64 -5 1 0 0.00 M M 2.0 7 100 M M 0 M M
4 85 51 68 -1 0 3 0.00 M M 3.5 10 100 M M 0 M M
5 87 52 70 2 0 5 0.00 M M 2.6 7 80 M M 0 M M
6 89 53 71 3 0 6 0.00 M M 1.9 9 110 M M 0 M M
7 87 56 72 4 0 7 0.00 M M 4.3 12 40 M M 1 12 80
8 78 60 69 1 0 4 0.00 M M 6.4 9 40 M M 3 16 40
9 83 55 69 2 0 4 0.00 M M 3.9 7 110 M M 3 M M
10 87 60 74 7 0 9 0.00 M M 6.0 15 190 M M 2 18 190
11 84 66 75 8 0 10 0.00 M M 10.4 17 190 M M 4 23 170
12 93 68 81 15 0 16 0.00 M M 8.5 18 270 M M 0 23 250
13 82 51 67 1 0 2 0.00 M M 3.8 9 40 M M 0 M M
14 88 46 67 1 0 2 0.00 M M 4.7 14 240 M M 0 20 240
15 93 70 82 16 0 17 0.00 M M 9.8 18 200 M M 1 24 200
16 79 63 71 6 0 6 0.30 M M 8.6 22 30 M M 7 25 30
17 71 51 61 -4 4 0 0.00 M M 8.2 16 40 M M 4 20 40
18 65 44 55 -10 10 0 0.00 M M 6.0 10 350 M M 0 21 10
19 72 34 53 -12 12 0 0.00 M M 4.1 9 160 M M 0 M M
20 85 53 69 5 0 4 0.00 M M 8.9 18 270 M M 0 25 240
21 91 44 68 4 0 3 0.00 M M 7.0 16 210 M M 0 25 200
22 89 64 77 13 0 12 0.00 M M 13.6 21 190 M M 0 30 190
23 85 68 77 13 0 12 0.00 M M 17.0 26 180 M M 2 37 180
24 75 56 66 3 0 1 1.51 M M 11.3 32 270 M M 9 44 270
25 69 46 58 -5 7 0 0.00 M M 11.3 32 270 M M 1 44 280
26 73 42 58 -5 7 0 0.00 M M 4.1 10 120 M M 0 16 120
27 74 48 61 -1 4 0 0.00 M M 9.2 16 120 M M 1 21 140
28 62 52 57 -5 8 0 1.34 M M 10.4 24 70 M M 9 33 70
29 63 52 58 -4 7 0 0.03 M M 9.2 15 310 M M 8 20 310
30 73 49 61 -1 4 0 0.00 M M 5.2 13 300 M M 1 16 320
31 75 47 61 0 4 0 0.00 M M 0.9 5 140 M M 0 M M
================================================================================
SM 2484 1638 69 123 3.18 M 209.8 M 56
================================================================================
AV 80.1 52.8 6.8 FASTST M M 2 MAX(MPH)
MISC ----> # 32 270 # 44 270
================================================================================
NOTES:
# LAST OF SEVERAL OCCURRENCES
COLUMN 17 PEAK WIND IN M.P.H.
PRELIMINARY LOCAL CLIMATOLOGICAL DATA (WS FORM: F-6) , PAGE 2
STATION: GRANBURY
MONTH: OCTOBER
YEAR: 2022
LATITUDE: 32 26 N
LONGITUDE: 97 48 W
[TEMPERATURE DATA] [PRECIPITATION DATA] SYMBOLS USED IN COLUMN 16
AVERAGE MONTHLY: 66.5 TOTAL FOR MONTH: 3.18 1 = FOG OR MIST
DPTR FM NORMAL: 1.0 DPTR FM NORMAL: M 2 = FOG REDUCING VISIBILITY
HIGHEST: 93 ON 15,12 GRTST 24HR 1.51 ON 24-24 TO 1/4 MILE OR LESS
LOWEST: 34 ON 19 3 = THUNDER
SNOW, ICE PELLETS, HAIL 4 = ICE PELLETS
TOTAL MONTH: M 5 = HAIL
GRTST 24HR M ON M 6 = FREEZING RAIN OR DRIZZLE
GRTST DEPTH: M ON M 7 = DUSTSTORM OR SANDSTORM:
VSBY 1/2 MILE OR LESS
8 = SMOKE OR HAZE
[NO. OF DAYS WITH] [WEATHER - DAYS WITH] 9 = BLOWING SNOW
X = TORNADO
MAX 32 OR BELOW: 0 0.01 INCH OR MORE: 4
MAX 90 OR ABOVE: 3 0.10 INCH OR MORE: 3
MIN 32 OR BELOW: 0 0.50 INCH OR MORE: 2
MIN 0 OR BELOW: 0 1.00 INCH OR MORE: 2
[HDD (BASE 65) ]
TOTAL THIS MO. 69 CLEAR (SCALE 0-3) 25
DPTR FM NORMAL -21 PTCLDY (SCALE 4-7) 4
TOTAL FM JUL 1 69 CLOUDY (SCALE 8-10) 2
DPTR FM NORMAL -27
[CDD (BASE 65) ]
TOTAL THIS MO. 123
DPTR FM NORMAL 19 [PRESSURE DATA]
TOTAL FM JAN 1 3175 HIGHEST SLP M ON M
DPTR FM NORMAL 798 LOWEST SLP M ON M
[REMARKS]
#FINAL-10-22#