000
CXUS54 KMAF 011952
CF6GDP
PRELIMINARY LOCAL CLIMATOLOGICAL DATA (WS FORM: F-6)
STATION: GUADALUPE PASS
MONTH: JULY
YEAR: 2022
LATITUDE: 31 49 N
LONGITUDE: 104 48 W
TEMPERATURE IN F: :PCPN: SNOW: WIND :SUNSHINE: SKY :PK WND
================================================================================
1 2 3 4 5 6A 6B 7 8 9 10 11 12 13 14 15 16 17 18
12Z AVG MX 2MIN
DY MAX MIN AVG DEP HDD CDD WTR SNW DPTH SPD SPD DIR MIN PSBL S-S WX SPD DR
================================================================================
1 90 71 81 3 0 16 0.00 0.0 0 11.1 23 70 M M 1 30 50
2 88 72 80 2 0 15 0.00 0.0 0 10.1 21 70 M M 1 28 160
3 87 70 79 1 0 14 0.00 0.0 0 11.3 26 70 M M 1 28 80
4 91 67 79 1 0 14 T 0.0 0 13.1 28 70 M M 2 8 36 190
5 88 63 76 -2 0 11 0.28 0.0 0 13.0 22 240 M M 3 1 30 250
6 90 66 78 0 0 13 0.00 0.0 0 13.7 35 250 M M 2 39 250
7 93 70 82 4 0 17 0.05 M M 8.9 25 40 M M 5 30 60
8 86 67 77 -1 0 12 0.00 0.0 0 12.8 26 70 M M 1 31 70
9 91 69 80 2 0 15 0.17 0.0 0 15.3 36 70 M M 2 8 49 330
10 89 71 80 2 0 15 0.00 0.0 0 10.5 20 70 M M 0 24 80
11 92 76 84 6 0 19 0.00 0.0 0 8.5 24 80 M M 0 29 80
12 89 72 81 3 0 16 0.00 0.0 0 22.0 39 50 M M 0 8 45 50
13 89 69 79 2 0 14 0.00 0.0 0 17.3 25 70 M M 1 30 70
14 90 69 80 3 0 15 0.00 0.0 0 10.5 26 50 M M 0 8 32 40
15 91 69 80 3 0 15 0.00 0.0 0 13.4 28 70 M M 1 8 33 70
16 89 72 81 4 0 16 0.00 0.0 0 11.8 25 60 M M 0 31 80
17 89 71 80 3 0 15 0.00 0.0 0 17.3 32 70 M M 0 37 80
18 92 71 82 5 0 17 0.00 0.0 0 15.4 31 80 M M 0 8 38 80
19 100 77 89 12 0 24 0.00 0.0 0 10.4 21 80 M M 0 24 80
20 98 77 88 11 0 23 0.00 0.0 0 13.8 26 70 M M 0 33 80
21 93 76 85 8 0 20 0.00 0.0 0 14.5 24 50 M M 0 28 80
22 92 71 82 5 0 17 0.12 0.0 0 13.1 46 40 M M 1 51 30
23 91 73 82 5 0 17 0.00 0.0 0 13.4 31 50 M M 0 39 80
24 88 69 79 2 0 14 T 0.0 0 12.8 29 50 M M 2 33 50
25 93 67 80 3 0 15 M M M 12.6 18 250 M M 1 33 240
26 95 67 81 4 0 16 0.00 0.0 0 12.2 33 210 M M 0 43 200
27 93 66 80 3 0 15 T 0.0 0 14.4 25 250 M M 2 33 250
28 89 70 80 3 0 15 0.00 0.0 0 18.5 29 70 M M 0 8 34 80
29 87 71 79 2 0 14 0.01 0.0 0 10.4 25 150 M M 2 32 150
30 92 72 82 5 0 17 0.00 0.0 0 9.3 24 70 M M 1 30 50
31 96 72 84 7 0 19 0.00 0.0 0 10.5 23 50 M M 2 27 50
================================================================================
SM 2821 2183 0 495 0.63 0.0 401.9 M 31
================================================================================
AV 91.0 70.4 13.0 FASTST M M 1 MAX(MPH)
MISC ----> 46 40 51 30
================================================================================
NOTES:
# LAST OF SEVERAL OCCURRENCES
COLUMN 17 PEAK WIND IN M.P.H.
PRELIMINARY LOCAL CLIMATOLOGICAL DATA (WS FORM: F-6) , PAGE 2
STATION: GUADALUPE PASS
MONTH: JULY
YEAR: 2022
LATITUDE: 31 49 N
LONGITUDE: 104 48 W
[TEMPERATURE DATA] [PRECIPITATION DATA] SYMBOLS USED IN COLUMN 16
AVERAGE MONTHLY: 80.7 TOTAL FOR MONTH: 0.63 1 = FOG OR MIST
DPTR FM NORMAL: 3.2 DPTR FM NORMAL: -1.24 2 = FOG REDUCING VISIBILITY
HIGHEST: 100 ON 19 GRTST 24HR 0.28 ON 5- 5 TO 1/4 MILE OR LESS
LOWEST: 63 ON 5 3 = THUNDER
SNOW, ICE PELLETS, HAIL 4 = ICE PELLETS
TOTAL MONTH: 0.0 INCH 5 = HAIL
GRTST 24HR 0.0 6 = FREEZING RAIN OR DRIZZLE
GRTST DEPTH: 0 7 = DUSTSTORM OR SANDSTORM:
VSBY 1/2 MILE OR LESS
8 = SMOKE OR HAZE
[NO. OF DAYS WITH] [WEATHER - DAYS WITH] 9 = BLOWING SNOW
X = TORNADO
MAX 32 OR BELOW: 0 0.01 INCH OR MORE: 5
MAX 90 OR ABOVE: 19 0.10 INCH OR MORE: 3
MIN 32 OR BELOW: 0 0.50 INCH OR MORE: 0
MIN 0 OR BELOW: 0 1.00 INCH OR MORE: 0
[HDD (BASE 65) ]
TOTAL THIS MO. 0 CLEAR (SCALE 0-3) 29
DPTR FM NORMAL -2 PTCLDY (SCALE 4-7) 2
TOTAL FM JUL 1 0 CLOUDY (SCALE 8-10) 0
DPTR FM NORMAL 0
[CDD (BASE 65) ]
TOTAL THIS MO. 495
DPTR FM NORMAL 106 [PRESSURE DATA]
TOTAL FM JAN 1 1290 HIGHEST SLP 30.14 ON 9
DPTR FM NORMAL 246 LOWEST SLP 29.77 ON 25
[REMARKS]
#FINAL-07-22#