000
CXUS55 KRIW 011110
CF6GEY
PRELIMINARY LOCAL CLIMATOLOGICAL DATA (WS FORM: F-6)
STATION: GREYBULL WY
MONTH: JANUARY
YEAR: 2023
LATITUDE: 44 30 N
LONGITUDE: 108 4 W
TEMPERATURE IN F: :PCPN: SNOW: WIND :SUNSHINE: SKY :PK WND
================================================================================
1 2 3 4 5 6A 6B 7 8 9 10 11 12 13 14 15 16 17 18
12Z AVG MX 2MIN
DY MAX MIN AVG DEP HDD CDD WTR SNW DPTH SPD SPD DIR MIN PSBL S-S WX SPD DR
================================================================================
1 30 14 22 5 43 0 0.00 M M 1.9 7 350 M M 7 8 120
2 26 21 24 7 41 0 0.02 M M 2.1 7 120 M M 9 12 8 130
3 30 16 23 6 42 0 0.00 M M 2.4 9 130 M M 10 12 11 130
4 29 5 17 0 48 0 0.00 M M 4.5 10 180 M M 1 1 13 160
5 23 -3 10 -7 55 0 0.00 M M 3.3 9 330 M M 0 11 330
6 25 4 15 -2 50 0 0.00 M M 2.5 9 260 M M 3 11 130
7 29 0 15 -2 50 0 0.00 M M 2.4 8 100 M M 0 11 110
8 25 3 14 -3 51 0 0.00 M M 3.6 9 330 M M 0 10 330
9 37 5 21 4 44 0 0.00 M M 3.1 9 310 M M 1 11 190
10 43 14 29 12 36 0 0.00 M M 3.6 10 100 M M 1 14 120
11 35 17 26 9 39 0 0.00 M M 2.8 10 110 M M 2 13 100
12 36 10 23 6 42 0 0.00 M M 3.8 10 180 M M 1 128 14 160
13 39 13 26 9 39 0 0.00 M M 2.4 8 140 M M 0 11 110
14 39 16 28 11 37 0 0.00 M M 1.7 9 350 M M 1 10 350
15 33 11 22 5 43 0 0.00 M M 2.7 8 250 M M 4 10 250
16 41 18 30 13 35 0 0.00 M M 2.3 8 200 M M 7 10 210
17 33 13 23 6 42 0 0.00 M M 2.3 8 320 M M 8 1 9 170
18 32 8 20 3 45 0 0.00 M M 2.1 9 320 M M 5 128 10 100
19 31 5 18 1 47 0 0.00 M M 1.9 9 240 M M 2 10 240
20 33 6 20 3 45 0 0.00 M M 2.2 9 310 M M 2 10 200
21 33 10 22 5 43 0 0.00 M M 1.8 10 90 M M 8 13 110
22 30 12 21 3 44 0 T M M 2.7 9 260 M M 9 10 260
23 35 14 25 7 40 0 0.00 M M 4.7 17 130 M M 6 23 130
24 36 8 22 4 43 0 T M M 5.4 16 300 M M 4 1 M M
25 36 24 30 12 35 0 T M M 10.0 24 330 M M 10 1 31 320
26 37 24 31 13 34 0 0.02 M M 3.6 12 140 M M 10 1 17 280
27 34 28 31 13 34 0 0.02 M M 5.1 18 320 M M 10 1 23 320
28 29 2 16 -2 49 0 0.04 M M 14.0 36 330 M M 10 12 43 330
29 2 -24 -11 -29 76 0 T M M 7.2 16 290 M M 6 18 22 300
30 -7 -34 -20 -38 85 0 T M M 2.7 8 110 M M 0 18 11 110
31 9 -30 -10 -29 75 0 0.00 M M 1.6 10 100 M M 2 13 100
================================================================================
SM 923 230 1432 0 0.10 M 112.4 M 139
================================================================================
AV 29.8 7.4 3.6 FASTST M M 4 MAX(MPH)
MISC ----> 36 330 43 330
================================================================================
NOTES:
# LAST OF SEVERAL OCCURRENCES
COLUMN 17 PEAK WIND IN M.P.H.
PRELIMINARY LOCAL CLIMATOLOGICAL DATA (WS FORM: F-6) , PAGE 2
STATION: GREYBULL WY
MONTH: JANUARY
YEAR: 2023
LATITUDE: 44 30 N
LONGITUDE: 108 4 W
[TEMPERATURE DATA] [PRECIPITATION DATA] SYMBOLS USED IN COLUMN 16
AVERAGE MONTHLY: 18.6 TOTAL FOR MONTH: 0.10 1 = FOG OR MIST
DPTR FM NORMAL: 1.1 DPTR FM NORMAL: -0.05 2 = FOG REDUCING VISIBILITY
HIGHEST: 43 ON 10 GRTST 24HR 0.53 ON 11-11 TO 1/4 MILE OR LESS
LOWEST: -34 ON 30 3 = THUNDER
SNOW, ICE PELLETS, HAIL 4 = ICE PELLETS
TOTAL MONTH: M 5 = HAIL
GRTST 24HR M ON M 6 = FREEZING RAIN OR DRIZZLE
GRTST DEPTH: M ON M 7 = DUSTSTORM OR SANDSTORM:
VSBY 1/2 MILE OR LESS
8 = SMOKE OR HAZE
[NO. OF DAYS WITH] [WEATHER - DAYS WITH] 9 = BLOWING SNOW
X = TORNADO
MAX 32 OR BELOW: 15 0.01 INCH OR MORE: 4
MAX 90 OR ABOVE: 0 0.10 INCH OR MORE: 0
MIN 32 OR BELOW: 31 0.50 INCH OR MORE: 0
MIN 0 OR BELOW: 5 1.00 INCH OR MORE: 0
[HDD (BASE 65) ]
TOTAL THIS MO. 1432 CLEAR (SCALE 0-3) 15
DPTR FM NORMAL -42 PTCLDY (SCALE 4-7) 9
TOTAL FM JUL 1 4912 CLOUDY (SCALE 8-10) 7
DPTR FM NORMAL 242
[CDD (BASE 65) ]
TOTAL THIS MO. 0
DPTR FM NORMAL 0 [PRESSURE DATA]
TOTAL FM JAN 1 0 HIGHEST SLP 30.71 ON 30
DPTR FM NORMAL 0 LOWEST SLP 29.53 ON 15
[REMARKS]
#FINAL-01-23#