000
CXUS55 KRIW 011010
CF6GEY
PRELIMINARY LOCAL CLIMATOLOGICAL DATA (WS FORM: F-6)
STATION: GREYBULL WY
MONTH: APRIL
YEAR: 2022
LATITUDE: 44 30 N
LONGITUDE: 108 4 W
TEMPERATURE IN F: :PCPN: SNOW: WIND :SUNSHINE: SKY :PK WND
================================================================================
1 2 3 4 5 6A 6B 7 8 9 10 11 12 13 14 15 16 17 18
12Z AVG MX 2MIN
DY MAX MIN AVG DEP HDD CDD WTR SNW DPTH SPD SPD DIR MIN PSBL S-S WX SPD DR
================================================================================
1 53 27 40 -3 25 0 0.00 M M 6.8 29 320 M M 3 37 310
2 65 25 45 1 20 0 0.00 M M 11.6 46 320 M M 1 8 69 310
3 56 31 44 0 21 0 0.00 M M 7.7 18 340 M M 0 23 330
4 61 24 43 -1 22 0 0.02 M M 10.3 38 330 M M 3 1 47 330
5 47 28 38 -6 27 0 0.03 M M 17.2 41 340 M M 5 1 54 340
6 51 31 41 -3 24 0 0.00 M M 20.2 39 330 M M 5 52 340
7 57 25 41 -4 24 0 0.00 M M 8.5 20 340 M M 0 26 350
8 72 22 47 2 18 0 0.00 M M 4.6 15 130 M M 0 23 150
9 58 34 46 1 19 0 0.00 M M 17.3 33 340 M M 3 44 340
10 43 31 37 -8 28 0 T M M 10.6 29 330 M M 8 18 39 320
11 50 27 39 -6 26 0 0.01 M M 5.5 18 300 M M 6 1 21 310
12 34 13 24 -22 41 0 0.20 M M 27.9 48 330 M M 7 1289 66 340
13 29 11 20 -26 45 0 0.00 M M 13.2 23 330 M M 5 31 310
14 36 17 27 -19 38 0 0.00 M M 6.6 22 310 M M 8 8 27 320
15 33 17 25 -21 40 0 T M M 10.2 23 320 M M 8 18 30 330
16 53 16 35 -12 30 0 0.00 M M 6.8 25 300 M M 3 33 290
17 48 31 40 -7 25 0 0.00 M M 13.9 26 340 M M 5 38 330
18 61 26 44 -3 21 0 0.00 M M 7.2 18 150 M M 2 25 150
19 66 37 52 5 13 0 0.00 M M 13.4 33 290 M M 0 44 290
20 60 29 45 -3 20 0 0.00 M M 5.8 23 300 M M 3 31 300
21 73 25 49 1 16 0 0.00 M M 9.2 33 320 M M 2 43 320
22 63 35 49 1 16 0 0.08 M M 19.4 46 340 M M 7 1 59 330
23 41 35 38 -10 27 0 0.25 M M 28.3 45 330 M M 10 1 56 320
24 52 34 43 -6 22 0 T M M 15.9 28 340 M M 3 37 330
25 61 27 44 -5 21 0 0.00 M M 5.8 17 150 M M 1 24 130
26 73 32 53 3 12 0 0.00 M M 9.7 28 300 M M 1 38 300
27 72 34 53 3 12 0 0.00 M M 7.1 39 290 M M 2 3 54 290
28 64 37 51 1 14 0 0.29 M M 8.8 39 290 M M 3 1 59 300
29 47 39 43 -7 22 0 0.67 M M 20.6 41 320 M M 7 1 54 320
30 57 32 45 -6 20 0 0.00 M M 5.1 16 300 M M 0 1 22 310
================================================================================
SM 1636 832 709 0 1.55 M 355.2 M 111
================================================================================
AV 54.5 27.7 11.8 FASTST M M 4 MAX(MPH)
MISC ----> 48 330 69 310
================================================================================
NOTES:
# LAST OF SEVERAL OCCURRENCES
COLUMN 17 PEAK WIND IN M.P.H.
PRELIMINARY LOCAL CLIMATOLOGICAL DATA (WS FORM: F-6) , PAGE 2
STATION: GREYBULL WY
MONTH: APRIL
YEAR: 2022
LATITUDE: 44 30 N
LONGITUDE: 108 4 W
[TEMPERATURE DATA] [PRECIPITATION DATA] SYMBOLS USED IN COLUMN 16
AVERAGE MONTHLY: 41.1 TOTAL FOR MONTH: 1.55 1 = FOG OR MIST
DPTR FM NORMAL: -5.6 DPTR FM NORMAL: 1.02 2 = FOG REDUCING VISIBILITY
HIGHEST: 73 ON 26,21 GRTST 24HR 0.96 ON 28-29 TO 1/4 MILE OR LESS
LOWEST: 11 ON 13 3 = THUNDER
SNOW, ICE PELLETS, HAIL 4 = ICE PELLETS
TOTAL MONTH: M 5 = HAIL
GRTST 24HR M ON M 6 = FREEZING RAIN OR DRIZZLE
GRTST DEPTH: M ON M 7 = DUSTSTORM OR SANDSTORM:
VSBY 1/2 MILE OR LESS
8 = SMOKE OR HAZE
[NO. OF DAYS WITH] [WEATHER - DAYS WITH] 9 = BLOWING SNOW
X = TORNADO
MAX 32 OR BELOW: 1 0.01 INCH OR MORE: 8
MAX 90 OR ABOVE: 0 0.10 INCH OR MORE: 4
MIN 32 OR BELOW: 22 0.50 INCH OR MORE: 1
MIN 0 OR BELOW: 0 1.00 INCH OR MORE: 0
[HDD (BASE 65) ]
TOTAL THIS MO. 709 CLEAR (SCALE 0-3) 16
DPTR FM NORMAL 159 PTCLDY (SCALE 4-7) 11
TOTAL FM JUL 1 6896 CLOUDY (SCALE 8-10) 3
DPTR FM NORMAL -317
[CDD (BASE 65) ]
TOTAL THIS MO. 0
DPTR FM NORMAL -1 [PRESSURE DATA]
TOTAL FM JAN 1 0 HIGHEST SLP 30.58 ON 7
DPTR FM NORMAL -1 LOWEST SLP 29.31 ON 4
[REMARKS]
#FINAL-04-22#