000
CXUS55 KGGW 010810
CF6GGW
PRELIMINARY LOCAL CLIMATOLOGICAL DATA (WS FORM: F-6)
STATION: GLASGOW MT
MONTH: JUNE
YEAR: 2021
LATITUDE: 48 13 N
LONGITUDE: 106 37 W
TEMPERATURE IN F: :PCPN: SNOW: WIND :SUNSHINE: SKY :PK WND
================================================================================
1 2 3 4 5 6A 6B 7 8 9 10 11 12 13 14 15 16 17 18
12Z AVG MX 2MIN
DY MAX MIN AVG DEP HDD CDD WTR SNW DPTH SPD SPD DIR MIN PSBL S-S WX SPD DR
================================================================================
1 86 45 66 5 0 1 0.00 0.0 0 8.3 20 350 M M 0 25 330
2 93 51 72 11 0 7 0.00 0.0 0 5.9 14 280 M M 1 22 240
3 100 59 80 19 0 15 0.00 0.0 0 6.3 16 260 M M 0 23 240
4 99 66 83 21 0 18 T 0.0 0 9.2 25 300 M M 1 3 36 280
5 94 61 78 16 0 13 0.04 0.0 0 10.1 25 270 M M 3 32 270
6 75 54 65 3 0 0 0.00 0.0 0 15.2 31 280 M M 2 52 300
7 81 54 68 6 0 3 0.01 0.0 0 9.2 18 360 M M 3 25 330
8 81 59 70 7 0 5 0.17 0.0 0 21.7 47 40 M M 2 3 70 50
9 83 54 69 6 0 4 0.00 0.0 0 13.0 32 90 M M 1 1 40 90
10 93 60 77 14 0 12 0.02 0.0 0 21.3 39 310 M M 3 8 56 300
11 75 53 64 1 1 0 0.16 0.0 0 17.7 31 280 M M 3 1 42 270
12 89 47 68 4 0 3 0.00 0.0 0 11.4 29 290 M M 1 36 300
13 88 50 69 5 0 4 0.00 0.0 0 9.8 20 110 M M 0 8 26 120
14 96 63 80 16 0 15 0.00 0.0 0 23.0 33 120 M M 0 44 120
15 103 73 88 24 0 23 0.00 0.0 0 21.3 30 110 M M 0 40 130
16 83 60 72 7 0 7 0.00 0.0 0 17.8 36 320 M M 0 49 320
17 84 52 68 3 0 3 0.00 0.0 0 9.7 23 290 M M 0 30 300
18 83 52 68 3 0 3 0.00 0.0 0 11.4 21 290 M M 0 31 330
19 90 54 72 7 0 7 0.00 0.0 0 11.6 26 30 M M 2 38 360
20 78 52 65 -1 0 0 0.00 0.0 0 13.8 28 350 M M 4 45 330
21 82 45 64 -2 1 0 0.00 0.0 0 6.0 16 280 M M 1 26 270
22 95 54 75 9 0 10 0.00 0.0 0 7.9 18 290 M M 0 27 300
23 90 61 76 10 0 11 0.00 0.0 0 11.1 29 10 M M 0 38 10
24 90 62 76 10 0 11 0.04 0.0 0 14.6 31 320 M M 5 42 320
25 84 55 70 3 0 5 0.00 0.0 0 6.2 16 290 M M 6 22 290
26 86 61 74 7 0 9 0.01 0.0 0 12.3 25 330 M M 6 35 10
27 89 61 75 8 0 10 0.00 0.0 0 12.7 25 20 M M 2 38 20
28 86 56 71 3 0 6 0.00 0.0 0 6.9 15 110 M M 1 26 170
29 96 60 78 10 0 13 0.00 0.0 0 10.0 16 100 M M 0 20 110
30 96 61 79 11 0 14 0.00 0.0 0 12.7 23 80 M M 0 32 70
================================================================================
SM 2648 1695 2 232 0.45 0.0 368.1 M 47
================================================================================
AV 88.3 56.5 12.3 FASTST M M 2 MAX(MPH)
MISC ----> 47 40 70 50
================================================================================
NOTES:
# LAST OF SEVERAL OCCURRENCES
COLUMN 17 PEAK WIND IN M.P.H.
PRELIMINARY LOCAL CLIMATOLOGICAL DATA (WS FORM: F-6) , PAGE 2
STATION: GLASGOW MT
MONTH: JUNE
YEAR: 2021
LATITUDE: 48 13 N
LONGITUDE: 106 37 W
[TEMPERATURE DATA] [PRECIPITATION DATA] SYMBOLS USED IN COLUMN 16
AVERAGE MONTHLY: 72.4 TOTAL FOR MONTH: 0.45 1 = FOG OR MIST
DPTR FM NORMAL: 7.9 DPTR FM NORMAL: -2.38 2 = FOG REDUCING VISIBILITY
HIGHEST: 103 ON 15 GRTST 24HR 0.17 ON 8- 8 TO 1/4 MILE OR LESS
LOWEST: 45 ON 21, 1 3 = THUNDER
SNOW, ICE PELLETS, HAIL 4 = ICE PELLETS
TOTAL MONTH: 0.0 INCH 5 = HAIL
GRTST 24HR 0.0 6 = FREEZING RAIN OR DRIZZLE
GRTST DEPTH: 0 7 = DUSTSTORM OR SANDSTORM:
VSBY 1/2 MILE OR LESS
8 = SMOKE OR HAZE
[NO. OF DAYS WITH] [WEATHER - DAYS WITH] 9 = BLOWING SNOW
X = TORNADO
MAX 32 OR BELOW: 0 0.01 INCH OR MORE: 7
MAX 90 OR ABOVE: 13 0.10 INCH OR MORE: 2
MIN 32 OR BELOW: 0 0.50 INCH OR MORE: 0
MIN 0 OR BELOW: 0 1.00 INCH OR MORE: 0
[HDD (BASE 65) ]
TOTAL THIS MO. 2 CLEAR (SCALE 0-3) 26
DPTR FM NORMAL -86 PTCLDY (SCALE 4-7) 4
TOTAL FM JUL 1 7556 CLOUDY (SCALE 8-10) 0
DPTR FM NORMAL -689
[CDD (BASE 65) ]
TOTAL THIS MO. 232
DPTR FM NORMAL 159 [PRESSURE DATA]
TOTAL FM JAN 1 245 HIGHEST SLP M ON M
DPTR FM NORMAL 156 LOWEST SLP 29.40 ON 5
[REMARKS]
#FINAL-06-21#