000
CXUS54 KFWD 010730
CF6GLE
PRELIMINARY LOCAL CLIMATOLOGICAL DATA (WS FORM: F-6)
STATION: GAINESVILLE
MONTH: MAY
YEAR: 2021
LATITUDE: 33 39 N
LONGITUDE: 97 12 W
TEMPERATURE IN F: :PCPN: SNOW: WIND :SUNSHINE: SKY :PK WND
================================================================================
1 2 3 4 5 6A 6B 7 8 9 10 11 12 13 14 15 16 17 18
12Z AVG MX 2MIN
DY MAX MIN AVG DEP HDD CDD WTR SNW DPTH SPD SPD DIR MIN PSBL S-S WX SPD DR
================================================================================
1 70 60 65 -1 0 0 0.00 M M 5.5 12 110 M M 10 1 M M
2 77 62 70 4 0 5 0.00 M M 6.1 12 150 M M 6 M M
3 86 64 75 8 0 10 0.00 M M 6.3 17 160 M M 3 17 190
4 70 51 61 -6 4 0 0.00 M M 10.0 17 330 M M 5 25 350
5 73 45 59 -8 6 0 0.00 M M 2.1 8 120 M M 0 M M
6 79 55 67 -1 0 2 M M M 3.5 8 350 M M 3 M M
7 82 54 68 0 0 3 0.00 M M 8.4 18 190 M M 0 24 170
8 84 60 72 4 0 7 0.00 M M 15.0 23 180 M M 1 31 170
9 77 56 67 -1 0 2 0.00 M M 10.7 22 190 M M 6 30 190
10 57 52 55 -14 10 0 0.01 M M 8.5 12 40 M M 10 1 21 30
11 57 53 55 -14 10 0 0.68 M M 8.5 12 10 M M 10 1 17 30
12 64 53 59 -10 6 0 0.00 M M 6.5 10 360 M M 9 1 M M
13 71 51 61 -8 4 0 0.00 M M 3.0 8 70 M M 7 M M
14 76 49 63 -7 2 0 0.00 M M 7.0 16 160 M M 2 21 160
15 79 58 69 -1 0 4 0.00 M M 9.9 18 190 M M 3 24 180
16 74 61 68 -2 0 3 1.42 M M 10.5 17 150 M M 8 28 150
17 80 63 72 2 0 7 0.43 M M 5.9 17 260 M M 3 31 260
18 72 61 67 -4 0 2 0.55 M M 6.4 16 80 M M 8 3 25 270
19 78 63 71 0 0 6 0.00 M M 5.5 10 130 M M 5 M M
20 75 66 71 0 0 6 0.00 M M 4.8 8 110 M M 4 M M
21 82 66 74 2 0 9 0.00 M M 8.9 15 130 M M 8 20 120
22 74 68 71 -1 0 6 0.07 M M 9.9 14 140 M M 10 22 130
23 74 65 70 -2 0 5 0.07 M M 6.5 13 160 M M 7 18 170
24 71 65 68 -4 0 3 0.49 M M 7.6 16 120 M M 9 21 120
25 76 65 71 -2 0 6 0.21 M M 6.6 16 200 M M 7 24 200
26 87 68 78 5 0 13 0.00 M M 6.7 10 160 M M 5 M M
27 86 65 76 3 0 11 1.00 M M 10.5 20 30 M M 7 28 30
28 76 65 71 -3 0 6 0.26 M M 5.5 12 100 M M 9 1 M M
29 79 60 70 -4 0 5 0.00 M M 6.3 10 40 M M 3 16 40
30 74 58 66 -8 0 1 0.00 M M 8.2 13 130 M M 6 17 120
31 71 60 66 -8 0 1 1.13 M M 6.6 14 130 M M 9 18 110
================================================================================
SM 2331 1842 42 123 6.32 M 227.6 M 183
================================================================================
AV 75.2 59.4 7.3 FASTST M M 6 MAX(MPH)
MISC ----> 23 180 31 170
================================================================================
NOTES:
# LAST OF SEVERAL OCCURRENCES
COLUMN 17 PEAK WIND IN M.P.H.
PRELIMINARY LOCAL CLIMATOLOGICAL DATA (WS FORM: F-6) , PAGE 2
STATION: GAINESVILLE
MONTH: MAY
YEAR: 2021
LATITUDE: 33 39 N
LONGITUDE: 97 12 W
[TEMPERATURE DATA] [PRECIPITATION DATA] SYMBOLS USED IN COLUMN 16
AVERAGE MONTHLY: 67.3 TOTAL FOR MONTH: 6.32 1 = FOG OR MIST
DPTR FM NORMAL: -3.0 DPTR FM NORMAL: 0.98 2 = FOG REDUCING VISIBILITY
HIGHEST: 87 ON 26 GRTST 24HR 1.42 ON 16-16 TO 1/4 MILE OR LESS
LOWEST: 45 ON 5 3 = THUNDER
SNOW, ICE PELLETS, HAIL 4 = ICE PELLETS
TOTAL MONTH: M 5 = HAIL
GRTST 24HR M ON M 6 = FREEZING RAIN OR DRIZZLE
GRTST DEPTH: M ON M 7 = DUSTSTORM OR SANDSTORM:
VSBY 1/2 MILE OR LESS
8 = SMOKE OR HAZE
[NO. OF DAYS WITH] [WEATHER - DAYS WITH] 9 = BLOWING SNOW
X = TORNADO
MAX 32 OR BELOW: 0 0.01 INCH OR MORE: 12
MAX 90 OR ABOVE: 0 0.10 INCH OR MORE: 9
MIN 32 OR BELOW: 0 0.50 INCH OR MORE: 5
MIN 0 OR BELOW: 0 1.00 INCH OR MORE: 3
[HDD (BASE 65) ]
TOTAL THIS MO. 42 CLEAR (SCALE 0-3) 6
DPTR FM NORMAL 16 PTCLDY (SCALE 4-7) 16
TOTAL FM JUL 1 2889 CLOUDY (SCALE 8-10) 9
DPTR FM NORMAL -11
[CDD (BASE 65) ]
TOTAL THIS MO. 123
DPTR FM NORMAL -68 [PRESSURE DATA]
TOTAL FM JAN 1 169 HIGHEST SLP M ON M
DPTR FM NORMAL -92 LOWEST SLP M ON M
[REMARKS]
#FINAL-05-21#